000
CDUS42 KJAX 300533
CLIJAX


CLIMATE REPORT
NATIONAL WEATHER SERVICE JACKSONVILLE FL
133 AM EDT MON MAR 30 2015


...................................

...THE JACKSONVILLE CLIMATE SUMMARY FOR MARCH 29 2015...

CLIMATE NORMAL PERIOD 1981 TO 2010
CLIMATE RECORD PERIOD 1871 TO 2015


WEATHER ITEM   OBSERVED TIME   RECORD YEAR NORMAL DEPARTURE LAST
                VALUE   (LST)  VALUE       VALUE  FROM      YEAR
                                                  NORMAL
..................................................................
TEMPERATURE (F)
 YESTERDAY
  MAXIMUM         62    152 PM  89    1991  76    -14       79
                                      1907
  MINIMUM         39    645 AM  34    1955  52    -13       63
  AVERAGE         51                        64    -13       71

PRECIPITATION (IN)
  YESTERDAY        0.00          1.92 1873   0.12  -0.12     0.56
  MONTH TO DATE    2.29                      3.71  -1.42     4.65
  SINCE MAR 1      2.29                      3.71  -1.42     4.65
  SINCE JAN 1      8.69                     10.20  -1.51    14.36

SNOWFALL (IN)
  YESTERDAY        0.0           0.0  2002   0.0    0.0      0.0
                                      2001
  MONTH TO DATE    0.0                       0.0    0.0      0.0
  SINCE MAR 1      0.0                       0.0    0.0      0.0
  SINCE JUL 1      T                         T      0.0      0.0
  SNOW DEPTH       0

DEGREE DAYS
 HEATING
  YESTERDAY       14                         3     11        0
  MONTH TO DATE   81                       150    -69      188
  SINCE MAR 1     81                       150    -69      188
  SINCE JUL 1   1329                      1283     46     1265

 COOLING
  YESTERDAY        0                         2     -2        6
  MONTH TO DATE  100                        50     50       28
  SINCE MAR 1    100                        50     50       28
  SINCE JAN 1    113                        79     34       58
..................................................................


WIND (MPH)
  HIGHEST WIND SPEED    17   HIGHEST WIND DIRECTION    NE (30)
  HIGHEST GUST SPEED    23   HIGHEST GUST DIRECTION    NE (60)
  AVERAGE WIND SPEED     6.7


SKY COVER
  POSSIBLE SUNSHINE  MM
  AVERAGE SKY COVER 0.2


WEATHER CONDITIONS
 THE FOLLOWING WEATHER WAS RECORDED YESTERDAY.
  NO SIGNIFICANT WEATHER WAS OBSERVED.


RELATIVE HUMIDITY (PERCENT)
 HIGHEST    92           100 AM
 LOWEST     30          1100 AM
 AVERAGE    61

..........................................................


THE JACKSONVILLE CLIMATE NORMALS FOR TODAY
                         NORMAL    RECORD    YEAR
 MAXIMUM TEMPERATURE (F)   76        89      1961
 MINIMUM TEMPERATURE (F)   52        36      1964


SUNRISE AND SUNSET
MARCH 30 2015.........SUNRISE   719 AM EDT   SUNSET   744 PM EDT
MARCH 31 2015.........SUNRISE   717 AM EDT   SUNSET   745 PM EDT


-  INDICATES NEGATIVE NUMBERS.
R  INDICATES RECORD WAS SET OR TIED.
MM INDICATES DATA IS MISSING.
T  INDICATES TRACE AMOUNT.




$$
