000
CDUS42 KJAX 220627
CLIJAX


CLIMATE REPORT
NATIONAL WEATHER SERVICE JACKSONVILLE FL
126 AM EST MON JAN 22 2018


...................................

...THE JACKSONVILLE CLIMATE SUMMARY FOR JANUARY 21 2018...

CLIMATE NORMAL PERIOD 1981 TO 2010
CLIMATE RECORD PERIOD 1871 TO 2018


WEATHER ITEM   OBSERVED TIME   RECORD YEAR NORMAL DEPARTURE LAST
                VALUE   (LST)  VALUE       VALUE  FROM      YEAR
                                                  NORMAL
..................................................................
TEMPERATURE (F)
 YESTERDAY
  MAXIMUM         71    347 PM  84    2017  65      6       84
  MINIMUM         43    818 AM   7    1985  41      2       62
  AVERAGE         57                        53      4       73

PRECIPITATION (IN)
  YESTERDAY        T             1.71 2010   0.12  -0.12     0.62
  MONTH TO DATE    1.43                      2.14  -0.71     3.14
  SINCE DEC 1      3.85                      4.94  -1.09     5.43
  SINCE JAN 1      1.43                      2.14  -0.71     3.14

SNOWFALL (IN)
  YESTERDAY       MM             T    1985   0.0   MM        0.0
  MONTH TO DATE    0.0                       0.0    0.0      0.0
  SINCE DEC 1      0.0                       T      0.0      0.0
  SINCE JUL 1      0.0                       T      0.0      0.0
  SNOW DEPTH       0

DEGREE DAYS
 HEATING
  YESTERDAY        8                        12     -4        0
  MONTH TO DATE  364                       265     99      103
  SINCE DEC 1    614                       588     26      283
  SINCE JUL 1    710                       761    -51      413

 COOLING
  YESTERDAY        0                         0      0        8
  MONTH TO DATE    9                         0      9       31
  SINCE DEC 1     53                        21     32       74
  SINCE JAN 1      9                         0      9       31
..................................................................


WIND (MPH)
  HIGHEST WIND SPEED    13   HIGHEST WIND DIRECTION     E (100)
  HIGHEST GUST SPEED    15   HIGHEST GUST DIRECTION     E (80)
  AVERAGE WIND SPEED     3.1


SKY COVER
  POSSIBLE SUNSHINE  MM
  AVERAGE SKY COVER 0.5


WEATHER CONDITIONS
 THE FOLLOWING WEATHER WAS RECORDED YESTERDAY.
  LIGHT RAIN


RELATIVE HUMIDITY (PERCENT)
 HIGHEST    89           800 AM
 LOWEST     27          1100 AM
 AVERAGE    58

..........................................................


THE JACKSONVILLE CLIMATE NORMALS FOR TODAY
                         NORMAL    RECORD    YEAR
 MAXIMUM TEMPERATURE (F)   65        82      1999
 MINIMUM TEMPERATURE (F)   42        16      1985


SUNRISE AND SUNSET
JANUARY 22 2018.......SUNRISE   723 AM EST   SUNSET   554 PM EST
JANUARY 23 2018.......SUNRISE   722 AM EST   SUNSET   555 PM EST


-  INDICATES NEGATIVE NUMBERS.
R  INDICATES RECORD WAS SET OR TIED.
MM INDICATES DATA IS MISSING.
T  INDICATES TRACE AMOUNT.




$$
