000
CDUS42 KJAX 250526
CLIJAX


CLIMATE REPORT
NATIONAL WEATHER SERVICE JACKSONVILLE FL
126 AM EDT SUN JUN 25 2017


...................................

...THE JACKSONVILLE CLIMATE SUMMARY FOR JUNE 24 2017...

CLIMATE NORMAL PERIOD 1981 TO 2010
CLIMATE RECORD PERIOD 1871 TO 2017


WEATHER ITEM   OBSERVED TIME   RECORD YEAR NORMAL DEPARTURE LAST
                VALUE   (LST)  VALUE       VALUE  FROM      YEAR
                                                  NORMAL
..................................................................
TEMPERATURE (F)
 YESTERDAY
  MAXIMUM         94    532 PM 101    1914  91      3       98
  MINIMUM         74    544 AM  63    2003  71      3       74
                                      1947
  AVERAGE         84                        81      3       86

PRECIPITATION (IN)
  YESTERDAY        0.00          4.60 1945   0.23  -0.23     0.00
  MONTH TO DATE    8.56                      5.04   3.52     2.47
  SINCE JUN 1      8.56                      5.04   3.52     2.47
  SINCE JAN 1     24.42                     20.60   3.82    16.93

SNOWFALL (IN)
  YESTERDAY        0.0           0.0  2002   0.0    0.0      0.0
                                      2001
  MONTH TO DATE    0.0                       0.0    0.0      0.0
  SINCE JUN 1      0.0                       0.0    0.0      0.0
  SINCE JUL 1      0.0                       T      0.0      0.0
  SNOW DEPTH       0

DEGREE DAYS
 HEATING
  YESTERDAY        0                         0      0        0
  MONTH TO DATE    0                         0      0        0
  SINCE JUN 1      0                         0      0        0
  SINCE JUL 1    782                      1349   -567      949

 COOLING
  YESTERDAY       19                        16      3       21
  MONTH TO DATE  339                       351    -12      382
  SINCE JUN 1    339                       351    -12      382
  SINCE JAN 1    995                       835    160      959
..................................................................


WIND (MPH)
  HIGHEST WIND SPEED    16   HIGHEST WIND DIRECTION     W (250)
  HIGHEST GUST SPEED    21   HIGHEST GUST DIRECTION     W (250)
  AVERAGE WIND SPEED     5.7


SKY COVER
  POSSIBLE SUNSHINE  MM
  AVERAGE SKY COVER 0.3


WEATHER CONDITIONS
 THE FOLLOWING WEATHER WAS RECORDED YESTERDAY.
  NO SIGNIFICANT WEATHER WAS OBSERVED.


RELATIVE HUMIDITY (PERCENT)
 HIGHEST   100           100 AM
 LOWEST     49           300 PM
 AVERAGE    75

..........................................................


THE JACKSONVILLE CLIMATE NORMALS FOR TODAY
                         NORMAL    RECORD    YEAR
 MAXIMUM TEMPERATURE (F)   91        99      2016
                                             1952
                                             1914
 MINIMUM TEMPERATURE (F)   71        64      1889


SUNRISE AND SUNSET
JUNE 25 2017..........SUNRISE   626 AM EDT   SUNSET   833 PM EDT
JUNE 26 2017..........SUNRISE   626 AM EDT   SUNSET   833 PM EDT


-  INDICATES NEGATIVE NUMBERS.
R  INDICATES RECORD WAS SET OR TIED.
MM INDICATES DATA IS MISSING.
T  INDICATES TRACE AMOUNT.




$$
