000
CDUS42 KJAX 240536
CLIJAX


CLIMATE REPORT
NATIONAL WEATHER SERVICE JACKSONVILLE FL
136 AM EDT TUE OCT 24 2017


...................................

...THE JACKSONVILLE CLIMATE SUMMARY FOR OCTOBER 23 2017...

CLIMATE NORMAL PERIOD 1981 TO 2010
CLIMATE RECORD PERIOD 1871 TO 2017


WEATHER ITEM   OBSERVED TIME   RECORD YEAR NORMAL DEPARTURE LAST
                VALUE   (LST)  VALUE       VALUE  FROM      YEAR
                                                  NORMAL
..................................................................
TEMPERATURE (F)
 YESTERDAY
  MAXIMUM         86    139 PM  88    2007  79      7       73
                                      1981
  MINIMUM         73   1159 PM  40    1976  58     15       45
  AVERAGE         80                        68     12       59

PRECIPITATION (IN)
  YESTERDAY        0.03          3.60 1938   0.08  -0.05     0.00
  MONTH TO DATE    4.01                      3.32   0.69     9.51
  SINCE SEP 1     17.34                     11.51   5.83    13.87
  SINCE JAN 1     65.08                     46.87  18.21    36.21

SNOWFALL (IN)
  YESTERDAY        0.0           0.0  2002   0.0    0.0      0.0
                                      2001
  MONTH TO DATE    0.0                       0.0    0.0      0.0
  SINCE SEP 1      0.0                       0.0    0.0      0.0
  SINCE JUL 1      0.0                       0.0    0.0      0.0
  SNOW DEPTH       0

DEGREE DAYS
 HEATING
  YESTERDAY        0                         1     -1        6
  MONTH TO DATE    0                        11    -11       11
  SINCE SEP 1      0                        11    -11       11
  SINCE JUL 1      0                        11    -11       11

 COOLING
  YESTERDAY       15                         5     10        0
  MONTH TO DATE  309                       166    143      186
  SINCE SEP 1    734                       562    172      615
  SINCE JAN 1   2935                      2552    383     2851
..................................................................


WIND (MPH)
  HIGHEST WIND SPEED    24   HIGHEST WIND DIRECTION     S (170)
  HIGHEST GUST SPEED    31   HIGHEST GUST DIRECTION     S (180)
  AVERAGE WIND SPEED    10.8


SKY COVER
  POSSIBLE SUNSHINE  MM
  AVERAGE SKY COVER 0.8


WEATHER CONDITIONS
 THE FOLLOWING WEATHER WAS RECORDED YESTERDAY.
  THUNDERSTORM
  LIGHT RAIN
  HAZE


RELATIVE HUMIDITY (PERCENT)
 HIGHEST    94          1000 PM
 LOWEST     70           200 PM
 AVERAGE    82

..........................................................


THE JACKSONVILLE CLIMATE NORMALS FOR TODAY
                         NORMAL    RECORD    YEAR
 MAXIMUM TEMPERATURE (F)   79        87      1927
 MINIMUM TEMPERATURE (F)   58        37      2006


SUNRISE AND SUNSET
OCTOBER 24 2017.......SUNRISE   735 AM EDT   SUNSET   646 PM EDT
OCTOBER 25 2017.......SUNRISE   736 AM EDT   SUNSET   645 PM EDT


-  INDICATES NEGATIVE NUMBERS.
R  INDICATES RECORD WAS SET OR TIED.
MM INDICATES DATA IS MISSING.
T  INDICATES TRACE AMOUNT.




$$
