000
CDUS44 KMEG 140738
CLIJBR


CLIMATE REPORT
NATIONAL WEATHER SERVICE MEMPHIS TN
137 AM CST THU DEC 14 2017


...................................

...THE JONESBORO CLIMATE SUMMARY FOR DECEMBER 13 2017...

CLIMATE NORMAL PERIOD 1981 TO 2010
CLIMATE RECORD PERIOD 1897 TO 2017


WEATHER ITEM   OBSERVED TIME   RECORD YEAR NORMAL DEPARTURE LAST
                VALUE   (LST)  VALUE       VALUE  FROM      YEAR
                                                  NORMAL
..................................................................
TEMPERATURE (F)
 YESTERDAY
  MAXIMUM         58    155 PM  74    1927  48     10       48
  MINIMUM         26    236 AM   2    1917  31     -5       34
  AVERAGE         42                        40      2       41

PRECIPITATION (IN)
  YESTERDAY        0.00          3.90 1901   0.14  -0.14     0.00
  MONTH TO DATE    0.23                      2.27  -2.04     1.07
  SINCE DEC 1      0.23                      2.27  -2.04     1.07
  SINCE JAN 1     42.28                     45.60  -3.32    49.17

DEGREE DAYS
 HEATING
  YESTERDAY       23                        25     -2       24
  MONTH TO DATE  262                       309    -47      317
  SINCE DEC 1    262                       309    -47      317
  SINCE JUL 1    806                       959   -153      666

 COOLING
  YESTERDAY        0                         0      0        0
  MONTH TO DATE    0                         0      0        0
  SINCE DEC 1      0                         0      0        0
  SINCE JAN 1   1958                      1827    131     2285
..................................................................


WIND (MPH)
  HIGHEST WIND SPEED    29   HIGHEST WIND DIRECTION    SW (230)
  HIGHEST GUST SPEED    37   HIGHEST GUST DIRECTION     S (200)
  AVERAGE WIND SPEED    11.0


SKY COVER
  POSSIBLE SUNSHINE  MM
  AVERAGE SKY COVER 0.0


WEATHER CONDITIONS
 THE FOLLOWING WEATHER WAS RECORDED YESTERDAY.
  NO SIGNIFICANT WEATHER WAS OBSERVED.


RELATIVE HUMIDITY (PERCENT)
 HIGHEST    69          1200 AM
 LOWEST     30           200 PM
 AVERAGE    50

..........................................................


THE JONESBORO CLIMATE NORMALS FOR TODAY
                         NORMAL    RECORD    YEAR
 MAXIMUM TEMPERATURE (F)   48        72      1929
                                             1906
 MINIMUM TEMPERATURE (F)   31         5      1917


SUNRISE AND SUNSET
DECEMBER 14 2017......SUNRISE   705 AM CST   SUNSET   450 PM CST
DECEMBER 15 2017......SUNRISE   706 AM CST   SUNSET   450 PM CST


-  INDICATES NEGATIVE NUMBERS.
R  INDICATES RECORD WAS SET OR TIED.
MM INDICATES DATA IS MISSING.
T  INDICATES TRACE AMOUNT.




$$
