000
CDUS44 KMEG 250639
CLIJBR


CLIMATE REPORT
NATIONAL WEATHER SERVICE MEMPHIS TN
138 AM CDT WED MAY 25 2016


...................................

...THE JONESBORO CLIMATE SUMMARY FOR MAY 24 2016...

CLIMATE NORMAL PERIOD 1981 TO 2010
CLIMATE RECORD PERIOD 1897 TO 2016


WEATHER ITEM   OBSERVED TIME   RECORD YEAR NORMAL DEPARTURE LAST
                VALUE   (LST)  VALUE       VALUE  FROM      YEAR
                                                  NORMAL
..................................................................
TEMPERATURE (F)
 YESTERDAY
  MAXIMUM         85    211 PM  98    1921  83      2       85
  MINIMUM         64    449 AM  45    1919  61      3       65
                                      1913
  AVERAGE         75                        72      3       75

PRECIPITATION (IN)
  YESTERDAY        6.19R         2.77 2009   0.13   6.06     0.19
  MONTH TO DATE    7.97                      3.89   4.08     6.01
  SINCE MAR 1     25.65                     13.41  12.24    19.15
  SINCE JAN 1     29.58                     20.56   9.02    23.98

SNOWFALL (IN)
  YESTERDAY        0.0          MM      MM   0.0    0.0      0.0
  MONTH TO DATE    0.0                       0.0    0.0      0.0
  SINCE MAR 1      0.0                       0.7   -0.7      7.6
  SINCE JUL 1      0.3                       4.8   -4.5      9.4
  SNOW DEPTH       0

DEGREE DAYS
 HEATING
  YESTERDAY        0                         0      0        0
  MONTH TO DATE   28                        35     -7       48
  SINCE MAR 1    494                       694   -200      765
  SINCE JUL 1   2983                      3650   -667     4013

 COOLING
  YESTERDAY       10                         7      3       10
  MONTH TO DATE   78                       108    -30      101
  SINCE MAR 1    128                       155    -27      129
  SINCE JAN 1    128                       155    -27      129
..................................................................


WIND (MPH)
  HIGHEST WIND SPEED    29   HIGHEST WIND DIRECTION    NW (320)
  HIGHEST GUST SPEED    37   HIGHEST GUST DIRECTION    NW (320)
  AVERAGE WIND SPEED     7.2


SKY COVER
  POSSIBLE SUNSHINE  MM
  AVERAGE SKY COVER 0.5


WEATHER CONDITIONS
 THE FOLLOWING WEATHER WAS RECORDED YESTERDAY.
  THUNDERSTORM
  HEAVY RAIN
  RAIN
  LIGHT RAIN
  FOG
  HAZE


RELATIVE HUMIDITY (PERCENT)
 HIGHEST   100           700 PM
 LOWEST     51           200 PM
 AVERAGE    76

..........................................................


THE JONESBORO CLIMATE NORMALS FOR TODAY
                         NORMAL    RECORD    YEAR
 MAXIMUM TEMPERATURE (F)   83        98      1911
 MINIMUM TEMPERATURE (F)   61        34      1897


SUNRISE AND SUNSET
MAY 25 2016...........SUNRISE   550 AM CDT   SUNSET   809 PM CDT
MAY 26 2016...........SUNRISE   550 AM CDT   SUNSET   810 PM CDT


-  INDICATES NEGATIVE NUMBERS.
R  INDICATES RECORD WAS SET OR TIED.
MM INDICATES DATA IS MISSING.
T  INDICATES TRACE AMOUNT.




$$
