000
CDUS44 KMEG 012252
CLIJBR


CLIMATE REPORT
NATIONAL WEATHER SERVICE MEMPHIS TN
451 PM CST SUN FEB 1 2015


...................................

...THE JONESBORO CLIMATE SUMMARY FOR FEBRUARY 1 2015...
VALID TODAY AS OF 0400 PM LOCAL TIME.

CLIMATE NORMAL PERIOD 1981 TO 2010
CLIMATE RECORD PERIOD 1897 TO 2015


WEATHER ITEM   OBSERVED TIME   RECORD YEAR NORMAL DEPARTURE LAST
                VALUE   (LST)  VALUE       VALUE  FROM      YEAR
                                                  NORMAL
..................................................................
TEMPERATURE (F)
 TODAY
  MAXIMUM         52    304 PM  80    1911  48      4       63
  MINIMUM         38    109 AM   3    1899  29      9       39
  AVERAGE         45                        38      7       51

PRECIPITATION (IN)
  TODAY            0.56          1.91 1990   0.13   0.43     0.60
  MONTH TO DATE    0.56                      0.13   0.43     0.60
  SINCE DEC 1      4.85                      8.33  -3.48     9.16
  SINCE JAN 1      2.06                      3.56  -1.50     2.72

SNOWFALL (IN)
  TODAY            0.0

DEGREE DAYS
 HEATING
  TODAY           20                        26     -6       14
  MONTH TO DATE   20                        26     -6       14
  SINCE DEC 1   1585                      1672    -87     1814
  SINCE JUL 1   2344                      2322     22     2557

 COOLING
  TODAY            0                         0      0        0
  MONTH TO DATE    0                         0      0        0
  SINCE DEC 1      0                         0      0        0
  SINCE JAN 1      0                         0      0        0
..................................................................


WIND (MPH)
  HIGHEST WIND SPEED    23   HIGHEST WIND DIRECTION    SW (220)
  HIGHEST GUST SPEED    31   HIGHEST GUST DIRECTION    SW (210)
  AVERAGE WIND SPEED    11.8


SKY COVER
  POSSIBLE SUNSHINE  MM
  AVERAGE SKY COVER 0.9


WEATHER CONDITIONS
 THE FOLLOWING WEATHER WAS RECORDED TODAY.
  HEAVY RAIN
  RAIN
  LIGHT RAIN
  FOG


RELATIVE HUMIDITY (PERCENT)
 HIGHEST   100           800 AM
 LOWEST     62           300 AM
 AVERAGE    81

..........................................................


THE JONESBORO CLIMATE NORMALS FOR TOMORROW
                         NORMAL    RECORD    YEAR
 MAXIMUM TEMPERATURE (F)   48        75      1903
 MINIMUM TEMPERATURE (F)   30        -3      1951


SUNRISE AND SUNSET
FEBRUARY  1 2015......SUNRISE   703 AM CST   SUNSET   530 PM CST
FEBRUARY  2 2015......SUNRISE   702 AM CST   SUNSET   531 PM CST


-  INDICATES NEGATIVE NUMBERS.
R  INDICATES RECORD WAS SET OR TIED.
MM INDICATES DATA IS MISSING.
T  INDICATES TRACE AMOUNT.




$$
