000
CDUS44 KMEG 190733
CLIJBR


CLIMATE REPORT
NATIONAL WEATHER SERVICE MEMPHIS TN
132 AM CST THU JAN 19 2017


...................................

...THE JONESBORO CLIMATE SUMMARY FOR JANUARY 18 2017...

CLIMATE NORMAL PERIOD 1981 TO 2010
CLIMATE RECORD PERIOD 1897 TO 2017


WEATHER ITEM   OBSERVED TIME   RECORD YEAR NORMAL DEPARTURE LAST
                VALUE   (LST)  VALUE       VALUE  FROM      YEAR
                                                  NORMAL
..................................................................
TEMPERATURE (F)
 YESTERDAY
  MAXIMUM         47   1159 PM  74    1907  46      1       25
  MINIMUM         38    500 AM  -9    1930  29      9       14
  AVERAGE         43                        37      6       20

PRECIPITATION (IN)
  YESTERDAY        0.01          2.30 1937   0.11  -0.10     0.00
  MONTH TO DATE    2.96                      1.98   0.98     1.61
  SINCE DEC 1      7.42                      6.75   0.67     7.98
  SINCE JAN 1      2.96                      1.98   0.98     1.61

DEGREE DAYS
 HEATING
  YESTERDAY       22                        28     -6       45
  MONTH TO DATE  432                       504    -72      503
  SINCE DEC 1   1167                      1296   -129     1007
  SINCE JUL 1   1516                      1946   -430     1516

 COOLING
  YESTERDAY        0                         0      0        0
  MONTH TO DATE    0                         0      0        0
  SINCE DEC 1      0                         0      0        3
  SINCE JAN 1      0                         0      0        0
..................................................................


WIND (MPH)
  HIGHEST WIND SPEED    15   HIGHEST WIND DIRECTION     E (70)
  HIGHEST GUST SPEED    19   HIGHEST GUST DIRECTION     E (70)
  AVERAGE WIND SPEED     6.3


SKY COVER
  POSSIBLE SUNSHINE  MM
  AVERAGE SKY COVER 0.7


WEATHER CONDITIONS
 THE FOLLOWING WEATHER WAS RECORDED YESTERDAY.
  LIGHT RAIN
  FOG


RELATIVE HUMIDITY (PERCENT)
 HIGHEST    93           900 PM
 LOWEST     82          1200 PM
 AVERAGE    88

..........................................................


THE JONESBORO CLIMATE NORMALS FOR TODAY
                         NORMAL    RECORD    YEAR
 MAXIMUM TEMPERATURE (F)   46        72      1914
 MINIMUM TEMPERATURE (F)   29        -5      1940


SUNRISE AND SUNSET
JANUARY 19 2017.......SUNRISE   711 AM CST   SUNSET   517 PM CST
JANUARY 20 2017.......SUNRISE   710 AM CST   SUNSET   518 PM CST


-  INDICATES NEGATIVE NUMBERS.
R  INDICATES RECORD WAS SET OR TIED.
MM INDICATES DATA IS MISSING.
T  INDICATES TRACE AMOUNT.


$$
