000
CDUS44 KMEG 240633
CLIJBR


CLIMATE REPORT
NATIONAL WEATHER SERVICE MEMPHIS TN
132 AM CDT SUN SEP 24 2017


...................................

...THE JONESBORO CLIMATE SUMMARY FOR SEPTEMBER 23 2017...

CLIMATE NORMAL PERIOD 1981 TO 2010
CLIMATE RECORD PERIOD 1897 TO 2017


WEATHER ITEM   OBSERVED TIME   RECORD YEAR NORMAL DEPARTURE LAST
                VALUE   (LST)  VALUE       VALUE  FROM      YEAR
                                                  NORMAL
..................................................................
TEMPERATURE (F)
 YESTERDAY
  MAXIMUM         93    244 PM  97    1897  81     12       94
  MINIMUM         67    538 AM  40    1918  57     10       67
  AVERAGE         80                        69     11       81

PRECIPITATION (IN)
  YESTERDAY        0.00          3.04 1909   0.10  -0.10     0.00
  MONTH TO DATE    0.38                      2.24  -1.86     1.94
  SINCE SEP 1      0.38                      2.24  -1.86     1.94
  SINCE JAN 1     40.00                     33.35   6.65    42.96

DEGREE DAYS
 HEATING
  YESTERDAY        0                         1     -1        0
  MONTH TO DATE    2                         6     -4        0
  SINCE SEP 1      2                         6     -4        0
  SINCE JUL 1      2                         6     -4        0

 COOLING
  YESTERDAY       15                         5     10       16
  MONTH TO DATE  202                       195      7      312
  SINCE SEP 1    202                       195      7      312
  SINCE JAN 1   1735                      1741     -6     2065
..................................................................


WIND (MPH)
  HIGHEST WIND SPEED    12   HIGHEST WIND DIRECTION     E (110)
  HIGHEST GUST SPEED    15   HIGHEST GUST DIRECTION    NE (60)
  AVERAGE WIND SPEED     4.3


SKY COVER
  POSSIBLE SUNSHINE  MM
  AVERAGE SKY COVER 0.1


WEATHER CONDITIONS
 THE FOLLOWING WEATHER WAS RECORDED YESTERDAY.
  NO SIGNIFICANT WEATHER WAS OBSERVED.


RELATIVE HUMIDITY (PERCENT)
 HIGHEST   100          1200 AM
 LOWEST     46           200 PM
 AVERAGE    73

..........................................................


THE JONESBORO CLIMATE NORMALS FOR TODAY
                         NORMAL    RECORD    YEAR
 MAXIMUM TEMPERATURE (F)   80       100      1921
 MINIMUM TEMPERATURE (F)   57        40      1918


SUNRISE AND SUNSET
SEPTEMBER 24 2017.....SUNRISE   652 AM CDT   SUNSET   656 PM CDT
SEPTEMBER 25 2017.....SUNRISE   653 AM CDT   SUNSET   655 PM CDT


-  INDICATES NEGATIVE NUMBERS.
R  INDICATES RECORD WAS SET OR TIED.
MM INDICATES DATA IS MISSING.
T  INDICATES TRACE AMOUNT.




$$
