000
CDUS44 KMEG 280736
CLIJBR


CLIMATE REPORT
NATIONAL WEATHER SERVICE MEMPHIS TN
136 AM CST SUN DEC 28 2014


...................................

...THE JONESBORO CLIMATE SUMMARY FOR DECEMBER 27 2014...

CLIMATE NORMAL PERIOD 1981 TO 2010
CLIMATE RECORD PERIOD 1897 TO 2014


WEATHER ITEM   OBSERVED TIME   RECORD YEAR NORMAL DEPARTURE LAST
                VALUE   (LST)  VALUE       VALUE  FROM      YEAR
                                                  NORMAL
..................................................................
TEMPERATURE (F)
 YESTERDAY
  MAXIMUM         53    226 PM  76    1889  46      7       52
  MINIMUM         41   1159 PM  12    1935  29     12       24
  AVERAGE         47                        38      9       38

PRECIPITATION (IN)
  YESTERDAY        0.33          1.89 1988   0.14   0.19     0.00
  MONTH TO DATE    2.79                      4.27  -1.48     6.44
  SINCE DEC 1      2.79                      4.27  -1.48     6.44
  SINCE JAN 1     44.15                     47.60  -3.45    52.42

SNOWFALL (IN)
  YESTERDAY        0.0           2.0  1983   0.1   -0.1      0.0
  MONTH TO DATE    0.0                       0.5   -0.5      1.0
  SINCE DEC 1      0.0                       0.5   -0.5      1.0
  SINCE JUL 1      0.3                       0.5   -0.2      1.0
  SNOW DEPTH       0

DEGREE DAYS
 HEATING
  YESTERDAY       18                        27     -9       27
  MONTH TO DATE  564                       681   -117      691
  SINCE DEC 1    564                       681   -117      691
  SINCE JUL 1   1323                      1331     -8     1434

 COOLING
  YESTERDAY        0                         0      0        0
  MONTH TO DATE    0                         0      0        0
  SINCE DEC 1      0                         0      0        0
  SINCE JAN 1   1800                      1827    -27     2044
..................................................................


WIND (MPH)
  HIGHEST WIND SPEED    17   HIGHEST WIND DIRECTION    NW (320)
  HIGHEST GUST SPEED    23   HIGHEST GUST DIRECTION    NW (320)
  AVERAGE WIND SPEED     6.6


SKY COVER
  POSSIBLE SUNSHINE  MM
  AVERAGE SKY COVER 1.0


WEATHER CONDITIONS
 THE FOLLOWING WEATHER WAS RECORDED YESTERDAY.
  RAIN
  LIGHT RAIN
  FOG


RELATIVE HUMIDITY (PERCENT)
 HIGHEST   100           100 AM
 LOWEST     92           800 PM
 AVERAGE    96

..........................................................


THE JONESBORO CLIMATE NORMALS FOR TODAY
                         NORMAL    RECORD    YEAR
 MAXIMUM TEMPERATURE (F)   46        74      1984
                                             1946
 MINIMUM TEMPERATURE (F)   29         2      1894


SUNRISE AND SUNSET
DECEMBER 28 2014......SUNRISE   712 AM CST   SUNSET   457 PM CST
DECEMBER 29 2014......SUNRISE   712 AM CST   SUNSET   457 PM CST


-  INDICATES NEGATIVE NUMBERS.
R  INDICATES RECORD WAS SET OR TIED.
MM INDICATES DATA IS MISSING.
T  INDICATES TRACE AMOUNT.




$$
