000
CDUS44 KMEG 232148
CLIJBR


CLIMATE REPORT
NATIONAL WEATHER SERVICE MEMPHIS TN
447 PM CDT TUE SEP 23 2014


...................................

...THE JONESBORO CLIMATE SUMMARY FOR SEPTEMBER 23 2014...
VALID TODAY AS OF 0400 PM LOCAL TIME.

CLIMATE NORMAL PERIOD 1981 TO 2010
CLIMATE RECORD PERIOD 1897 TO 2014


WEATHER ITEM   OBSERVED TIME   RECORD YEAR NORMAL DEPARTURE LAST
                VALUE   (LST)  VALUE       VALUE  FROM      YEAR
                                                  NORMAL
..................................................................
TEMPERATURE (F)
 TODAY
  MAXIMUM         79    339 PM  97    1897  81     -2       84
  MINIMUM         52    623 AM  40    1918  57     -5       56
  AVERAGE         66                        69     -3       70

PRECIPITATION (IN)
  TODAY            0.00          3.04 1909   0.10  -0.10     0.00
  MONTH TO DATE    1.84                      2.24  -0.40     1.19
  SINCE SEP 1      1.84                      2.24  -0.40     1.19
  SINCE JAN 1     35.52                     33.35   2.17    38.64

SNOWFALL (IN)
  TODAY            0.0

DEGREE DAYS
 HEATING
  TODAY            0                         1     -1        0
  MONTH TO DATE    9                         6      3        0
  SINCE SEP 1      9                         6      3        0
  SINCE JUL 1      9                         6      3        0

 COOLING
  TODAY            1                         5     -4        5
  MONTH TO DATE  203                       195      8      297
  SINCE SEP 1    203                       195      8      297
  SINCE JAN 1   1663                      1741    -78     1897
..................................................................


WIND (MPH)
  HIGHEST WIND SPEED    15   HIGHEST WIND DIRECTION     E (70)
  HIGHEST GUST SPEED    22   HIGHEST GUST DIRECTION     E (80)
  AVERAGE WIND SPEED     6.8


SKY COVER
  POSSIBLE SUNSHINE  MM
  AVERAGE SKY COVER 0.0


WEATHER CONDITIONS
 THE FOLLOWING WEATHER WAS RECORDED TODAY.
  NO SIGNIFICANT WEATHER WAS OBSERVED.


RELATIVE HUMIDITY (PERCENT)
 HIGHEST    89           600 AM
 LOWEST     28           200 PM
 AVERAGE    59

..........................................................


THE JONESBORO CLIMATE NORMALS FOR TOMORROW
                         NORMAL    RECORD    YEAR
 MAXIMUM TEMPERATURE (F)   80       100      1921
 MINIMUM TEMPERATURE (F)   57        40      1918


SUNRISE AND SUNSET
SEPTEMBER 23 2014.....SUNRISE   651 AM CDT   SUNSET   658 PM CDT
SEPTEMBER 24 2014.....SUNRISE   652 AM CDT   SUNSET   656 PM CDT


-  INDICATES NEGATIVE NUMBERS.
R  INDICATES RECORD WAS SET OR TIED.
MM INDICATES DATA IS MISSING.
T  INDICATES TRACE AMOUNT.




$$
