000
CDUS44 KMEG 062257
CLIJBR


CLIMATE REPORT
NATIONAL WEATHER SERVICE MEMPHIS TN
455 PM CST FRI MAR 6 2015


...................................

...THE JONESBORO CLIMATE SUMMARY FOR MARCH 6 2015...
VALID TODAY AS OF 0400 PM LOCAL TIME.

CLIMATE NORMAL PERIOD 1981 TO 2010
CLIMATE RECORD PERIOD 1897 TO 2015


WEATHER ITEM   OBSERVED TIME   RECORD YEAR NORMAL DEPARTURE LAST
                VALUE   (LST)  VALUE       VALUE  FROM      YEAR
                                                  NORMAL
..................................................................
TEMPERATURE (F)
 TODAY
  MAXIMUM         29    448 PM  85    1910  57    -28       37
                                      1905
  MINIMUM          5    634 AM   1    1899  37    -32       28
  AVERAGE         17                        47    -30       33

PRECIPITATION (IN)
  TODAY            0.00          3.00 1967   0.13  -0.13     0.00
  MONTH TO DATE    3.25                      0.77   2.48     1.57
  SINCE MAR 1      3.25                      0.77   2.48     1.57
  SINCE JAN 1      8.08                      7.92   0.16     6.28

SNOWFALL (IN)
  TODAY            0.0

DEGREE DAYS
 HEATING
  TODAY           48                        18     30       32
  MONTH TO DATE  207                       113     94      202
  SINCE MAR 1    207                       113     94      202
  SINCE JUL 1   3455                      3069    386     3467

 COOLING
  TODAY            0                         0      0        0
  MONTH TO DATE    0                         0      0        0
  SINCE MAR 1      0                         0      0        0
  SINCE JAN 1      0                         0      0        0
..................................................................


WIND (MPH)
  HIGHEST WIND SPEED    12   HIGHEST WIND DIRECTION     S (160)
  HIGHEST GUST SPEED    14   HIGHEST GUST DIRECTION     S (160)
  AVERAGE WIND SPEED     4.5


SKY COVER
  POSSIBLE SUNSHINE  MM
  AVERAGE SKY COVER 0.0


WEATHER CONDITIONS
 THE FOLLOWING WEATHER WAS RECORDED TODAY.
  FOG


RELATIVE HUMIDITY (PERCENT)
 HIGHEST   100           500 AM
 LOWEST     55          1200 PM
 AVERAGE    78

..........................................................


THE JONESBORO CLIMATE NORMALS FOR TOMORROW
                         NORMAL    RECORD    YEAR
 MAXIMUM TEMPERATURE (F)   57        86      1911
 MINIMUM TEMPERATURE (F)   37         3      1899


SUNRISE AND SUNSET
MARCH  6 2015.........SUNRISE   626 AM CST   SUNSET   602 PM CST
MARCH  7 2015.........SUNRISE   625 AM CST   SUNSET   603 PM CST


-  INDICATES NEGATIVE NUMBERS.
R  INDICATES RECORD WAS SET OR TIED.
MM INDICATES DATA IS MISSING.
T  INDICATES TRACE AMOUNT.




$$
