000
CDUS45 KGGW 010746
CLIJDN


CLIMATE REPORT
NATIONAL WEATHER SERVICE GLASGOW MT
145 AM MDT FRI AUG 1 2014


...................................

...THE JORDAN  ASOS MT CLIMATE SUMMARY FOR JULY 31 2014...

CLIMATE NORMAL PERIOD 1981 TO 2010
CLIMATE RECORD PERIOD 9999 TO 9999


WEATHER ITEM   OBSERVED TIME   RECORD YEAR NORMAL DEPARTURE LAST
                VALUE   (LST)  VALUE       VALUE  FROM      YEAR
                                                  NORMAL
..................................................................
TEMPERATURE (F)
 YESTERDAY
  MAXIMUM        100    252 PM  MM      MM  88     12       85
  MINIMUM         65    256 AM  MM      MM  56      9       49
  AVERAGE         83                        72     11       67

PRECIPITATION (IN)
  YESTERDAY        0.00         MM      MM   0.04  -0.04     0.00
  MONTH TO DATE    0.40                      1.87  -1.47     1.84
  SINCE OCT 1      7.77                     10.27  -2.50    15.12
  SINCE JAN 1      5.36                      8.73  -3.37    12.86

SNOWFALL (IN)
  YESTERDAY        0.0          MM      MM  MM     MM        0.0
  MONTH TO DATE    0.0                      MM     MM        0.0
  SINCE JUN 1      0.0                      MM     MM        0.0
  SINCE JUL 1      0.0                      MM     MM        0.0
  SNOW DEPTH       0

DEGREE DAYS
 HEATING
  YESTERDAY        0                         0      0        0
  MONTH TO DATE    5                        27    -22        6
  SINCE JUN 1    135                       150    -15      101
  SINCE JUL 1      5                        25    -20        6

 COOLING
  YESTERDAY       18                         7     11        2
  MONTH TO DATE  223                       177     46      189
  SINCE JUN 1    248                       225     23      237
  SINCE JAN 1    273                       231     42      249
..................................................................


WIND (MPH)
  HIGHEST WIND SPEED    29   HIGHEST WIND DIRECTION     N (350)
  HIGHEST GUST SPEED    36   HIGHEST GUST DIRECTION     N (350)
  AVERAGE WIND SPEED    10.2


SKY COVER
  POSSIBLE SUNSHINE  MM
  AVERAGE SKY COVER 0.0


WEATHER CONDITIONS
 THE FOLLOWING WEATHER WAS RECORDED YESTERDAY.
  NO SIGNIFICANT WEATHER WAS OBSERVED.


RELATIVE HUMIDITY (PERCENT)
 HIGHEST    43           300 AM
 LOWEST     10           200 PM
 AVERAGE    27

..........................................................


THE JORDAN  ASOS MT CLIMATE NORMALS FOR TODAY
                         NORMAL    RECORD    YEAR
 MAXIMUM TEMPERATURE (F)   88        MM        MM
 MINIMUM TEMPERATURE (F)   56        MM        MM


SUNRISE AND SUNSET
AUGUST  1 2014........SUNRISE   546 AM MDT   SUNSET   841 PM MDT
AUGUST  2 2014........SUNRISE   547 AM MDT   SUNSET   839 PM MDT


-  INDICATES NEGATIVE NUMBERS.
R  INDICATES RECORD WAS SET OR TIED.
MM INDICATES DATA IS MISSING.
T  INDICATES TRACE AMOUNT.




$$
