000
CDUS45 KGGW 261231
CLIJDN


CLIMATE REPORT
NATIONAL WEATHER SERVICE GLASGOW MT
631 AM MDT TUE SEP 26 2017


...................................

...THE JORDAN  ASOS MT CLIMATE SUMMARY FOR SEPTEMBER 26 2017...
VALID AS OF 0600 AM LOCAL TIME.

CLIMATE NORMAL PERIOD 1981 TO 2010
CLIMATE RECORD PERIOD 9999 TO 9999


WEATHER ITEM   OBSERVED TIME   RECORD YEAR NORMAL DEPARTURE LAST
                VALUE   (LST)  VALUE       VALUE  FROM      YEAR
                                                  NORMAL
..................................................................
TEMPERATURE (F)
 TODAY
  MAXIMUM         39   1200 AM  MM      MM  68    -29       74
  MINIMUM         32    500 AM  MM      MM  37     -5       39
  AVERAGE         36                        52    -16       57

PRECIPITATION (IN)
  TODAY            0.00         MM      MM   0.05  -0.05     0.00
  MONTH TO DATE    1.51                      1.06   0.45     1.96
  SINCE OCT 1      8.42                     12.52  -4.10    15.41
  SINCE JAN 1      5.21                     10.98  -5.77    11.72

SNOWFALL (IN)
  TODAY            0.0          MM      MM  MM     MM        0.0
  MONTH TO DATE    0.0                      MM     MM        0.0
  SINCE SEP 1      0.0                      MM     MM        0.0
  SINCE JUL 1      0.0                      MM     MM        0.0
  SNOW DEPTH      MM

DEGREE DAYS
 HEATING
  TODAY           29                        13     16        8
  MONTH TO DATE  247                       207     40      219
  SINCE SEP 1    247                       207     40      219
  SINCE JUL 1    265                       272     -7      265

 COOLING
  TODAY            0                         0      0        0
  MONTH TO DATE   39                        24     15       31
  SINCE SEP 1     39                        24     15       31
  SINCE JAN 1    641                       417    224      470
..................................................................


WIND (MPH)
  HIGHEST WIND SPEED     7   HIGHEST WIND DIRECTION     N (20)
  HIGHEST GUST SPEED    MM   HIGHEST GUST DIRECTION    MM
  AVERAGE WIND SPEED     1.2


SKY COVER
  POSSIBLE SUNSHINE  MM
  AVERAGE SKY COVER 0.0


WEATHER CONDITIONS
 THE FOLLOWING WEATHER WAS RECORDED TODAY.
  NO SIGNIFICANT WEATHER WAS OBSERVED.


RELATIVE HUMIDITY (PERCENT)
 HIGHEST    92           300 AM
 LOWEST     85          1200 AM
 AVERAGE    89

..........................................................


THE JORDAN  ASOS MT CLIMATE NORMALS FOR TOMORROW
                         NORMAL    RECORD    YEAR
 MAXIMUM TEMPERATURE (F)   67        MM        MM
 MINIMUM TEMPERATURE (F)   37        MM        MM


SUNRISE AND SUNSET
SEPTEMBER 26 2017.....SUNRISE   700 AM MDT   SUNSET   656 PM MDT
SEPTEMBER 27 2017.....SUNRISE   701 AM MDT   SUNSET   654 PM MDT


-  INDICATES NEGATIVE NUMBERS.
R  INDICATES RECORD WAS SET OR TIED.
MM INDICATES DATA IS MISSING.
T  INDICATES TRACE AMOUNT.




$$
