000
CDUS45 KBOI 260931
CLIJER


CLIMATE REPORT
NATIONAL WEATHER SERVICE BOISE ID
331 AM MDT SAT JUL 26 2014


...................................

...THE JEROME ID CLIMATE SUMMARY FOR JULY 25 2014...

CLIMATE NORMAL PERIOD 1981 TO 2010
CLIMATE RECORD PERIOD 1919 TO 2014


WEATHER ITEM   OBSERVED TIME   RECORD YEAR NORMAL DEPARTURE LAST
                VALUE   (LST)  VALUE       VALUE  FROM      YEAR
                                                  NORMAL
..................................................................
TEMPERATURE (F)
 YESTERDAY
  MAXIMUM         84    444 PM 102    1978  88     -4       93
  MINIMUM         51    545 AM  47    1949  57     -6       67
  AVERAGE         68                        72     -4       80

PRECIPITATION (IN)
  YESTERDAY        0.00          0.11 1977   0.01  -0.01     0.00
  MONTH TO DATE    T                         0.18  -0.18      T
  SINCE OCT 1      5.63                     10.07  -4.44     5.82
  SINCE JAN 1      5.03                      6.55  -1.52     2.52

DEGREE DAYS
 HEATING
  YESTERDAY        0                         0      0        0
  MONTH TO DATE    0                        10    -10        0
  SINCE JUN 1     74                       117    -43       78
  SINCE JUL 1      0                        10    -10        0

 COOLING
  YESTERDAY        3                         8     -5       15
  MONTH TO DATE  307                       156    151      314
  SINCE JUN 1    352                       224    128      444
  SINCE JAN 1    362                       237    125      459
..................................................................


WIND (MPH)
  HIGHEST WIND SPEED    14   HIGHEST WIND DIRECTION    SW (240)
  HIGHEST GUST SPEED    18   HIGHEST GUST DIRECTION     W (250)
  AVERAGE WIND SPEED     8.6


SKY COVER
  AVERAGE SKY COVER 0.0


WEATHER CONDITIONS
 THE FOLLOWING WEATHER WAS RECORDED YESTERDAY.
  NO SIGNIFICANT WEATHER WAS OBSERVED.


RELATIVE HUMIDITY (PERCENT)
 HIGHEST    46           400 AM
 LOWEST     15           500 PM
 AVERAGE    31

..........................................................


THE JEROME ID CLIMATE NORMALS FOR TODAY
                         NORMAL    RECORD    YEAR
 MAXIMUM TEMPERATURE (F)   88       103      1987
 MINIMUM TEMPERATURE (F)   57        46      1993


SUNRISE AND SUNSET
JULY 26 2014..........SUNRISE   623 AM MDT   SUNSET   905 PM MDT
JULY 27 2014..........SUNRISE   624 AM MDT   SUNSET   904 PM MDT


-  INDICATES NEGATIVE NUMBERS.
R  INDICATES RECORD WAS SET OR TIED.
MM INDICATES DATA IS MISSING.
T  INDICATES TRACE AMOUNT.




$$
