374
CDUS45 KBOI 150931
CLIJER


CLIMATE REPORT
NATIONAL WEATHER SERVICE BOISE ID
231 AM MST FRI DEC 15 2017


...................................

...THE JEROME ID CLIMATE SUMMARY FOR DECEMBER 14 2017...

CLIMATE NORMAL PERIOD 1981 TO 2010
CLIMATE RECORD PERIOD 1915 TO 2017


WEATHER ITEM   OBSERVED TIME   RECORD YEAR NORMAL DEPARTURE LAST
                VALUE   (LST)  VALUE       VALUE  FROM      YEAR
                                                  NORMAL
..................................................................
TEMPERATURE (F)
 YESTERDAY
  MAXIMUM         30    221 PM  55    2004  34     -4       28
  MINIMUM         24   1159 PM  -9    1919  19      5       24
  AVERAGE         27                        27      0       26

PRECIPITATION (IN)
  YESTERDAY        0.00          0.62 2001   0.05  -0.05     0.09
  MONTH TO DATE    0.02                      0.70  -0.68     0.97
  SINCE OCT 1      2.39                      2.73  -0.34     3.85
  SINCE JAN 1      9.92                     10.02  -0.10    10.86

DEGREE DAYS
 HEATING
  YESTERDAY       38                        38      0       39
  MONTH TO DATE  515                       516     -1      530
  SINCE DEC 1    515                       516     -1      530
  SINCE JUL 1   1971                      2067    -96     1756

 COOLING
  YESTERDAY        0                         0      0        0
  MONTH TO DATE    0                         0      0        0
  SINCE DEC 1      0                         0      0        0
  SINCE JAN 1    929                       510    419      612
..................................................................


WIND (MPH)
  HIGHEST WIND SPEED    10   HIGHEST WIND DIRECTION     E (70)
  HIGHEST GUST SPEED    14   HIGHEST GUST DIRECTION     E (110)
  AVERAGE WIND SPEED     5.3


SKY COVER
  AVERAGE SKY COVER 1.0


WEATHER CONDITIONS
 THE FOLLOWING WEATHER WAS RECORDED YESTERDAY.
  FOG
  FOG W/VISIBILITY <= 1/4 MILE
  HAZE


RELATIVE HUMIDITY (PERCENT)
 HIGHEST    85           100 PM
 LOWEST     75           500 AM
 AVERAGE    80

..........................................................


THE JEROME ID CLIMATE NORMALS FOR TODAY
                         NORMAL    RECORD    YEAR
 MAXIMUM TEMPERATURE (F)   34        55      1968
 MINIMUM TEMPERATURE (F)   19        -5      1967


SUNRISE AND SUNSET
DECEMBER 15 2017......SUNRISE   801 AM MST   SUNSET   505 PM MST
DECEMBER 16 2017......SUNRISE   802 AM MST   SUNSET   505 PM MST


-  INDICATES NEGATIVE NUMBERS.
R  INDICATES RECORD WAS SET OR TIED.
MM INDICATES DATA IS MISSING.
T  INDICATES TRACE AMOUNT.




$$
