000
CDUS45 KBOI 310932
CLIJER


CLIMATE REPORT
NATIONAL WEATHER SERVICE BOISE ID
332 AM MDT WED AUG 31 2016


...................................

...THE JEROME ID CLIMATE SUMMARY FOR AUGUST 30 2016...

CLIMATE NORMAL PERIOD 1981 TO 2010
CLIMATE RECORD PERIOD 1915 TO 2016


WEATHER ITEM   OBSERVED TIME   RECORD YEAR NORMAL DEPARTURE LAST
                VALUE   (LST)  VALUE       VALUE  FROM      YEAR
                                                  NORMAL
..................................................................
TEMPERATURE (F)
 YESTERDAY
  MAXIMUM         99    223 PM 100    1998  83     16       78
  MINIMUM         63    648 AM  35    1965  51     12       54
  AVERAGE         81                        67     14       66

PRECIPITATION (IN)
  YESTERDAY        0.00          0.18 1922   0.02  -0.02     0.00
  MONTH TO DATE    T                         0.25  -0.25     0.96
  SINCE OCT 1      9.99                     10.37  -0.38     9.63
  SINCE JAN 1      5.40                      6.85  -1.45     6.73

DEGREE DAYS
 HEATING
  YESTERDAY        0                         2     -2        0
  MONTH TO DATE    7                        16     -9        3
  SINCE JUN 1     64                       135    -71       30
  SINCE JUL 1     22                        28     -6       15

 COOLING
  YESTERDAY       16                         4     12        1
  MONTH TO DATE  177                       178     -1      218
  SINCE JUN 1    569                       448    121      633
  SINCE JAN 1    573                       461    112      643
..................................................................


WIND (MPH)
  HIGHEST WIND SPEED    18   HIGHEST WIND DIRECTION    NE (50)
  HIGHEST GUST SPEED    23   HIGHEST GUST DIRECTION    NE (50)
  AVERAGE WIND SPEED     9.2


SKY COVER
  AVERAGE SKY COVER 0.0


WEATHER CONDITIONS
 THE FOLLOWING WEATHER WAS RECORDED YESTERDAY.
  NO SIGNIFICANT WEATHER WAS OBSERVED.


RELATIVE HUMIDITY (PERCENT)
 HIGHEST    56          1200 AM
 LOWEST     10           200 PM
 AVERAGE    33

..........................................................


THE JEROME ID CLIMATE NORMALS FOR TODAY
                         NORMAL    RECORD    YEAR
 MAXIMUM TEMPERATURE (F)   82        98      1996
 MINIMUM TEMPERATURE (F)   51        35      1965


SUNRISE AND SUNSET
AUGUST 31 2016........SUNRISE   702 AM MDT   SUNSET   813 PM MDT
SEPTEMBER  1 2016.....SUNRISE   703 AM MDT   SUNSET   811 PM MDT


-  INDICATES NEGATIVE NUMBERS.
R  INDICATES RECORD WAS SET OR TIED.
MM INDICATES DATA IS MISSING.
T  INDICATES TRACE AMOUNT.




$$
