000
CDUS45 KBOI 040930
CLIJER


CLIMATE REPORT
NATIONAL WEATHER SERVICE BOISE ID
230 AM MST SUN DEC 4 2016


...................................

...THE JEROME ID CLIMATE SUMMARY FOR DECEMBER 3 2016...

CLIMATE NORMAL PERIOD 1981 TO 2010
CLIMATE RECORD PERIOD 1915 TO 2016


WEATHER ITEM   OBSERVED TIME   RECORD YEAR NORMAL DEPARTURE LAST
                VALUE   (LST)  VALUE       VALUE  FROM      YEAR
                                                  NORMAL
..................................................................
TEMPERATURE (F)
 YESTERDAY
  MAXIMUM         39    325 PM  60    1958  37      2       36
  MINIMUM         28   1229 AM   9    1984  22      6       24
  AVERAGE         34                        29      5       30

PRECIPITATION (IN)
  YESTERDAY        0.00          0.42 1962   0.05  -0.05     0.00
  MONTH TO DATE    0.00                      0.15  -0.15      T
  SINCE OCT 1      2.88                      2.18   0.70     3.25
  SINCE JAN 1      9.89                      9.47   0.42    10.55

DEGREE DAYS
 HEATING
  YESTERDAY       31                        36     -5       35
  MONTH TO DATE  104                       106     -2      136
  SINCE DEC 1    104                       106     -2      136
  SINCE JUL 1   1330                      1657   -327     1469

 COOLING
  YESTERDAY        0                         0      0        0
  MONTH TO DATE    0                         0      0        0
  SINCE DEC 1      0                         0      0        0
  SINCE JAN 1    612                       510    102      713
..................................................................


WIND (MPH)
  HIGHEST WIND SPEED    18   HIGHEST WIND DIRECTION    SW (240)
  HIGHEST GUST SPEED    23   HIGHEST GUST DIRECTION    SW (230)
  AVERAGE WIND SPEED     8.6


SKY COVER
  AVERAGE SKY COVER 0.9


WEATHER CONDITIONS
 THE FOLLOWING WEATHER WAS RECORDED YESTERDAY.
  NO SIGNIFICANT WEATHER WAS OBSERVED.


RELATIVE HUMIDITY (PERCENT)
 HIGHEST    78           900 PM
 LOWEST     54           100 PM
 AVERAGE    66

..........................................................


THE JEROME ID CLIMATE NORMALS FOR TODAY
                         NORMAL    RECORD    YEAR
 MAXIMUM TEMPERATURE (F)   37        54      2014
                                             2003
 MINIMUM TEMPERATURE (F)   21        -7      1992


SUNRISE AND SUNSET
DECEMBER  4 2016......SUNRISE   752 AM MST   SUNSET   504 PM MST
DECEMBER  5 2016......SUNRISE   753 AM MST   SUNSET   504 PM MST


-  INDICATES NEGATIVE NUMBERS.
R  INDICATES RECORD WAS SET OR TIED.
MM INDICATES DATA IS MISSING.
T  INDICATES TRACE AMOUNT.




$$
