000
CDUS41 KOKX 240628
CLIJFK


CLIMATE REPORT
NATIONAL WEATHER SERVICE NEW YORK NY
228 AM EDT SUN SEP 24 2017


...................................

...THE KENNEDY NY CLIMATE SUMMARY FOR SEPTEMBER 23 2017...

CLIMATE NORMAL PERIOD 1981 TO 2010
CLIMATE RECORD PERIOD 1948 TO 2017


WEATHER ITEM   OBSERVED TIME   RECORD YEAR NORMAL DEPARTURE LAST
                VALUE   (LST)  VALUE       VALUE  FROM      YEAR
                                                  NORMAL
..................................................................
TEMPERATURE (F)
 YESTERDAY
  MAXIMUM         88    303 PM  90    1970  73     15       79
  MINIMUM         68   1134 PM  43    1963  58     10       61
  AVERAGE         78                        66     12       70

PRECIPITATION (IN)
  YESTERDAY        0.00          1.66 1975   0.12  -0.12      T
  MONTH TO DATE    2.16                      2.60  -0.44     2.07
  SINCE SEP 1      2.16                      2.60  -0.44     2.07
  SINCE JAN 1     35.41                     31.56   3.85    25.34

SNOWFALL (IN)
  YESTERDAY        0.0          MM      MM   0.0    0.0      0.0
  MONTH TO DATE    0.0                       0.0    0.0      0.0
  SINCE OCT 1     30.9                      23.8    7.1     41.4
  SINCE JUL 1      0.0                       0.0    0.0      0.0
  SNOW DEPTH       0

DEGREE DAYS
 HEATING
  YESTERDAY        0                         2     -2        0
  MONTH TO DATE    5                        16    -11        0
  SINCE SEP 1      5                        16    -11        0
  SINCE JUL 1      5                        17    -12        0

 COOLING
  YESTERDAY       13                         2     11        5
  MONTH TO DATE  134                       117     17      202
  SINCE SEP 1    134                       117     17      202
  SINCE JAN 1   1057                       978     79     1339
..................................................................


WIND (MPH)
  HIGHEST WIND SPEED    20   HIGHEST WIND DIRECTION     N (350)
  HIGHEST GUST SPEED    25   HIGHEST GUST DIRECTION     N (340)
  AVERAGE WIND SPEED    11.5


SKY COVER
  POSSIBLE SUNSHINE  MM
  AVERAGE SKY COVER 0.2


WEATHER CONDITIONS
 THE FOLLOWING WEATHER WAS RECORDED YESTERDAY.
  NO SIGNIFICANT WEATHER WAS OBSERVED.


RELATIVE HUMIDITY (PERCENT)
 HIGHEST    61          1200 AM
 LOWEST     29           400 PM
 AVERAGE    45

..........................................................


THE KENNEDY NY CLIMATE NORMALS FOR TODAY
                         NORMAL    RECORD    YEAR
 MAXIMUM TEMPERATURE (F)   73        88      1970
 MINIMUM TEMPERATURE (F)   58        40      1963


SUNRISE AND SUNSET
SEPTEMBER 24 2017.....SUNRISE   645 AM EDT   SUNSET   649 PM EDT
SEPTEMBER 25 2017.....SUNRISE   646 AM EDT   SUNSET   647 PM EDT


-  INDICATES NEGATIVE NUMBERS.
R  INDICATES RECORD WAS SET OR TIED.
MM INDICATES DATA IS MISSING.
T  INDICATES TRACE AMOUNT.




$$
