000
CDUS41 KOKX 050619
CLIJFK


CLIMATE REPORT
NATIONAL WEATHER SERVICE NEW YORK NY
219 AM EDT WED AUG 5 2015


...................................

...THE KENNEDY NY CLIMATE SUMMARY FOR AUGUST 4 2015...

CLIMATE NORMAL PERIOD 1981 TO 2010
CLIMATE RECORD PERIOD 1949 TO 2015


WEATHER ITEM   OBSERVED TIME   RECORD YEAR NORMAL DEPARTURE LAST
                VALUE   (LST)  VALUE       VALUE  FROM      YEAR
                                                  NORMAL
..................................................................
TEMPERATURE (F)
 YESTERDAY
  MAXIMUM         92    351 PM  93    2006  83      9       81
                                      1995
  MINIMUM         70    445 AM  57    1964  69      1       70
  AVERAGE         81                        76      5       76

PRECIPITATION (IN)
  YESTERDAY        0.01          0.77 1979   0.13  -0.12     0.00
  MONTH TO DATE    0.01                      0.52  -0.51     0.49
  SINCE JUN 1      7.31                      8.46  -1.15     7.93
  SINCE JAN 1     21.92                     25.80  -3.88    30.37

SNOWFALL (IN)
  YESTERDAY        0.0          MM      MM   0.0    0.0      0.0
  MONTH TO DATE    0.0                       0.0    0.0      0.0
  SINCE OCT 1     44.2                      23.8   20.4     45.6
  SINCE JUL 1      0.0                       0.0    0.0      0.0
  SNOW DEPTH       0

DEGREE DAYS
 HEATING
  YESTERDAY        0                         0      0        0
  MONTH TO DATE    0                         0      0        0
  SINCE JUN 1     29                        21      8        0
  SINCE JUL 1      0                         0      0        0

 COOLING
  YESTERDAY       16                        11      5       11
  MONTH TO DATE   63                        44     19       36
  SINCE JUN 1    711                       564    147      577
  SINCE JAN 1    771                       599    172      609
..................................................................


WIND (MPH)
  HIGHEST WIND SPEED    30   HIGHEST WIND DIRECTION     W (290)
  HIGHEST GUST SPEED    37   HIGHEST GUST DIRECTION     W (280)
  AVERAGE WIND SPEED    11.7


SKY COVER
  POSSIBLE SUNSHINE  MM
  AVERAGE SKY COVER 0.6


WEATHER CONDITIONS
 THE FOLLOWING WEATHER WAS RECORDED YESTERDAY.
  THUNDERSTORM
  RAIN
  LIGHT RAIN


RELATIVE HUMIDITY (PERCENT)
 HIGHEST    87           100 AM
 LOWEST     24           600 PM
 AVERAGE    56

..........................................................


THE KENNEDY NY CLIMATE NORMALS FOR TODAY
                         NORMAL    RECORD    YEAR
 MAXIMUM TEMPERATURE (F)   83        96      2010
                                             2005
 MINIMUM TEMPERATURE (F)   69        60      1959


SUNRISE AND SUNSET
AUGUST  5 2015........SUNRISE   556 AM EDT   SUNSET   806 PM EDT
AUGUST  6 2015........SUNRISE   556 AM EDT   SUNSET   805 PM EDT


-  INDICATES NEGATIVE NUMBERS.
R  INDICATES RECORD WAS SET OR TIED.
MM INDICATES DATA IS MISSING.
T  INDICATES TRACE AMOUNT.




$$
