000
CDUS41 KOKX 312043
CLIJFK


CLIMATE REPORT
NATIONAL WEATHER SERVICE NEW YORK NY
443 PM EDT WED AUG 31 2016


...................................

...THE KENNEDY NY CLIMATE SUMMARY FOR AUGUST 31 2016...
VALID TODAY AS OF 0400 PM LOCAL TIME.

CLIMATE NORMAL PERIOD 1981 TO 2010
CLIMATE RECORD PERIOD 1948 TO 2016


WEATHER ITEM   OBSERVED TIME   RECORD YEAR NORMAL DEPARTURE LAST
                VALUE   (LST)  VALUE       VALUE  FROM      YEAR
                                                  NORMAL
..................................................................
TEMPERATURE (F)
 TODAY
  MAXIMUM         85        MM  97    2010  80      5       91
  MINIMUM         73        MM  46    1965  66      7       75
  AVERAGE         79                        73      6       83

PRECIPITATION (IN)
  TODAY            0.00          1.47 1949   0.10  -0.10     0.00
  MONTH TO DATE    0.62                      3.68  -3.06     3.63
  SINCE JUN 1      8.29                     11.62  -3.33    10.93
  SINCE JAN 1     23.27                     28.96  -5.69    25.54

SNOWFALL (IN)
  TODAY            0.0          MM      MM   0.0    0.0      0.0
  MONTH TO DATE    0.0                       0.0    0.0      0.0
  SINCE OCT 1     41.4                      23.8   17.6     44.2
  SINCE JUL 1      0.0                       0.0    0.0      0.0
  SNOW DEPTH       0

DEGREE DAYS
 HEATING
  TODAY            0                         0      0        0
  MONTH TO DATE    0                         0      0        0
  SINCE JUN 1      3                        22    -19       29
  SINCE JUL 1      0                         1     -1        0

 COOLING
  TODAY           14                         8      6       18
  MONTH TO DATE  440                       306    134      425
  SINCE JUN 1   1086                       826    260     1073
  SINCE JAN 1   1137                       861    276     1133
..................................................................


WIND (MPH)
  HIGHEST WIND SPEED    MM   HIGHEST WIND DIRECTION    MM
  HIGHEST GUST SPEED    MM   HIGHEST GUST DIRECTION    MM
  AVERAGE WIND SPEED    MM


SKY COVER
  AVERAGE SKY COVER 0.7


WEATHER CONDITIONS
 THE FOLLOWING WEATHER WAS RECORDED TODAY.
  NO SIGNIFICANT WEATHER WAS OBSERVED.


RELATIVE HUMIDITY (PERCENT)
 HIGHEST    MM
 LOWEST     MM
 AVERAGE    MM

..........................................................


THE KENNEDY NY CLIMATE NORMALS FOR TOMORROW
                         NORMAL    RECORD    YEAR
 MAXIMUM TEMPERATURE (F)   80        92      2012
                                             2010
 MINIMUM TEMPERATURE (F)   66        54      1985
                                             1967


SUNRISE AND SUNSET
AUGUST 31 2016........SUNRISE   622 AM EDT   SUNSET   728 PM EDT
SEPTEMBER  1 2016.....SUNRISE   623 AM EDT   SUNSET   726 PM EDT


-  INDICATES NEGATIVE NUMBERS.
R  INDICATES RECORD WAS SET OR TIED.
MM INDICATES DATA IS MISSING.
T  INDICATES TRACE AMOUNT.




$$
