000
CDUS41 KOKX 160617
CLIJFK


CLIMATE REPORT
NATIONAL WEATHER SERVICE NEW YORK NY
116 AM EST MON JAN 16 2017


...................................

...THE KENNEDY NY CLIMATE SUMMARY FOR JANUARY 15 2017...

CLIMATE NORMAL PERIOD 1981 TO 2010
CLIMATE RECORD PERIOD 1948 TO 2017


WEATHER ITEM   OBSERVED TIME   RECORD YEAR NORMAL DEPARTURE LAST
                VALUE   (LST)  VALUE       VALUE  FROM      YEAR
                                                  NORMAL
..................................................................
TEMPERATURE (F)
 YESTERDAY
  MAXIMUM         41    355 PM  58    1995  39      2       51
  MINIMUM         30    747 AM   2    2004  26      4       31
  AVERAGE         36                        32      4       41

PRECIPITATION (IN)
  YESTERDAY        0.00          1.18 1999   0.11  -0.11      T
  MONTH TO DATE    1.73                      1.60   0.13     1.30
  SINCE DEC 1      4.79                      4.99  -0.20     6.09
  SINCE JAN 1      1.73                      1.60   0.13     1.30

SNOWFALL (IN)
  YESTERDAY        0.0           3.6  2004   0.2   -0.2      0.0
  MONTH TO DATE   11.1                       3.0    8.1       T
  SINCE OCT 1     14.4                       7.9    6.5      0.1
  SINCE JUL 1     14.4                       7.9    6.5      0.1
  SNOW DEPTH       2

DEGREE DAYS
 HEATING
  YESTERDAY       29                        33     -4       24
  MONTH TO DATE  428                       481    -53      433
  SINCE DEC 1   1210                      1326   -116      878
  SINCE JUL 1   1850                      2150   -300     1469

 COOLING
  YESTERDAY        0                         0      0        0
  MONTH TO DATE    0                         0      0        0
  SINCE DEC 1      0                         0      0        0
  SINCE JAN 1      0                         0      0        0
..................................................................


WIND (MPH)
  HIGHEST WIND SPEED    14   HIGHEST WIND DIRECTION     N (360)
  HIGHEST GUST SPEED    19   HIGHEST GUST DIRECTION     N (350)
  AVERAGE WIND SPEED     8.3


SKY COVER
  POSSIBLE SUNSHINE  MM
  AVERAGE SKY COVER 0.5


WEATHER CONDITIONS
 THE FOLLOWING WEATHER WAS RECORDED YESTERDAY.
  NO SIGNIFICANT WEATHER WAS OBSERVED.


RELATIVE HUMIDITY (PERCENT)
 HIGHEST    82          1200 AM
 LOWEST     41           200 PM
 AVERAGE    62

..........................................................


THE KENNEDY NY CLIMATE NORMALS FOR TODAY
                         NORMAL    RECORD    YEAR
 MAXIMUM TEMPERATURE (F)   39        56      2007
                                             1995
 MINIMUM TEMPERATURE (F)   26         1      2004


SUNRISE AND SUNSET
JANUARY 16 2017.......SUNRISE   716 AM EST   SUNSET   454 PM EST
JANUARY 17 2017.......SUNRISE   716 AM EST   SUNSET   455 PM EST


-  INDICATES NEGATIVE NUMBERS.
R  INDICATES RECORD WAS SET OR TIED.
MM INDICATES DATA IS MISSING.
T  INDICATES TRACE AMOUNT.




$$
