000
CDUS41 KOKX 062136
CLIJFK


CLIMATE REPORT
NATIONAL WEATHER SERVICE NEW YORK NY
436 PM EST FRI MAR 6 2015


...................................

...THE KENNEDY NY CLIMATE SUMMARY FOR MARCH 6 2015...
VALID TODAY AS OF 0400 PM LOCAL TIME.

CLIMATE NORMAL PERIOD 1981 TO 2010
CLIMATE RECORD PERIOD 1949 TO 2015


WEATHER ITEM   OBSERVED TIME   RECORD YEAR NORMAL DEPARTURE LAST
                VALUE   (LST)  VALUE       VALUE  FROM      YEAR
                                                  NORMAL
..................................................................
TEMPERATURE (F)
 TODAY
  MAXIMUM         25    110 PM  63    2004  46    -21       31
  MINIMUM         13R   640 AM  13    2007  32    -19       17
  AVERAGE         19                        39    -20       24

PRECIPITATION (IN)
  TODAY            0.00          2.34 1979   0.12  -0.12     0.00
  MONTH TO DATE    2.24                      0.67   1.57     0.04
  SINCE MAR 1      2.24                      0.67   1.57     0.04
  SINCE JAN 1      9.90                      6.42   3.48     7.64

SNOWFALL (IN)
  TODAY            0.0           2.8  2003   0.2   -0.2      0.0
  MONTH TO DATE   10.1                       1.1    9.0      0.6
  SINCE OCT 1     41.2                      20.6   20.6     45.5
  SINCE JUL 1     41.2                      20.6   20.6     45.5
  SNOW DEPTH       7

DEGREE DAYS
 HEATING
  TODAY           46                        26     20       41
  MONTH TO DATE  214                       160     54      221
  SINCE MAR 1    214                       160     54      221
  SINCE JUL 1   3906                      3671    235     3928

 COOLING
  TODAY            0                         0      0        0
  MONTH TO DATE    0                         0      0        0
  SINCE MAR 1      0                         0      0        0
  SINCE JAN 1      0                         0      0        0
..................................................................


WIND (MPH)
  HIGHEST WIND SPEED    24   HIGHEST WIND DIRECTION     N (340)
  HIGHEST GUST SPEED    29   HIGHEST GUST DIRECTION     N (340)
  AVERAGE WIND SPEED     9.5


SKY COVER
  AVERAGE SKY COVER 0.1


WEATHER CONDITIONS
 THE FOLLOWING WEATHER WAS RECORDED TODAY.
  HAZE


RELATIVE HUMIDITY (PERCENT)
 HIGHEST    58           600 AM
 LOWEST     35          1200 PM
 AVERAGE    47

..........................................................


THE KENNEDY NY CLIMATE NORMALS FOR TOMORROW
                         NORMAL    RECORD    YEAR
 MAXIMUM TEMPERATURE (F)   46        70      1987
 MINIMUM TEMPERATURE (F)   32        13      2007


SUNRISE AND SUNSET
MARCH  6 2015.........SUNRISE   622 AM EST   SUNSET   552 PM EST
MARCH  7 2015.........SUNRISE   620 AM EST   SUNSET   553 PM EST


-  INDICATES NEGATIVE NUMBERS.
R  INDICATES RECORD WAS SET OR TIED.
MM INDICATES DATA IS MISSING.
T  INDICATES TRACE AMOUNT.




$$
