000
CDUS43 KJKL 240613
CLIJKL

CLIMATE REPORT
NATIONAL WEATHER SERVICE JACKSON KY
212 AM EDT FRI OCT 24 2014

...................................

...THE JACKSON KY CLIMATE SUMMARY FOR OCTOBER 23 2014...

CLIMATE NORMAL PERIOD 1981 TO 2010
CLIMATE RECORD PERIOD 1981 TO 2014


WEATHER ITEM   OBSERVED TIME   RECORD YEAR NORMAL DEPARTURE LAST
                VALUE   (LST)  VALUE       VALUE  FROM      YEAR
                                                  NORMAL
..................................................................
TEMPERATURE (F)
 YESTERDAY
  MAXIMUM         59    433 PM  80    2001  66     -7       45
  MINIMUM         45    716 AM  29    1997  46     -1       34
  AVERAGE         52                        56     -4       40

PRECIPITATION (IN)
  YESTERDAY        0.00          2.32 2007   0.11  -0.11     0.09
  MONTH TO DATE    6.45                      2.30   4.15     1.46
  SINCE SEP 1      8.80                      5.76   3.04     2.73
  SINCE JAN 1     47.10                     39.31   7.79    45.95

SNOWFALL (IN)
  YESTERDAY        0.0                       0.0    0.0      0.0
  MONTH TO DATE    0.0                       0.0    0.0      0.0
  SINCE SEP 1      0.0                       0.0    0.0      0.0
  SINCE JUL 1      0.0                       0.0    0.0      0.0
  SNOW DEPTH       0

DEGREE DAYS
 HEATING
  YESTERDAY       13                         9      4       25
  MONTH TO DATE  186                       160     26      132
  SINCE SEP 1    219                       210      9      160
  SINCE JUL 1    222                       212     10      162

 COOLING
  YESTERDAY        0                         1     -1        0
  MONTH TO DATE   17                        29    -12       42
  SINCE SEP 1    162                       172    -10      173
  SINCE JAN 1   1163                      1150     13     1068
..................................................................


WIND (MPH)
  HIGHEST WIND SPEED     8   HIGHEST WIND DIRECTION    SE (120)
  HIGHEST GUST SPEED    12   HIGHEST GUST DIRECTION     E (110)
  AVERAGE WIND SPEED     0.3


SKY COVER
  POSSIBLE SUNSHINE  MM
  AVERAGE SKY COVER 0.5


WEATHER CONDITIONS
 THE FOLLOWING WEATHER WAS RECORDED YESTERDAY.
  NO SIGNIFICANT WEATHER WAS OBSERVED.


RELATIVE HUMIDITY (PERCENT)
 HIGHEST    86          1200 AM
 LOWEST     47           200 PM
 AVERAGE    67

..........................................................


THE JACKSON KY CLIMATE NORMALS FOR TODAY
                         NORMAL    RECORD    YEAR
 MAXIMUM TEMPERATURE (F)   66        85      1991
 MINIMUM TEMPERATURE (F)   46        26      1981


SUNRISE AND SUNSET
OCTOBER 24 2014.......SUNRISE   750 AM EDT   SUNSET   644 PM EDT
OCTOBER 25 2014.......SUNRISE   751 AM EDT   SUNSET   643 PM EDT


-  INDICATES NEGATIVE NUMBERS.
R  INDICATES RECORD WAS SET OR TIED.
MM INDICATES DATA IS MISSING.
T  INDICATES TRACE AMOUNT.




$$
