000
CDUS43 KJKL 220523
CLIJKL

CLIMATE REPORT
NATIONAL WEATHER SERVICE JACKSON KY
122 AM EDT TUE AUG 22 2017

...................................

...THE JACKSON KY CLIMATE SUMMARY FOR AUGUST 21 2017...

CLIMATE NORMAL PERIOD 1981 TO 2010
CLIMATE RECORD PERIOD 1981 TO 2017

WEATHER ITEM   OBSERVED TIME   RECORD YEAR NORMAL DEPARTURE LAST
                VALUE   (LST)  VALUE       VALUE  FROM      YEAR
                                                  NORMAL
..................................................................
TEMPERATURE (F)
 YESTERDAY
  MAXIMUM         88    347 PM  96    1983  84      4       79
  MINIMUM         68    608 AM  55    2001  65      3       64
  AVERAGE         78                        74      4       72

PRECIPITATION (IN)
  YESTERDAY        0.00          1.70 1990   0.11  -0.11     0.05
  MONTH TO DATE    3.21                      2.68   0.53     6.45
  SINCE JUN 1     13.55                     12.03   1.52    17.81
  SINCE JAN 1     36.97                     32.54   4.43    40.61

SNOWFALL (IN)
  YESTERDAY        0.0                       0.0    0.0      0.0
  MONTH TO DATE    0.0                       0.0    0.0      0.0
  SINCE JUN 1      0.0                       0.0    0.0      0.0
  SINCE JUL 1      0.0                       0.0    0.0      0.0
  SNOW DEPTH       0

DEGREE DAYS
 HEATING
  YESTERDAY        0                         0      0        0
  MONTH TO DATE    0                         0      0        0
  SINCE JUN 1      4                        12     -8        1
  SINCE JUL 1      0                         0      0        0

 COOLING
  YESTERDAY       13                        10      3        7
  MONTH TO DATE  191                       210    -19      278
  SINCE JUN 1    748                       754     -6      965
  SINCE JAN 1    947                       890     57     1106
..................................................................

WIND (MPH)
  HIGHEST WIND SPEED     6   HIGHEST WIND DIRECTION    SE (130)
  HIGHEST GUST SPEED     8   HIGHEST GUST DIRECTION     S (200)
  AVERAGE WIND SPEED     0.3

SKY COVER
  POSSIBLE SUNSHINE  MM
  AVERAGE SKY COVER 0.0

WEATHER CONDITIONS
 THE FOLLOWING WEATHER WAS RECORDED YESTERDAY.
  FOG

RELATIVE HUMIDITY (PERCENT)
 HIGHEST    93           500 AM
 LOWEST     55           400 PM
 AVERAGE    74
..........................................................

THE JACKSON KY CLIMATE NORMALS FOR TODAY
                         NORMAL    RECORD    YEAR
 MAXIMUM TEMPERATURE (F)   84        95      1983
 MINIMUM TEMPERATURE (F)   65        54      1985

SUNRISE AND SUNSET
AUGUST 22 2017........SUNRISE   655 AM EDT   SUNSET   816 PM EDT
AUGUST 23 2017........SUNRISE   656 AM EDT   SUNSET   815 PM EDT

-  INDICATES NEGATIVE NUMBERS.
R  INDICATES RECORD WAS SET OR TIED.
MM INDICATES DATA IS MISSING.
T  INDICATES TRACE AMOUNT.

$$

GEOGERIAN
