000
CDUS43 KJKL 130526
CLIJKL

CLIMATE REPORT
NATIONAL WEATHER SERVICE JACKSON KY
1226 AM EST SAT FEB 13 2016

...................................

...THE JACKSON KY CLIMATE SUMMARY FOR FEBRUARY 12 2016...

CLIMATE NORMAL PERIOD 1981 TO 2010
CLIMATE RECORD PERIOD 1981 TO 2016

WEATHER ITEM   OBSERVED TIME   RECORD YEAR NORMAL DEPARTURE LAST
                VALUE   (LST)  VALUE       VALUE  FROM      YEAR
                                                  NORMAL
..................................................................
TEMPERATURE (F)
 YESTERDAY
  MAXIMUM         33    231 PM  71    1984  47    -14       37
  MINIMUM         20    416 AM  -4    1981  29     -9       19
  AVERAGE         27                        38    -11       28

PRECIPITATION (IN)
  YESTERDAY        T             0.74 1999   0.13  -0.13     0.07
  MONTH TO DATE    2.07                      1.59   0.48     0.67
  SINCE DEC 1     10.00                      9.38   0.62     5.28
  SINCE JAN 1      5.36                      5.20   0.16     2.79

SNOWFALL (IN)
  YESTERDAY        0.1          12.0  1985   0.3   -0.2      1.6
  MONTH TO DATE    2.0                       3.4   -1.4      2.0
  SINCE DEC 1     23.4                      15.4    8.0      4.7
  SINCE JUL 1     23.4                      16.0    7.4      5.9
  SNOW DEPTH       T

DEGREE DAYS
 HEATING
  YESTERDAY       38                        27     11       37
  MONTH TO DATE  342                       337      5      343
  SINCE DEC 1   1756                      2103   -347     2067
  SINCE JUL 1   2354                      2903   -549     3057

 COOLING
  YESTERDAY        0                         0      0        0
  MONTH TO DATE    0                         0      0        0
  SINCE DEC 1      2                         1      1        0
  SINCE JAN 1      0                         0      0        0
..................................................................

WIND (MPH)
  HIGHEST WIND SPEED    20   HIGHEST WIND DIRECTION    NW (300)
  HIGHEST GUST SPEED    30   HIGHEST GUST DIRECTION    NW (300)
  AVERAGE WIND SPEED     4.8

SKY COVER
  POSSIBLE SUNSHINE  MM
  AVERAGE SKY COVER 0.9

WEATHER CONDITIONS
 THE FOLLOWING WEATHER WAS RECORDED YESTERDAY.
  LIGHT SNOW

RELATIVE HUMIDITY (PERCENT)
 HIGHEST    69           100 PM
 LOWEST     50          1200 AM
 AVERAGE    60

..........................................................

THE JACKSON KY CLIMATE NORMALS FOR TODAY
                         NORMAL    RECORD    YEAR
 MAXIMUM TEMPERATURE (F)   47        72      1990
 MINIMUM TEMPERATURE (F)   29         7      1988

SUNRISE AND SUNSET
FEBRUARY 13 2016......SUNRISE   726 AM EST   SUNSET   610 PM EST
FEBRUARY 14 2016......SUNRISE   724 AM EST   SUNSET   611 PM EST

-  INDICATES NEGATIVE NUMBERS.
R  INDICATES RECORD WAS SET OR TIED.
MM INDICATES DATA IS MISSING.
T  INDICATES TRACE AMOUNT.

$$
