000
CDUS43 KJKL 080544
CLIJKL

CLIMATE REPORT
NATIONAL WEATHER SERVICE JACKSON KY
1244 AM EST THU DEC 8 2016

...................................

...THE JACKSON KY CLIMATE SUMMARY FOR DECEMBER 7 2016...

CLIMATE NORMAL PERIOD 1981 TO 2010
CLIMATE RECORD PERIOD 1981 TO 2016

WEATHER ITEM   OBSERVED TIME   RECORD YEAR NORMAL DEPARTURE LAST
                VALUE   (LST)  VALUE       VALUE  FROM      YEAR
                                                  NORMAL
..................................................................
TEMPERATURE (F)
 YESTERDAY
  MAXIMUM         48    237 PM  72    2004  48      0       47
  MINIMUM         32    759 AM   5    1984  32      0       42
  AVERAGE         40                        40      0       45

PRECIPITATION (IN)
  YESTERDAY        0.00          1.12 1998   0.14  -0.14     0.10
  MONTH TO DATE    0.83                      0.98  -0.15     1.81
  SINCE DEC 1      0.83                      0.98  -0.15     1.81
  SINCE JAN 1     47.56                     45.14   2.42    54.49

SNOWFALL (IN)
  YESTERDAY        0.0           2.0  1995   0.1   -0.1      0.0
  MONTH TO DATE    0.0                       0.7   -0.7      0.0
  SINCE DEC 1      0.0                       0.7   -0.7      0.0
  SINCE JUL 1      0.0                       1.3   -1.3       T
  SNOW DEPTH       0

DEGREE DAYS
 HEATING
  YESTERDAY       25                        25      0       20
  MONTH TO DATE  162                       166     -4      145
  SINCE DEC 1    162                       166     -4      145
  SINCE JUL 1    688                       966   -278      743

 COOLING
  YESTERDAY        0                         0      0        0
  MONTH TO DATE    0                         0      0        0
  SINCE DEC 1      0                         0      0        0
  SINCE JAN 1   1580                      1154    426     1263
..................................................................

WIND (MPH)
  HIGHEST WIND SPEED     9   HIGHEST WIND DIRECTION    NW (300)
  HIGHEST GUST SPEED    14   HIGHEST GUST DIRECTION     W (280)
  AVERAGE WIND SPEED     2.3

SKY COVER
  POSSIBLE SUNSHINE  MM
  AVERAGE SKY COVER 0.4

WEATHER CONDITIONS
 THE FOLLOWING WEATHER WAS RECORDED YESTERDAY.
  NO SIGNIFICANT WEATHER WAS OBSERVED.

RELATIVE HUMIDITY (PERCENT)
 HIGHEST    85           500 AM
 LOWEST     42           300 PM
 AVERAGE    64
..........................................................

THE JACKSON KY CLIMATE NORMALS FOR TODAY
                         NORMAL    RECORD    YEAR
 MAXIMUM TEMPERATURE (F)   48        67      1987
 MINIMUM TEMPERATURE (F)   32        10      2006

SUNRISE AND SUNSET
DECEMBER  8 2016......SUNRISE   736 AM EST   SUNSET   515 PM EST
DECEMBER  9 2016......SUNRISE   737 AM EST   SUNSET   515 PM EST

-  INDICATES NEGATIVE NUMBERS.
R  INDICATES RECORD WAS SET OR TIED.
MM INDICATES DATA IS MISSING.
T  INDICATES TRACE AMOUNT.

$$

ABE
