000
CDUS43 KSGF 210626
CLIJLN


CLIMATE REPORT
NATIONAL WEATHER SERVICE SPRINGFIELD MO
125 AM CDT THU SEP 21 2017


...................................

...THE JOPLIN MO CLIMATE SUMMARY FOR SEPTEMBER 20 2017...

CLIMATE NORMAL PERIOD 1981 TO 2010
CLIMATE RECORD PERIOD 1902 TO 2017


WEATHER ITEM   OBSERVED TIME   RECORD YEAR NORMAL DEPARTURE LAST
                VALUE   (LST)  VALUE       VALUE  FROM      YEAR
                                                  NORMAL
..................................................................
TEMPERATURE (F)
 YESTERDAY
  MAXIMUM         92    327 PM  99    1954  80     12       93
  MINIMUM         74   1215 AM  38    1991  57     17       72
  AVERAGE         83                        69     14       83

PRECIPITATION (IN)
  YESTERDAY        0.00          1.07 1992   0.17  -0.17     0.00
  MONTH TO DATE    1.08                      3.33  -2.25     2.62
  SINCE SEP 1      1.08                      3.33  -2.25     2.62
  SINCE JAN 1     39.76                     34.30   5.46    32.40

DEGREE DAYS
 HEATING
  YESTERDAY        0                         2     -2        0
  MONTH TO DATE    4                        11     -7        0
  SINCE SEP 1      4                        11     -7        0
  SINCE JUL 1      4                        12     -8        0

 COOLING
  YESTERDAY       18                         6     12       18
  MONTH TO DATE  136                       171    -35      205
  SINCE SEP 1    136                       171    -35      205
  SINCE JAN 1   1568                      1598    -30     1692
..................................................................


WIND (MPH)
  HIGHEST WIND SPEED    22   HIGHEST WIND DIRECTION     S (180)
  HIGHEST GUST SPEED    29   HIGHEST GUST DIRECTION     S (190)
  AVERAGE WIND SPEED    14.4


SKY COVER
  AVERAGE SKY COVER 0.0


WEATHER CONDITIONS
 THE FOLLOWING WEATHER WAS RECORDED YESTERDAY.
  NO SIGNIFICANT WEATHER WAS OBSERVED.


RELATIVE HUMIDITY (PERCENT)
 HIGHEST    94           600 AM
 LOWEST     56           200 PM
 AVERAGE    75

..........................................................


THE JOPLIN MO CLIMATE NORMALS FOR TODAY
                         NORMAL    RECORD    YEAR
 MAXIMUM TEMPERATURE (F)   80        95      1956
 MINIMUM TEMPERATURE (F)   57        35      1983


SUNRISE AND SUNSET
SEPTEMBER 21 2017.....SUNRISE   705 AM CDT   SUNSET   716 PM CDT
SEPTEMBER 22 2017.....SUNRISE   706 AM CDT   SUNSET   714 PM CDT


-  INDICATES NEGATIVE NUMBERS.
R  INDICATES RECORD WAS SET OR TIED.
MM INDICATES DATA IS MISSING.
T  INDICATES TRACE AMOUNT.




$$
