000
CDUS43 KSGF 242230
CLIJLN


CLIMATE REPORT
NATIONAL WEATHER SERVICE SPRINGFIELD MO
530 PM CDT MON JUL 24 2017


...................................

...THE JOPLIN MO CLIMATE SUMMARY FOR JULY 24 2017...
VALID TODAY AS OF 0500 PM LOCAL TIME.

CLIMATE NORMAL PERIOD 1981 TO 2010
CLIMATE RECORD PERIOD 1902 TO 2017


WEATHER ITEM   OBSERVED TIME   RECORD YEAR NORMAL DEPARTURE LAST
                VALUE   (LST)  VALUE       VALUE  FROM      YEAR
                                                  NORMAL
..................................................................
TEMPERATURE (F)
 TODAY
  MAXIMUM         97    353 PM 103    2011  91      6       98
  MINIMUM         70    512 AM  57    2000  70      0       78
  AVERAGE         84                        81      3       88

PRECIPITATION (IN)
  TODAY            0.00          0.89 2010   0.11  -0.11     0.00
  MONTH TO DATE    2.07                      3.09  -1.02     4.77
  SINCE JUN 1      6.25                      8.95  -2.70    10.89
  SINCE JAN 1     32.18                     26.90   5.28    24.99

DEGREE DAYS
 HEATING
  TODAY            0                         0      0        0
  MONTH TO DATE    0                         0      0        0
  SINCE JUN 1      0                         5     -5        0
  SINCE JUL 1      0                         0      0        0

 COOLING
  TODAY           19                        16      3       23
  MONTH TO DATE  422                       363     59      388
  SINCE JUN 1    751                       681     70      811
  SINCE JAN 1    958                       861     97      925
..................................................................


WIND (MPH)
  HIGHEST WIND SPEED    10   HIGHEST WIND DIRECTION     S (190)
  HIGHEST GUST SPEED    12   HIGHEST GUST DIRECTION     N (350)


SKY COVER
  AVERAGE SKY COVER 0.1


WEATHER CONDITIONS
 THE FOLLOWING WEATHER WAS RECORDED TODAY.
  NO SIGNIFICANT WEATHER WAS OBSERVED.


RELATIVE HUMIDITY (PERCENT)
 HIGHEST   100           600 AM
 LOWEST     45           300 PM
 AVERAGE    73

..........................................................


THE JOPLIN MO CLIMATE NORMALS FOR TOMORROW
                         NORMAL    RECORD    YEAR
 MAXIMUM TEMPERATURE (F)   91       104      2012
 MINIMUM TEMPERATURE (F)   70        59      1991


SUNRISE AND SUNSET
JULY 24 2017..........SUNRISE   617 AM CDT   SUNSET   832 PM CDT
JULY 25 2017..........SUNRISE   617 AM CDT   SUNSET   831 PM CDT


-  INDICATES NEGATIVE NUMBERS.
R  INDICATES RECORD WAS SET OR TIED.
MM INDICATES DATA IS MISSING.
T  INDICATES TRACE AMOUNT.




$$
