000
CDUS43 KSGF 250638
CLIJLN


CLIMATE REPORT
NATIONAL WEATHER SERVICE SPRINGFIELD MO
1238 AM CST SAT NOV 25 2017


...................................

...THE JOPLIN MO CLIMATE SUMMARY FOR NOVEMBER 24 2017...

CLIMATE NORMAL PERIOD 1981 TO 2010
CLIMATE RECORD PERIOD 1902 TO 2017


WEATHER ITEM   OBSERVED TIME   RECORD YEAR NORMAL DEPARTURE LAST
                VALUE   (LST)  VALUE       VALUE  FROM      YEAR
                                                  NORMAL
..................................................................
TEMPERATURE (F)
 YESTERDAY
  MAXIMUM         75    252 PM  76    2006  55     20       59
  MINIMUM         49    648 AM  10    1950  34     15       40
  AVERAGE         62                        44     18       50

PRECIPITATION (IN)
  YESTERDAY        0.00          3.35 1987   0.12  -0.12     0.00
  MONTH TO DATE    0.26                      3.06  -2.80     0.87
  SINCE SEP 1      6.06                     12.04  -5.98     8.86
  SINCE JAN 1     44.74                     43.01   1.73    38.64

DEGREE DAYS
 HEATING
  YESTERDAY        3                        21    -18       15
  MONTH TO DATE  348                       372    -24      240
  SINCE SEP 1    579                       623    -44      342
  SINCE JUL 1    579                       624    -45      342

 COOLING
  YESTERDAY        0                         0      0        0
  MONTH TO DATE    1                         5     -4       27
  SINCE SEP 1    318                       269     49      391
  SINCE JAN 1   1750                      1696     54     1878
..................................................................


WIND (MPH)
  HIGHEST WIND SPEED    29   HIGHEST WIND DIRECTION    SW (210)
  HIGHEST GUST SPEED    37   HIGHEST GUST DIRECTION    SW (210)
  AVERAGE WIND SPEED    13.6


SKY COVER
  AVERAGE SKY COVER 0.0


WEATHER CONDITIONS
 THE FOLLOWING WEATHER WAS RECORDED YESTERDAY.
  NO SIGNIFICANT WEATHER WAS OBSERVED.


RELATIVE HUMIDITY (PERCENT)
 HIGHEST    50          1200 AM
 LOWEST     25           100 PM
 AVERAGE    38

..........................................................


THE JOPLIN MO CLIMATE NORMALS FOR TODAY
                         NORMAL    RECORD    YEAR
 MAXIMUM TEMPERATURE (F)   54        78      1965
 MINIMUM TEMPERATURE (F)   34        14      1950


SUNRISE AND SUNSET
NOVEMBER 25 2017......SUNRISE   707 AM CST   SUNSET   502 PM CST
NOVEMBER 26 2017......SUNRISE   708 AM CST   SUNSET   502 PM CST


-  INDICATES NEGATIVE NUMBERS.
R  INDICATES RECORD WAS SET OR TIED.
MM INDICATES DATA IS MISSING.
T  INDICATES TRACE AMOUNT.




$$
