000
CDUS43 KSGF 272328
CLIJLN


CLIMATE REPORT
NATIONAL WEATHER SERVICE SPRINGFIELD MO
527 PM CST MON FEB 27 2017


...................................

...THE JOPLIN MO CLIMATE SUMMARY FOR FEBRUARY 27 2017...
VALID TODAY AS OF 0500 PM LOCAL TIME.

CLIMATE NORMAL PERIOD 1981 TO 2010
CLIMATE RECORD PERIOD 1902 TO 2017


WEATHER ITEM   OBSERVED TIME   RECORD YEAR NORMAL DEPARTURE LAST
                VALUE   (LST)  VALUE       VALUE  FROM      YEAR
                                                  NORMAL
..................................................................
TEMPERATURE (F)
 TODAY
  MAXIMUM         69    441 PM  76    1976  54     15       71
  MINIMUM         31    146 AM   8    2015  33     -2       38
  AVERAGE         50                        44      6       55

PRECIPITATION (IN)
  TODAY            0.00          0.88 1987   0.09  -0.09     0.00
  MONTH TO DATE    0.34                      2.22  -1.88     0.37
  SINCE DEC 1      4.58                      7.07  -2.49    10.44
  SINCE JAN 1      3.99                      4.25  -0.26     0.67

DEGREE DAYS
 HEATING
  TODAY           15                        21     -6       10
  MONTH TO DATE  440                       683   -243      594
  SINCE DEC 1   2097                      2475   -378     2111
  SINCE JUL 1   2552                      3232   -680     2729

 COOLING
  TODAY            0                         0      0        0
  MONTH TO DATE    7                         0      7        1
  SINCE DEC 1      7                         0      7        4
  SINCE JAN 1      7                         0      7        1
..................................................................


WIND (MPH)
  HIGHEST WIND SPEED    22   HIGHEST WIND DIRECTION     S (170)
  HIGHEST GUST SPEED    29   HIGHEST GUST DIRECTION     S (180)


SKY COVER
  AVERAGE SKY COVER 0.2


WEATHER CONDITIONS
 THE FOLLOWING WEATHER WAS RECORDED TODAY.
  NO SIGNIFICANT WEATHER WAS OBSERVED.


RELATIVE HUMIDITY (PERCENT)
 HIGHEST    96          1200 AM
 LOWEST     44           100 PM
 AVERAGE    70

..........................................................


THE JOPLIN MO CLIMATE NORMALS FOR TOMORROW
                         NORMAL    RECORD    YEAR
 MAXIMUM TEMPERATURE (F)   55        78      1972
                                             2006
 MINIMUM TEMPERATURE (F)   33         2      1962


SUNRISE AND SUNSET
FEBRUARY 27 2017......SUNRISE   651 AM CST   SUNSET   610 PM CST
FEBRUARY 28 2017......SUNRISE   650 AM CST   SUNSET   611 PM CST


-  INDICATES NEGATIVE NUMBERS.
R  INDICATES RECORD WAS SET OR TIED.
MM INDICATES DATA IS MISSING.
T  INDICATES TRACE AMOUNT.




$$
