806
CDUS43 KBIS 060751
CLIJMS


CLIMATE REPORT
NATIONAL WEATHER SERVICE BISMARCK ND
150 AM CST TUE DEC 6 2016


...................................

...THE JAMESTOWN ND CLIMATE SUMMARY FOR DECEMBER 5 2016...

CLIMATE NORMAL PERIOD 1981 TO 2010
CLIMATE RECORD PERIOD 1891 TO 2016


WEATHER ITEM   OBSERVED TIME   RECORD YEAR NORMAL DEPARTURE LAST
                VALUE   (LST)  VALUE       VALUE  FROM      YEAR
                                                  NORMAL
..................................................................
TEMPERATURE (F)
 YESTERDAY
  MAXIMUM         29    329 PM  61    1939  26      3       41
  MINIMUM         18   1254 AM -23    1950   9      9       28
  AVERAGE         24                        17      7       35

PRECIPITATION (IN)
  YESTERDAY        0.11          1.07 1960   0.01   0.10     0.00
  MONTH TO DATE    0.11                      0.07   0.04     0.01
  SINCE DEC 1      0.11                      0.07   0.04     0.01
  SINCE JAN 1     24.97                     18.44   6.53    22.25

DEGREE DAYS
 HEATING
  YESTERDAY       41                        48     -7       30
  MONTH TO DATE  191                       234    -43      187
  SINCE DEC 1    191                       234    -43      187
  SINCE JUL 1   1752                      2318   -566     1835

 COOLING
  YESTERDAY        0                         0      0        0
  MONTH TO DATE    0                         0      0        0
  SINCE DEC 1      0                         0      0        0
  SINCE JAN 1    419                       446    -27      508
..................................................................


WIND (MPH)
  HIGHEST WIND SPEED    30   HIGHEST WIND DIRECTION    NW (310)
  HIGHEST GUST SPEED    37   HIGHEST GUST DIRECTION    NW (300)
  AVERAGE WIND SPEED    10.9


SKY COVER
  POSSIBLE SUNSHINE  MM
  AVERAGE SKY COVER 0.7


WEATHER CONDITIONS
 THE FOLLOWING WEATHER WAS RECORDED YESTERDAY.
  HEAVY SNOW
  SNOW
  LIGHT SNOW
  FOG
  FOG W/VISIBILITY <= 1/4 MILE


RELATIVE HUMIDITY (PERCENT)
 HIGHEST    96           500 AM
 LOWEST     88           300 AM
 AVERAGE    92

..........................................................


THE JAMESTOWN ND CLIMATE NORMALS FOR TODAY
                         NORMAL    RECORD    YEAR
 MAXIMUM TEMPERATURE (F)   26        67      1939
 MINIMUM TEMPERATURE (F)    8       -26      1972


SUNRISE AND SUNSET
DECEMBER  6 2016......SUNRISE   806 AM CST   SUNSET   446 PM CST
DECEMBER  7 2016......SUNRISE   807 AM CST   SUNSET   446 PM CST


-  INDICATES NEGATIVE NUMBERS.
R  INDICATES RECORD WAS SET OR TIED.
MM INDICATES DATA IS MISSING.
T  INDICATES TRACE AMOUNT.




$$
