000
CDUS43 KBIS 200727
CLIJMS


CLIMATE REPORT
NATIONAL WEATHER SERVICE BISMARCK ND
226 AM CDT SUN APR 20 2014


...................................

...THE JAMESTOWN ND CLIMATE SUMMARY FOR APRIL 19 2014...

CLIMATE NORMAL PERIOD 1981 TO 2010
CLIMATE RECORD PERIOD 1891 TO 2014


WEATHER ITEM   OBSERVED TIME   RECORD YEAR NORMAL DEPARTURE LAST
                VALUE   (LST)  VALUE       VALUE  FROM      YEAR
                                                  NORMAL
..................................................................
TEMPERATURE (F)
 YESTERDAY
  MAXIMUM         67    416 PM  82    1987  57     10       32
  MINIMUM         32   1151 PM  12    1922  32      0       19
  AVERAGE         50                        44      6       26

PRECIPITATION (IN)
  YESTERDAY        0.00          0.54 1974   0.03  -0.03     0.00
  MONTH TO DATE    0.11                      0.63  -0.52     0.22
  SINCE MAR 1      0.27                      1.47  -1.20     0.50
  SINCE JAN 1      0.66                      2.32  -1.66     0.99

DEGREE DAYS
 HEATING
  YESTERDAY       15                        21     -6       39
  MONTH TO DATE  559                       480     79      718
  SINCE MAR 1   1830                      1641    189     2277
  SINCE JUL 1   9098                      8400    698     9024

 COOLING
  YESTERDAY        0                         0      0        0
  MONTH TO DATE    0                         0      0        0
  SINCE MAR 1      0                         0      0        0
  SINCE JAN 1      0                         0      0        0
..................................................................


WIND (MPH)
  HIGHEST WIND SPEED    31   HIGHEST WIND DIRECTION     W (290)
  HIGHEST GUST SPEED    38   HIGHEST GUST DIRECTION     W (290)
  AVERAGE WIND SPEED    13.8


SKY COVER
  POSSIBLE SUNSHINE  MM
  AVERAGE SKY COVER 0.0


WEATHER CONDITIONS
 THE FOLLOWING WEATHER WAS RECORDED YESTERDAY.
  NO SIGNIFICANT WEATHER WAS OBSERVED.


RELATIVE HUMIDITY (PERCENT)
 HIGHEST    86           600 AM
 LOWEST     26           400 PM
 AVERAGE    56

..........................................................


THE JAMESTOWN ND CLIMATE NORMALS FOR TODAY
                         NORMAL    RECORD    YEAR
 MAXIMUM TEMPERATURE (F)   58        92      1980
 MINIMUM TEMPERATURE (F)   32        13      2013


SUNRISE AND SUNSET
APRIL 20 2014.........SUNRISE   638 AM CDT   SUNSET   830 PM CDT
APRIL 21 2014.........SUNRISE   636 AM CDT   SUNSET   831 PM CDT


-  INDICATES NEGATIVE NUMBERS.
R  INDICATES RECORD WAS SET OR TIED.
MM INDICATES DATA IS MISSING.
T  INDICATES TRACE AMOUNT.




$$
