000
CDUS43 KBIS 300725
CLIJMS


CLIMATE REPORT
NATIONAL WEATHER SERVICE BISMARCK ND
125 AM CST FRI JAN 30 2015


...................................

...THE JAMESTOWN ND CLIMATE SUMMARY FOR JANUARY 29 2015...

CLIMATE NORMAL PERIOD 1981 TO 2010
CLIMATE RECORD PERIOD 1891 TO 2015


WEATHER ITEM   OBSERVED TIME   RECORD YEAR NORMAL DEPARTURE LAST
                VALUE   (LST)  VALUE       VALUE  FROM      YEAR
                                                  NORMAL
..................................................................
TEMPERATURE (F)
 YESTERDAY
  MAXIMUM         27    424 AM  50    1931  21      6       25
  MINIMUM         16   1042 PM -36    1951   1     15        1
  AVERAGE         22                        11     11       13

PRECIPITATION (IN)
  YESTERDAY        T             0.27 1984   0.01  -0.01     0.00
  MONTH TO DATE    0.27                      0.43  -0.16     0.29
  SINCE DEC 1      0.30                      0.83  -0.53     0.55
  SINCE JAN 1      0.27                      0.43  -0.16     0.29

DEGREE DAYS
 HEATING
  YESTERDAY       43                        54    -11       52
  MONTH TO DATE 1407                      1591   -184     1622
  SINCE DEC 1   2870                      3167   -297     3484
  SINCE JUL 1   5033                      5251   -218     5492

 COOLING
  YESTERDAY        0                         0      0        0
  MONTH TO DATE    0                         0      0        0
  SINCE DEC 1      0                         0      0        0
  SINCE JAN 1      0                         0      0        0
..................................................................


WIND (MPH)
  HIGHEST WIND SPEED    30   HIGHEST WIND DIRECTION    NW (330)
  HIGHEST GUST SPEED    35   HIGHEST GUST DIRECTION    NW (330)
  AVERAGE WIND SPEED    14.5


SKY COVER
  POSSIBLE SUNSHINE  MM
  AVERAGE SKY COVER 1.0


WEATHER CONDITIONS
 THE FOLLOWING WEATHER WAS RECORDED YESTERDAY.
  LIGHT SNOW


RELATIVE HUMIDITY (PERCENT)
 HIGHEST    84           800 AM
 LOWEST     67           100 PM
 AVERAGE    76

..........................................................


THE JAMESTOWN ND CLIMATE NORMALS FOR TODAY
                         NORMAL    RECORD    YEAR
 MAXIMUM TEMPERATURE (F)   21        47      1934
 MINIMUM TEMPERATURE (F)    1       -40      1918


SUNRISE AND SUNSET
JANUARY 30 2015.......SUNRISE   802 AM CST   SUNSET   534 PM CST
JANUARY 31 2015.......SUNRISE   801 AM CST   SUNSET   536 PM CST


-  INDICATES NEGATIVE NUMBERS.
R  INDICATES RECORD WAS SET OR TIED.
MM INDICATES DATA IS MISSING.
T  INDICATES TRACE AMOUNT.




$$
