000
CDUS43 KBIS 210812
CLIJMS


CLIMATE REPORT
NATIONAL WEATHER SERVICE BISMARCK ND
211 AM CST SAT JAN 21 2017


...................................

...THE JAMESTOWN ND CLIMATE SUMMARY FOR JANUARY 20 2017...

CLIMATE NORMAL PERIOD 1981 TO 2010
CLIMATE RECORD PERIOD 1891 TO 2017


WEATHER ITEM   OBSERVED TIME   RECORD YEAR NORMAL DEPARTURE LAST
                VALUE   (LST)  VALUE       VALUE  FROM      YEAR
                                                  NORMAL
..................................................................
TEMPERATURE (F)
 YESTERDAY
  MAXIMUM         34    320 PM  55    1908  20     14       23
  MINIMUM         33   1159 PM -29    1954   0     33       15
  AVERAGE         34                        10     24       19

PRECIPITATION (IN)
  YESTERDAY        0.00          0.45 1937   0.02  -0.02     0.00
  MONTH TO DATE    0.21                      0.32  -0.11      T
  SINCE DEC 1      1.50                      0.72   0.78     0.14
  SINCE JAN 1      0.21                      0.32  -0.11      T

DEGREE DAYS
 HEATING
  YESTERDAY       31                        55    -24       46
  MONTH TO DATE 1206                      1098    108     1122
  SINCE DEC 1   2820                      2674    146     2485
  SINCE JUL 1   4381                      4758   -377     4133

 COOLING
  YESTERDAY        0                         0      0        0
  MONTH TO DATE    0                         0      0        0
  SINCE DEC 1      0                         0      0        0
  SINCE JAN 1      0                         0      0        0
..................................................................


WIND (MPH)
  HIGHEST WIND SPEED    16   HIGHEST WIND DIRECTION    SE (120)
  HIGHEST GUST SPEED    19   HIGHEST GUST DIRECTION     E (110)
  AVERAGE WIND SPEED    10.7


SKY COVER
  POSSIBLE SUNSHINE  MM
  AVERAGE SKY COVER 1.0


WEATHER CONDITIONS
 THE FOLLOWING WEATHER WAS RECORDED YESTERDAY.
  FOG
  FOG W/VISIBILITY <= 1/4 MILE


RELATIVE HUMIDITY (PERCENT)
 HIGHEST   100          1200 AM
 LOWEST    100          1200 AM
 AVERAGE   100

..........................................................


THE JAMESTOWN ND CLIMATE NORMALS FOR TODAY
                         NORMAL    RECORD    YEAR
 MAXIMUM TEMPERATURE (F)   20        49      1942
 MINIMUM TEMPERATURE (F)    0       -32      1954


SUNRISE AND SUNSET
JANUARY 21 2017.......SUNRISE   811 AM CST   SUNSET   522 PM CST
JANUARY 22 2017.......SUNRISE   810 AM CST   SUNSET   523 PM CST


-  INDICATES NEGATIVE NUMBERS.
R  INDICATES RECORD WAS SET OR TIED.
MM INDICATES DATA IS MISSING.
T  INDICATES TRACE AMOUNT.




$$
