000
CDUS43 KBIS 210726
CLIJMS


CLIMATE REPORT
NATIONAL WEATHER SERVICE BISMARCK ND
226 AM CDT THU AUG 21 2014


...................................

...THE JAMESTOWN ND CLIMATE SUMMARY FOR AUGUST 20 2014...

CLIMATE NORMAL PERIOD 1981 TO 2010
CLIMATE RECORD PERIOD 1891 TO 2014


WEATHER ITEM   OBSERVED TIME   RECORD YEAR NORMAL DEPARTURE LAST
                VALUE   (LST)  VALUE       VALUE  FROM      YEAR
                                                  NORMAL
..................................................................
TEMPERATURE (F)
 YESTERDAY
  MAXIMUM         82    241 PM 102    1976  81      1      101
  MINIMUM         64    622 AM  29    1907  55      9       67
  AVERAGE         73                        68      5       84

PRECIPITATION (IN)
  YESTERDAY        0.21          0.57 1980   0.08   0.13      T
  MONTH TO DATE    1.56                      1.29   0.27     0.62
  SINCE JUN 1      8.74                      7.83   0.91     3.02
  SINCE JAN 1     17.18                     13.38   3.80     8.61

DEGREE DAYS
 HEATING
  YESTERDAY        0                         1     -1        0
  MONTH TO DATE    1                        19    -18       21
  SINCE JUN 1     88                       138    -50      129
  SINCE JUL 1     29                        41    -12       44

 COOLING
  YESTERDAY        8                         4      4       19
  MONTH TO DATE   93                       107    -14       56
  SINCE JUN 1    266                       359    -93      338
  SINCE JAN 1    320                       379    -59      349
..................................................................


WIND (MPH)
  HIGHEST WIND SPEED    24   HIGHEST WIND DIRECTION     E (100)
  HIGHEST GUST SPEED    31   HIGHEST GUST DIRECTION     E (100)
  AVERAGE WIND SPEED     9.7


SKY COVER
  POSSIBLE SUNSHINE  MM
  AVERAGE SKY COVER 0.1


WEATHER CONDITIONS
 THE FOLLOWING WEATHER WAS RECORDED YESTERDAY.
  THUNDERSTORM
  RAIN
  LIGHT RAIN
  FOG


RELATIVE HUMIDITY (PERCENT)
 HIGHEST    93           400 AM
 LOWEST     58           200 PM
 AVERAGE    76

..........................................................


THE JAMESTOWN ND CLIMATE NORMALS FOR TODAY
                         NORMAL    RECORD    YEAR
 MAXIMUM TEMPERATURE (F)   81       105      1947
 MINIMUM TEMPERATURE (F)   54        38      1907


SUNRISE AND SUNSET
AUGUST 21 2014........SUNRISE   640 AM CDT   SUNSET   835 PM CDT
AUGUST 22 2014........SUNRISE   641 AM CDT   SUNSET   833 PM CDT


-  INDICATES NEGATIVE NUMBERS.
R  INDICATES RECORD WAS SET OR TIED.
MM INDICATES DATA IS MISSING.
T  INDICATES TRACE AMOUNT.




$$
