000
CDUS43 KBIS 230739
CLIJMS


CLIMATE REPORT
NATIONAL WEATHER SERVICE BISMARCK ND
239 AM CDT THU MAR 23 2017


...................................

...THE JAMESTOWN ND CLIMATE SUMMARY FOR MARCH 22 2017...

CLIMATE NORMAL PERIOD 1981 TO 2010
CLIMATE RECORD PERIOD 1891 TO 2017


WEATHER ITEM   OBSERVED TIME   RECORD YEAR NORMAL DEPARTURE LAST
                VALUE   (LST)  VALUE       VALUE  FROM      YEAR
                                                  NORMAL
..................................................................
TEMPERATURE (F)
 YESTERDAY
  MAXIMUM         34    439 PM  73    1945  40     -6       46
  MINIMUM         17    305 AM -18    1899  21     -4       28
  AVERAGE         26                        30     -4       37

PRECIPITATION (IN)
  YESTERDAY        0.02          1.00 1893   0.03  -0.01     0.00
  MONTH TO DATE    0.02                      0.56  -0.54     0.32
  SINCE MAR 1      0.02                      0.56  -0.54     0.32
  SINCE JAN 1      0.44                      1.41  -0.97     0.43

DEGREE DAYS
 HEATING
  YESTERDAY       39                        35      4       28
  MONTH TO DATE  937                       872     65      616
  SINCE MAR 1    937                       872     65      616
  SINCE JUL 1   6946                      7631   -685     6358

 COOLING
  YESTERDAY        0                         0      0        0
  MONTH TO DATE    0                         0      0        0
  SINCE MAR 1      0                         0      0        0
  SINCE JAN 1      0                         0      0        0
..................................................................


WIND (MPH)
  HIGHEST WIND SPEED    31   HIGHEST WIND DIRECTION    SE (150)
  HIGHEST GUST SPEED    39   HIGHEST GUST DIRECTION    SE (150)
  AVERAGE WIND SPEED    18.4


SKY COVER
  POSSIBLE SUNSHINE  MM
  AVERAGE SKY COVER 0.6


WEATHER CONDITIONS
 THE FOLLOWING WEATHER WAS RECORDED YESTERDAY.
  SNOW
  LIGHT SNOW
  FOG


RELATIVE HUMIDITY (PERCENT)
 HIGHEST    84           300 AM
 LOWEST     63          1000 AM
 AVERAGE    74

..........................................................


THE JAMESTOWN ND CLIMATE NORMALS FOR TODAY
                         NORMAL    RECORD    YEAR
 MAXIMUM TEMPERATURE (F)   41        79      1963
 MINIMUM TEMPERATURE (F)   21       -23      1899


SUNRISE AND SUNSET
MARCH 23 2017.........SUNRISE   731 AM CDT   SUNSET   752 PM CDT
MARCH 24 2017.........SUNRISE   729 AM CDT   SUNSET   753 PM CDT


-  INDICATES NEGATIVE NUMBERS.
R  INDICATES RECORD WAS SET OR TIED.
MM INDICATES DATA IS MISSING.
T  INDICATES TRACE AMOUNT.




$$
