000
CDUS43 KBIS 260726
CLIJMS


CLIMATE REPORT
NATIONAL WEATHER SERVICE BISMARCK ND
225 AM CDT TUE JUL 26 2016


...................................

...THE JAMESTOWN ND CLIMATE SUMMARY FOR JULY 25 2016...

CLIMATE NORMAL PERIOD 1981 TO 2010
CLIMATE RECORD PERIOD 1891 TO 2016


WEATHER ITEM   OBSERVED TIME   RECORD YEAR NORMAL DEPARTURE LAST
                VALUE   (LST)  VALUE       VALUE  FROM      YEAR
                                                  NORMAL
..................................................................
TEMPERATURE (F)
 YESTERDAY
  MAXIMUM         90    454 PM 102    1941  83      7       83
  MINIMUM         58    544 AM  41    1924  58      0       60
  AVERAGE         74                        71      3       72

PRECIPITATION (IN)
  YESTERDAY        T             1.30 1901   0.09  -0.09     0.05
  MONTH TO DATE    3.89                      2.85   1.04     2.74
  SINCE JUN 1      6.34                      6.04   0.30     8.40
  SINCE JAN 1     12.17                     11.59   0.58    18.56

DEGREE DAYS
 HEATING
  YESTERDAY        0                         0      0        0
  MONTH TO DATE    7                        19    -12        9
  SINCE JUN 1     56                       116    -60       51
  SINCE JUL 1      7                        19    -12        9

 COOLING
  YESTERDAY        9                         6      3        7
  MONTH TO DATE  134                       139     -5      149
  SINCE JUN 1    238                       219     19      251
  SINCE JAN 1    252                       239     13      259
..................................................................


WIND (MPH)
  HIGHEST WIND SPEED    21   HIGHEST WIND DIRECTION     S (190)
  HIGHEST GUST SPEED    26   HIGHEST GUST DIRECTION     S (200)
  AVERAGE WIND SPEED     6.4


SKY COVER
  POSSIBLE SUNSHINE  MM
  AVERAGE SKY COVER 0.0


WEATHER CONDITIONS
 THE FOLLOWING WEATHER WAS RECORDED YESTERDAY.
  NO SIGNIFICANT WEATHER WAS OBSERVED.


RELATIVE HUMIDITY (PERCENT)
 HIGHEST   100           500 AM
 LOWEST     38           200 PM
 AVERAGE    69

..........................................................


THE JAMESTOWN ND CLIMATE NORMALS FOR TODAY
                         NORMAL    RECORD    YEAR
 MAXIMUM TEMPERATURE (F)   84       106      1931
 MINIMUM TEMPERATURE (F)   58        40      1924


SUNRISE AND SUNSET
JULY 26 2016..........SUNRISE   608 AM CDT   SUNSET   914 PM CDT
JULY 27 2016..........SUNRISE   609 AM CDT   SUNSET   913 PM CDT


-  INDICATES NEGATIVE NUMBERS.
R  INDICATES RECORD WAS SET OR TIED.
MM INDICATES DATA IS MISSING.
T  INDICATES TRACE AMOUNT.




$$
