000
CDUS43 KBIS 290731
CLIJMS


CLIMATE REPORT
NATIONAL WEATHER SERVICE BISMARCK ND
230 AM CDT SAT APR 29 2017


...................................

...THE JAMESTOWN ND CLIMATE SUMMARY FOR APRIL 28 2017...

CLIMATE NORMAL PERIOD 1981 TO 2010
CLIMATE RECORD PERIOD 1891 TO 2017


WEATHER ITEM   OBSERVED TIME   RECORD YEAR NORMAL DEPARTURE LAST
                VALUE   (LST)  VALUE       VALUE  FROM      YEAR
                                                  NORMAL
..................................................................
TEMPERATURE (F)
 YESTERDAY
  MAXIMUM         55    326 PM  92    1952  62     -7       57
  MINIMUM         26    554 AM  16    2008  35     -9       37
  AVERAGE         41                        48     -7       47

PRECIPITATION (IN)
  YESTERDAY        0.00          2.30 1896   0.06  -0.06     0.00
  MONTH TO DATE    1.40                      1.07   0.33     2.57
  SINCE MAR 1      1.48                      1.91  -0.43     2.93
  SINCE JAN 1      1.90                      2.76  -0.86     3.04

DEGREE DAYS
 HEATING
  YESTERDAY       24                        17      7       18
  MONTH TO DATE  609                       645    -36      653
  SINCE MAR 1   1764                      1806    -42     1511
  SINCE JUL 1   7773                      8565   -792     7253

 COOLING
  YESTERDAY        0                         0      0        0
  MONTH TO DATE    0                         0      0        0
  SINCE MAR 1      0                         0      0        0
  SINCE JAN 1      0                         0      0        0
..................................................................


WIND (MPH)
  HIGHEST WIND SPEED    18   HIGHEST WIND DIRECTION     N (10)
  HIGHEST GUST SPEED    26   HIGHEST GUST DIRECTION     N (360)
  AVERAGE WIND SPEED     8.3


SKY COVER
  POSSIBLE SUNSHINE  MM
  AVERAGE SKY COVER 0.0


WEATHER CONDITIONS
 THE FOLLOWING WEATHER WAS RECORDED YESTERDAY.
  NO SIGNIFICANT WEATHER WAS OBSERVED.


RELATIVE HUMIDITY (PERCENT)
 HIGHEST    92           300 AM
 LOWEST     24           300 PM
 AVERAGE    58

..........................................................


THE JAMESTOWN ND CLIMATE NORMALS FOR TODAY
                         NORMAL    RECORD    YEAR
 MAXIMUM TEMPERATURE (F)   62        92      1934
 MINIMUM TEMPERATURE (F)   36        14      1958


SUNRISE AND SUNSET
APRIL 29 2017.........SUNRISE   622 AM CDT   SUNSET   843 PM CDT
APRIL 30 2017.........SUNRISE   620 AM CDT   SUNSET   844 PM CDT


-  INDICATES NEGATIVE NUMBERS.
R  INDICATES RECORD WAS SET OR TIED.
MM INDICATES DATA IS MISSING.
T  INDICATES TRACE AMOUNT.




$$
