000
CDUS43 KBIS 260053
CLIJMS


CLIMATE REPORT
NATIONAL WEATHER SERVICE BISMARCK ND
753 PM CDT SAT OCT 25 2014


...................................

...THE JAMESTOWN ND CLIMATE SUMMARY FOR OCTOBER 25 2014...
VALID TODAY AS OF 0700 PM LOCAL TIME.

CLIMATE NORMAL PERIOD 1981 TO 2010
CLIMATE RECORD PERIOD 1891 TO 2014


WEATHER ITEM   OBSERVED TIME   RECORD YEAR NORMAL DEPARTURE LAST
                VALUE   (LST)  VALUE       VALUE  FROM      YEAR
                                                  NORMAL
..................................................................
TEMPERATURE (F)
 TODAY
  MAXIMUM         61    328 PM  82    1989  51     10       59
  MINIMUM         37    503 AM   5    1919  29      8       27
  AVERAGE         49                        40      9       43

PRECIPITATION (IN)
  TODAY            0.00          0.54 2010   0.05  -0.05     0.00
  MONTH TO DATE    0.42                      1.32  -0.90     4.49
  SINCE SEP 1      2.01                      3.32  -1.31     6.66
  SINCE JAN 1     20.69                     17.51   3.18    15.86

DEGREE DAYS
 HEATING
  TODAY           16                        25     -9       22
  MONTH TO DATE  406                       489    -83      517
  SINCE SEP 1    625                       741   -116      636
  SINCE JUL 1    680                       807   -127      680

 COOLING
  TODAY            0                         0      0        0
  MONTH TO DATE    0                         0      0        0
  SINCE SEP 1     29                        30     -1       55
  SINCE JAN 1    367                       445    -78      521
..................................................................


WIND (MPH)
  RESULTANT WIND SPEED   8   RESULTANT WIND DIRECTION  NW (300)
  HIGHEST WIND SPEED    13   HIGHEST WIND DIRECTION    NW (300)
  HIGHEST GUST SPEED    19   HIGHEST GUST DIRECTION    NW (330)
  AVERAGE WIND SPEED     7.9


SKY COVER
  POSSIBLE SUNSHINE  MM
  AVERAGE SKY COVER 0.3


WEATHER CONDITIONS
 THE FOLLOWING WEATHER WAS RECORDED TODAY.
  NO SIGNIFICANT WEATHER WAS OBSERVED.


RELATIVE HUMIDITY (PERCENT)
 HIGHEST    82           500 AM
 LOWEST     25           300 PM
 AVERAGE    54

..........................................................


THE JAMESTOWN ND CLIMATE NORMALS FOR TOMORROW
                         NORMAL    RECORD    YEAR
 MAXIMUM TEMPERATURE (F)   50        82      1955
 MINIMUM TEMPERATURE (F)   29        -6      1919


SUNRISE AND SUNSET
OCTOBER 25 2014.......SUNRISE   807 AM CDT   SUNSET   630 PM CDT
OCTOBER 26 2014.......SUNRISE   808 AM CDT   SUNSET   628 PM CDT


-  INDICATES NEGATIVE NUMBERS.
R  INDICATES RECORD WAS SET OR TIED.
MM INDICATES DATA IS MISSING.
T  INDICATES TRACE AMOUNT.




$$
