000
CDUS43 KBIS 210730
CLIJMS


CLIMATE REPORT
NATIONAL WEATHER SERVICE BISMARCK ND
229 AM CDT THU SEP 21 2017


...................................

...THE JAMESTOWN ND CLIMATE SUMMARY FOR SEPTEMBER 20 2017...

CLIMATE NORMAL PERIOD 1981 TO 2010
CLIMATE RECORD PERIOD 1891 TO 2017


WEATHER ITEM   OBSERVED TIME   RECORD YEAR NORMAL DEPARTURE LAST
                VALUE   (LST)  VALUE       VALUE  FROM      YEAR
                                                  NORMAL
..................................................................
TEMPERATURE (F)
 YESTERDAY
  MAXIMUM         71    410 PM  96    1937  68      3       74
                                      1922
  MINIMUM         47    659 AM  19    1918  43      4       46
  AVERAGE         59                        56      3       60

PRECIPITATION (IN)
  YESTERDAY        0.00          0.78 1924   0.06  -0.06     0.25
  MONTH TO DATE    1.47                      1.43   0.04     3.53
  SINCE SEP 1      1.47                      1.43   0.04     3.53
  SINCE JAN 1     10.78                     15.62  -4.84    22.28

DEGREE DAYS
 HEATING
  YESTERDAY        6                        10     -4        5
  MONTH TO DATE   95                       132    -37      104
  SINCE SEP 1     95                       132    -37      104
  SINCE JUL 1    129                       198    -69      137

 COOLING
  YESTERDAY        0                         1     -1        0
  MONTH TO DATE   35                        28      7       20
  SINCE SEP 1     35                        28      7       20
  SINCE JAN 1    397                       443    -46      413
..................................................................


WIND (MPH)
  HIGHEST WIND SPEED    25   HIGHEST WIND DIRECTION    SW (240)
  HIGHEST GUST SPEED    32   HIGHEST GUST DIRECTION     W (250)
  AVERAGE WIND SPEED    11.8


SKY COVER
  POSSIBLE SUNSHINE  MM
  AVERAGE SKY COVER 0.1


WEATHER CONDITIONS
 THE FOLLOWING WEATHER WAS RECORDED YESTERDAY.
  NO SIGNIFICANT WEATHER WAS OBSERVED.


RELATIVE HUMIDITY (PERCENT)
 HIGHEST    86           100 AM
 LOWEST     28           200 PM
 AVERAGE    57

..........................................................


THE JAMESTOWN ND CLIMATE NORMALS FOR TODAY
                         NORMAL    RECORD    YEAR
 MAXIMUM TEMPERATURE (F)   68        97      1922
 MINIMUM TEMPERATURE (F)   42        25      1934


SUNRISE AND SUNSET
SEPTEMBER 21 2017.....SUNRISE   721 AM CDT   SUNSET   734 PM CDT
SEPTEMBER 22 2017.....SUNRISE   722 AM CDT   SUNSET   732 PM CDT


-  INDICATES NEGATIVE NUMBERS.
R  INDICATES RECORD WAS SET OR TIED.
MM INDICATES DATA IS MISSING.
T  INDICATES TRACE AMOUNT.




$$
