000
CDUS43 KBIS 210732
CLIJMS


CLIMATE REPORT
NATIONAL WEATHER SERVICE BISMARCK ND
231 AM CDT FRI JUL 21 2017


...................................

...THE JAMESTOWN ND CLIMATE SUMMARY FOR JULY 20 2017...

CLIMATE NORMAL PERIOD 1981 TO 2010
CLIMATE RECORD PERIOD 1891 TO 2017


WEATHER ITEM   OBSERVED TIME   RECORD YEAR NORMAL DEPARTURE LAST
                VALUE   (LST)  VALUE       VALUE  FROM      YEAR
                                                  NORMAL
..................................................................
TEMPERATURE (F)
 YESTERDAY
  MAXIMUM         89    425 PM 101    1917  83      6       92
  MINIMUM         60    516 AM  38    1898  58      2       69
  AVERAGE         75                        70      5       81

PRECIPITATION (IN)
  YESTERDAY        T             2.00 1897   0.10  -0.10     0.00
  MONTH TO DATE    0.59                      2.37  -1.78     4.67
  SINCE JUN 1      2.67                      5.56  -2.89     7.12
  SINCE JAN 1      5.46                     11.11  -5.65    12.95

DEGREE DAYS
 HEATING
  YESTERDAY        0                         0      0        0
  MONTH TO DATE    3                        19    -16        7
  SINCE JUN 1     53                       116    -63       56
  SINCE JUL 1      3                        19    -16        7

 COOLING
  YESTERDAY       10                         6      4       16
  MONTH TO DATE  141                       109     32       88
  SINCE JUN 1    224                       189     35      192
  SINCE JAN 1    224                       209     15      206
..................................................................


WIND (MPH)
  HIGHEST WIND SPEED    18   HIGHEST WIND DIRECTION     S (180)
  HIGHEST GUST SPEED    26   HIGHEST GUST DIRECTION     S (170)
  AVERAGE WIND SPEED     7.5


SKY COVER
  POSSIBLE SUNSHINE  MM
  AVERAGE SKY COVER 0.0


WEATHER CONDITIONS
 THE FOLLOWING WEATHER WAS RECORDED YESTERDAY.
  FOG


RELATIVE HUMIDITY (PERCENT)
 HIGHEST    97           400 AM
 LOWEST     44           400 PM
 AVERAGE    71

..........................................................


THE JAMESTOWN ND CLIMATE NORMALS FOR TODAY
                         NORMAL    RECORD    YEAR
 MAXIMUM TEMPERATURE (F)   83       100      1940
                                             1929
 MINIMUM TEMPERATURE (F)   58        40      1898


SUNRISE AND SUNSET
JULY 21 2017..........SUNRISE   602 AM CDT   SUNSET   920 PM CDT
JULY 22 2017..........SUNRISE   603 AM CDT   SUNSET   919 PM CDT


-  INDICATES NEGATIVE NUMBERS.
R  INDICATES RECORD WAS SET OR TIED.
MM INDICATES DATA IS MISSING.
T  INDICATES TRACE AMOUNT.




$$
