000
CDAK47 PAJK 291131
CLIJNU
AKZ025-292300-
CLIMATE REPORT
NATIONAL WEATHER SERVICE JUNEAU, AK
326 AM AKDT TUE JUL 29 2014


...................................

...THE JUNEAU CLIMATE SUMMARY FOR JULY 28 2014...

CLIMATE NORMAL PERIOD 1981 TO 2010
CLIMATE RECORD PERIOD 1943 TO 2014


WEATHER ITEM   OBSERVED TIME   RECORD YEAR NORMAL DEPARTURE LAST
                VALUE   (LST)  VALUE       VALUE  FROM      YEAR
                                                  NORMAL
..................................................................
TEMPERATURE (F)
 YESTERDAY
  MAXIMUM         58    524 PM  81    1982  64     -6       77
  MINIMUM         51    223 AM  41    1945  51      0       49
  AVERAGE         55                        58     -3       63

PRECIPITATION (IN)
  YESTERDAY        0.47          1.20 1946   0.16   0.31     0.00
  MONTH TO DATE    7.56                      4.11   3.45     4.45
  SINCE JUN 1     14.95                      7.35   7.60     7.64
  SINCE JAN 1     34.87                     26.95   7.92    36.01

DEGREE DAYS
 HEATING
  YESTERDAY       10                         7      3        2
  MONTH TO DATE  204                       230    -26      221
  SINCE JUN 1    554                       545      9      435
  SINCE JUL 1    204                       230    -26      221

 COOLING
  YESTERDAY        0                         0      0        0
  MONTH TO DATE    0                         0      0        0
  SINCE JUN 1      0                         1     -1        7
  SINCE JAN 1      0                         1     -1        7
..................................................................


WIND (MPH)
  HIGHEST WIND SPEED    13   HIGHEST WIND DIRECTION     E (80)
  HIGHEST GUST SPEED    15   HIGHEST GUST DIRECTION     E (110)
  AVERAGE WIND SPEED     4.3


SKY COVER
  POSSIBLE SUNSHINE  MM
  AVERAGE SKY COVER 1.0


WEATHER CONDITIONS
 THE FOLLOWING WEATHER WAS RECORDED YESTERDAY.
  LIGHT RAIN
  FOG


RELATIVE HUMIDITY (PERCENT)
 HIGHEST   100           100 AM
 LOWEST     93           400 AM
 AVERAGE    97

..........................................................


THE JUNEAU CLIMATE NORMALS FOR TODAY
                         NORMAL    RECORD    YEAR
 MAXIMUM TEMPERATURE (F)   64        82      2009
 MINIMUM TEMPERATURE (F)   51        40      1978


SUNRISE AND SUNSET
JULY 29 2014..........SUNRISE   443 AM AKDT  SUNSET   925 PM AKDT
JULY 30 2014..........SUNRISE   446 AM AKDT  SUNSET   923 PM AKDT


-  INDICATES NEGATIVE NUMBERS.
R  INDICATES RECORD WAS SET OR TIED.
MM INDICATES DATA IS MISSING.
T  INDICATES TRACE AMOUNT.




$$


&&
----------------------------
AMOUNT OF DAYLIGHT TODAY  (HOUR:MIN)........16:41
GAIN/LOSS SINCE YESTERDAY (HOUR:MIN:SEC)....-0:04:14
