000
CDAK47 PAJK 200032
CLIJNU
AKZ025-201200-
CLIMATE REPORT
NATIONAL WEATHER SERVICE JUNEAU, AK
430 PM AKDT SAT APR 19 2014


...................................

...THE JUNEAU CLIMATE SUMMARY FOR APRIL 19 2014...
VALID TODAY AS OF 0300 PM LOCAL TIME.

CLIMATE NORMAL PERIOD 1981 TO 2010
CLIMATE RECORD PERIOD 1943 TO 2014


WEATHER ITEM   OBSERVED TIME   RECORD YEAR NORMAL DEPARTURE LAST
                VALUE   (LST)  VALUE       VALUE  FROM      YEAR
                                                  NORMAL
..................................................................
TEMPERATURE (F)
 TODAY
  MAXIMUM         53    259 PM  62    1978  50      3       44
  MINIMUM         29    435 AM  17    1948  34     -5       26
  AVERAGE         41                        42     -1       35

PRECIPITATION (IN)
  TODAY            0.00          1.07 2005   0.09  -0.09     0.00
  MONTH TO DATE    2.17                      1.88   0.29     2.58
  SINCE MAR 1      5.62                      5.66  -0.04     4.94
  SINCE JAN 1     17.75                     15.14   2.61    19.25

SNOWFALL (IN)
  TODAY            0.0           3.9  1959   0.1   -0.1      0.0
  MONTH TO DATE    0.3                       1.0   -0.7      6.0
  SINCE MAR 1      6.3                      12.6   -6.3     15.4
  SINCE JUL 1     97.1                      86.6   10.5     78.8

DEGREE DAYS
 HEATING
  TODAY           24                        23      1       30
  MONTH TO DATE  490                       487      3      537
  SINCE MAR 1   1522                      1454     68     1623
  SINCE JUL 1   7163                      7291   -128     7694

 COOLING
  TODAY            0                         0      0        0
  MONTH TO DATE    0                         0      0        0
  SINCE MAR 1      0                         0      0        0
  SINCE JAN 1      0                         0      0        0
..................................................................


WIND (MPH)
  HIGHEST WIND SPEED    24   HIGHEST WIND DIRECTION     E (70)
  HIGHEST GUST SPEED    31   HIGHEST GUST DIRECTION     E (70)
  AVERAGE WIND SPEED     5.9


SKY COVER
  POSSIBLE SUNSHINE  MM
  AVERAGE SKY COVER 0.7


WEATHER CONDITIONS
 THE FOLLOWING WEATHER WAS RECORDED TODAY.
  FOG W/VISIBILITY <= 1/4 MILE


RELATIVE HUMIDITY (PERCENT)
 HIGHEST   100           200 AM
 LOWEST     29          1200 PM
 AVERAGE    65

..........................................................


THE JUNEAU CLIMATE NORMALS FOR TOMORROW
                         NORMAL    RECORD    YEAR
 MAXIMUM TEMPERATURE (F)   50        66      1978
 MINIMUM TEMPERATURE (F)   34        18      1965


SUNRISE AND SUNSET
APRIL 19 2014.........SUNRISE   535 AM AKDT  SUNSET   821 PM AKDT
APRIL 20 2014.........SUNRISE   533 AM AKDT  SUNSET   823 PM AKDT


-  INDICATES NEGATIVE NUMBERS.
R  INDICATES RECORD WAS SET OR TIED.
MM INDICATES DATA IS MISSING.
T  INDICATES TRACE AMOUNT.




$$


&&
----------------------------
AMOUNT OF DAYLIGHT TODAY  (HOUR:MIN)........14:46
GAIN/LOSS SINCE YESTERDAY (HOUR:MIN:SEC)....+0:04:59
