000
CDAK47 PAJK 241128
CLIJNU
AKZ025-242300-
CLIMATE REPORT
NATIONAL WEATHER SERVICE JUNEAU, AK
225 AM AKST MON NOV 24 2014


...................................

...THE JUNEAU CLIMATE SUMMARY FOR NOVEMBER 23 2014...

CLIMATE NORMAL PERIOD 1981 TO 2010
CLIMATE RECORD PERIOD 1943 TO 2014


WEATHER ITEM   OBSERVED TIME   RECORD YEAR NORMAL DEPARTURE LAST
                VALUE   (LST)  VALUE       VALUE  FROM      YEAR
                                                  NORMAL
..................................................................
TEMPERATURE (F)
 YESTERDAY
  MAXIMUM         42    155 PM  53    2005  36      6       41
  MINIMUM         38    739 PM  -2    2006  28     10       30
  AVERAGE         40                        32      8       36

PRECIPITATION (IN)
  YESTERDAY        0.06          1.25 1997   0.21  -0.15     0.70
  MONTH TO DATE    3.42                      4.59  -1.17     5.29
  SINCE SEP 1     20.19                     21.86  -1.67    23.01
  SINCE JAN 1     64.38                     55.03   9.35    63.92

SNOWFALL (IN)
  YESTERDAY        0.0          17.1  1994   0.5   -0.5       T
  MONTH TO DATE    T                         9.0   -9.0     13.5
  SINCE SEP 1      T                         9.8   -9.8     13.5
  SINCE JUL 1      T                         9.8   -9.8     13.5
  SNOW DEPTH       0

DEGREE DAYS
 HEATING
  YESTERDAY       25                        33     -8       29
  MONTH TO DATE  644                       712    -68      803
  SINCE SEP 1   1682                      1862   -180     1811
  SINCE JUL 1   2158                      2397   -239     2246
..................................................................


WIND (MPH)
  HIGHEST WIND SPEED    18   HIGHEST WIND DIRECTION     E (80)
  HIGHEST GUST SPEED    21   HIGHEST GUST DIRECTION     E (110)
  AVERAGE WIND SPEED    10.4


SKY COVER
  POSSIBLE SUNSHINE  MM
  AVERAGE SKY COVER 1.0


WEATHER CONDITIONS
 THE FOLLOWING WEATHER WAS RECORDED YESTERDAY.
  LIGHT RAIN
  FOG


RELATIVE HUMIDITY (PERCENT)
 HIGHEST    93           300 PM
 LOWEST     82           200 PM
 AVERAGE    88

..........................................................


THE JUNEAU CLIMATE NORMALS FOR TODAY
                         NORMAL    RECORD    YEAR
 MAXIMUM TEMPERATURE (F)   36        52      1992
 MINIMUM TEMPERATURE (F)   28        -1      2006


SUNRISE AND SUNSET
NOVEMBER 24 2014......SUNRISE   807 AM AKST  SUNSET   322 PM AKST
NOVEMBER 25 2014......SUNRISE   809 AM AKST  SUNSET   321 PM AKST


-  INDICATES NEGATIVE NUMBERS.
R  INDICATES RECORD WAS SET OR TIED.
MM INDICATES DATA IS MISSING.
T  INDICATES TRACE AMOUNT.




$$


&&
----------------------------
AMOUNT OF DAYLIGHT TODAY  (HOUR:MIN)........ 7:15
GAIN/LOSS SINCE YESTERDAY (HOUR:MIN:SEC)....-0:03:38
