000
CDAK47 PAJK 251130
CLIJNU
AKZ025-252300-
CLIMATE REPORT
NATIONAL WEATHER SERVICE JUNEAU, AK
328 AM AKDT SAT OCT 25 2014

...................................

...THE JUNEAU CLIMATE SUMMARY FOR OCTOBER 24 2014...

CLIMATE NORMAL PERIOD 1981 TO 2010
CLIMATE RECORD PERIOD 1943 TO 2014

WEATHER ITEM   OBSERVED TIME   RECORD YEAR NORMAL DEPARTURE LAST
                VALUE   (LST)  VALUE       VALUE  FROM      YEAR
                                                  NORMAL
..................................................................
TEMPERATURE (F)
 YESTERDAY
  MAXIMUM         45    255 PM  55    1998  44      1       50
  MINIMUM         38    608 AM  19    1951  35      3       42
  AVERAGE         42                        40      2       46

PRECIPITATION (IN)
  YESTERDAY        T             1.40 1974   0.26  -0.26     0.04
  MONTH TO DATE    6.47                      6.94  -0.47     8.43
  SINCE SEP 1     15.78                     15.58   0.20    15.96
  SINCE JAN 1     59.97                     48.75  11.22    56.87

SNOWFALL (IN)
  YESTERDAY        0.0           1.8  2008   0.0    0.0      0.0
  MONTH TO DATE    0.0                       0.3   -0.3       T
  SINCE SEP 1      T                         0.3   -0.3       T
  SINCE JUL 1      T                         0.3   -0.3       T
  SNOW DEPTH       0

DEGREE DAYS
 HEATING
  YESTERDAY       23                        25     -2       19
  MONTH TO DATE  482                       513    -31      473
  SINCE SEP 1    873                       962    -89      860
  SINCE JUL 1   1349                      1497   -148     1295

 COOLING
  YESTERDAY        0                         0      0        0
  MONTH TO DATE    0                         0      0        0
  SINCE SEP 1      0                         0      0        0
  SINCE JAN 1      0                         2     -2        9
..................................................................

WIND (MPH)
  HIGHEST WIND SPEED    15   HIGHEST WIND DIRECTION     E (100)
  HIGHEST GUST SPEED    17   HIGHEST GUST DIRECTION     E (90)
  AVERAGE WIND SPEED     4.4

SKY COVER
  POSSIBLE SUNSHINE  MM
  AVERAGE SKY COVER 0.9

WEATHER CONDITIONS
 THE FOLLOWING WEATHER WAS RECORDED YESTERDAY.
  LIGHT RAIN
  FOG
  FOG W/VISIBILITY <= 1/4 MILE

RELATIVE HUMIDITY (PERCENT)
 HIGHEST   100           300 AM
 LOWEST     89          1100 AM
 AVERAGE    95
..........................................................

THE JUNEAU CLIMATE NORMALS FOR TODAY
                         NORMAL    RECORD    YEAR
 MAXIMUM TEMPERATURE (F)   44        54      2003
                                             1962
 MINIMUM TEMPERATURE (F)   35        18      1971

SUNRISE AND SUNSET
OCTOBER 25 2014.......SUNRISE   758 AM AKDT  SUNSET   526 PM AKDT
OCTOBER 26 2014.......SUNRISE   800 AM AKDT  SUNSET   523 PM AKDT

-  INDICATES NEGATIVE NUMBERS.
R  INDICATES RECORD WAS SET OR TIED.
MM INDICATES DATA IS MISSING.
T  INDICATES TRACE AMOUNT.


$$
&&
----------------------------
AMOUNT OF DAYLIGHT TODAY  (HOUR:MIN)........ 9:28
GAIN/LOSS SINCE YESTERDAY (HOUR:MIN:SEC)....-0:04:54
