000
CDAK47 PAJK 031127
CLIJNU
AKZ025-032300-
CLIMATE REPORT
NATIONAL WEATHER SERVICE JUNEAU, AK
226 AM AKST TUE MAR 3 2015

...................................

...THE JUNEAU CLIMATE SUMMARY FOR MARCH 2 2015...

CLIMATE NORMAL PERIOD 1981 TO 2010
CLIMATE RECORD PERIOD 1943 TO 2015

WEATHER ITEM   OBSERVED TIME   RECORD YEAR NORMAL DEPARTURE LAST
                VALUE   (LST)  VALUE       VALUE  FROM      YEAR
                                                  NORMAL
..................................................................
TEMPERATURE (F)
 YESTERDAY
  MAXIMUM         43    350 PM  48    1996  37      6       31
  MINIMUM         22    623 AM  -9    1955  26     -4       22
  AVERAGE         33                        32      1       27

PRECIPITATION (IN)
  YESTERDAY        0.00          0.71 2002   0.14  -0.14     0.00
  MONTH TO DATE    0.01                      0.28  -0.27     0.00
  SINCE MAR 1      0.01                      0.28  -0.27     0.00
  SINCE JAN 1     15.61                      9.76   5.85    12.13

SNOWFALL (IN)
  YESTERDAY        0.0          10.7  2007   0.6   -0.6      0.0
  MONTH TO DATE    T                         1.1   -1.1      0.0
  SINCE MAR 1      T                         1.1   -1.1      0.0
  SINCE JUL 1     38.7                      75.1  -36.4     90.8
  SNOW DEPTH       0

DEGREE DAYS
 HEATING
  YESTERDAY       32                        33     -1       38
  MONTH TO DATE   61                        67     -6       72
  SINCE MAR 1     61                        67     -6       72
  SINCE JUL 1   5282                      5904   -622     5713

 COOLING
  YESTERDAY        0                         0      0        0
  MONTH TO DATE    0                         0      0        0
  SINCE MAR 1      0                         0      0        0
  SINCE JAN 1      0                         0      0        0
..................................................................

WIND (MPH)
  HIGHEST WIND SPEED    10   HIGHEST WIND DIRECTION     W (250)
  HIGHEST GUST SPEED    12   HIGHEST GUST DIRECTION    SW (240)
  AVERAGE WIND SPEED     2.1

SKY COVER
  POSSIBLE SUNSHINE  MM
  AVERAGE SKY COVER 0.6

WEATHER CONDITIONS
 THE FOLLOWING WEATHER WAS RECORDED YESTERDAY.
  NO SIGNIFICANT WEATHER WAS OBSERVED.

RELATIVE HUMIDITY (PERCENT)
 HIGHEST    92          1200 AM
 LOWEST     33           200 PM
 AVERAGE    63
..........................................................

THE JUNEAU CLIMATE NORMALS FOR TODAY
                         NORMAL    RECORD    YEAR
 MAXIMUM TEMPERATURE (F)   37        44      2008
                                             1986
 MINIMUM TEMPERATURE (F)   26       -10      1955

SUNRISE AND SUNSET
MARCH  3 2015.........SUNRISE   648 AM AKST  SUNSET   533 PM AKST
MARCH  4 2015.........SUNRISE   646 AM AKST  SUNSET   536 PM AKST

-  INDICATES NEGATIVE NUMBERS.
R  INDICATES RECORD WAS SET OR TIED.
MM INDICATES DATA IS MISSING.
T  INDICATES TRACE AMOUNT.

$$
&&
----------------------------
AMOUNT OF DAYLIGHT TODAY  (HOUR:MIN)........10:45
GAIN/LOSS SINCE YESTERDAY (HOUR:MIN:SEC)....+0:05:06
