000
CDAK47 PAJK 171334
CLIJNU
CLIMATE REPORT
NATIONAL WEATHER SERVICE JUNEAU, AK
433 AM AKST SUN DEC 17 2017


...................................

...THE JUNEAU CLIMATE SUMMARY FOR DECEMBER 16 2017...

CLIMATE NORMAL PERIOD 1981 TO 2010
CLIMATE RECORD PERIOD 1936 TO 2017


WEATHER ITEM   OBSERVED RECORD YEAR NORMAL DEPARTURE LAST
                VALUE   VALUE       VALUE  FROM      YEAR
                                           NORMAL
...........................................................
TEMPERATURE (F)
 YESTERDAY
  MAXIMUM         40     46    2004  34      6       26
  MINIMUM         35     -9    1964  26      9        4
  AVERAGE         38                 30      8       15

PRECIPITATION (IN)
  YESTERDAY        0.90   1.27 2004   0.19   0.71     0.03
  MONTH TO DATE    7.82               3.21   4.61     3.24
  SINCE JAN 1     69.32              59.64   9.68    60.54

SNOWFALL (IN)
  YESTERDAY        T     12.2  1990   0.4   -0.4      0.1
  MONTH TO DATE    0.3                8.0   -7.7     10.3
  SINCE JUL 1     25.8               21.9    3.9     18.7
  SNOW DEPTH       0

DEGREE DAYS
 HEATING
  YESTERDAY       27                 35     -8       50
  MONTH TO DATE  377                552   -175      714
...........................................................


WIND (MPH)
  HIGHEST WIND SPEED    28   HIGHEST WIND DIRECTION     E (110)
  HIGHEST GUST SPEED    41   HIGHEST GUST DIRECTION    SE (130)
  AVERAGE WIND SPEED    16.7


SKY COVER
  AVERAGE SKY COVER 1.0


WEATHER CONDITIONS
 THE FOLLOWING WEATHER WAS RECORDED YESTERDAY.
  RAIN
  LIGHT RAIN
  SLEET
  FOG


..........................................................


THE JUNEAU CLIMATE NORMALS FOR TODAY
                         NORMAL    RECORD    YEAR
 MAXIMUM TEMPERATURE (F)   34        47      1981
 MINIMUM TEMPERATURE (F)   26         0      1983


SUNRISE AND SUNSET
DECEMBER 17 2017......SUNRISE   843 AM AKST  SUNSET   306 PM AKST
DECEMBER 18 2017......SUNRISE   844 AM AKST  SUNSET   306 PM AKST


-  INDICATES NEGATIVE NUMBERS.
R  INDICATES RECORD WAS SET OR TIED.
MM INDICATES DATA IS MISSING.
T  INDICATES TRACE AMOUNT.




$$
--------------------------------------------------------------

AMOUNT OF DAYLIGHT TODAY (HOUR:MIN)......... 6 HOURS 23 MINUTES
GAIN/LOSS SINCE YESTERDAY (HOUR:MIN:SEC).... -0:00:41

$$
