000
CDAK47 PAJK 181313
CLIJNU
AKZ025-190100-
CLIMATE REPORT
NATIONAL WEATHER SERVICE JUNEAU, AK
411 AM AKST THU DEC 18 2014

...................................

...THE JUNEAU CLIMATE SUMMARY FOR DECEMBER 17 2014...

CLIMATE NORMAL PERIOD 1981 TO 2010
CLIMATE RECORD PERIOD 1943 TO 2014


WEATHER ITEM   OBSERVED TIME   RECORD YEAR NORMAL DEPARTURE LAST
                VALUE   (LST)  VALUE       VALUE  FROM      YEAR
                                                  NORMAL
..................................................................
TEMPERATURE (F)
 YESTERDAY
  MAXIMUM         38   1250 AM  47    1981  34      4       28
  MINIMUM         29   1049 PM   0    1983  26      3        8
  AVERAGE         34                        30      4       18

PRECIPITATION (IN)
  YESTERDAY        T             1.22 1985   0.19  -0.19      T
  MONTH TO DATE    2.14                      3.40  -1.26     3.86
  SINCE DEC 1      2.14                      3.40  -1.26     3.86
  SINCE JAN 1     67.54                     59.83   7.71    69.18

SNOWFALL (IN)
  YESTERDAY        0.0          11.6  1956   0.5   -0.5       T
  MONTH TO DATE    3.2                       8.5   -5.3     18.6
  SINCE DEC 1      3.2                       8.5   -5.3     18.6
  SINCE JUL 1     13.0                      22.4   -9.4     37.8
  SNOW DEPTH       0

DEGREE DAYS
 HEATING
  YESTERDAY       31                        35     -4       47
  MONTH TO DATE  518                       587    -69      661
  SINCE DEC 1    518                       587    -69      661
  SINCE JUL 1   2927                      3218   -291     3134
..................................................................

WIND (MPH)
  HIGHEST WIND SPEED    17   HIGHEST WIND DIRECTION     E (110)
  HIGHEST GUST SPEED    20   HIGHEST GUST DIRECTION     E (100)
  AVERAGE WIND SPEED     3.2


SKY COVER
  POSSIBLE SUNSHINE  MM
  AVERAGE SKY COVER 0.8


WEATHER CONDITIONS
 THE FOLLOWING WEATHER WAS RECORDED YESTERDAY.
  LIGHT RAIN
  FOG
  FOG W/VISIBILITY <= 1/4 MILE


RELATIVE HUMIDITY (PERCENT)
 HIGHEST   100           300 AM
 LOWEST     92           100 AM
 AVERAGE    96

..........................................................

THE JUNEAU CLIMATE NORMALS FOR TODAY
                         NORMAL    RECORD    YEAR
 MAXIMUM TEMPERATURE (F)   34        48      1954
 MINIMUM TEMPERATURE (F)   25         0      1955


SUNRISE AND SUNSET
DECEMBER 18 2014......SUNRISE   844 AM AKST  SUNSET   306 PM AKST
DECEMBER 19 2014......SUNRISE   845 AM AKST  SUNSET   306 PM AKST


-  INDICATES NEGATIVE NUMBERS.
R  INDICATES RECORD WAS SET OR TIED.
MM INDICATES DATA IS MISSING.
T  INDICATES TRACE AMOUNT.


$$


&&
----------------------------
AMOUNT OF DAYLIGHT TODAY  (HOUR:MIN)........ 6:22
GAIN/LOSS SINCE YESTERDAY (HOUR:MIN:SEC)....-0:00:34
