000
CDUS41 KCTP 220657
CLIJST


CLIMATE REPORT
NATIONAL WEATHER SERVICE STATE COLLEGE PA
157 AM EST MON JAN 22 2018


...................................

...THE JOHNSTOWN CLIMATE SUMMARY FOR JANUARY 21 2018...

CLIMATE NORMAL PERIOD 1981 TO 2010
CLIMATE RECORD PERIOD 1892 TO 2018


WEATHER ITEM   OBSERVED TIME   RECORD YEAR NORMAL DEPARTURE LAST
                VALUE   (LST)  VALUE       VALUE  FROM      YEAR
                                                  NORMAL
..................................................................
TEMPERATURE (F)
 YESTERDAY
  MAXIMUM         47   1104 PM  78    1906  32     15       60
  MINIMUM         39    530 AM -16    1985  18     21       45
  AVERAGE         43                        25     18       53

PRECIPITATION (IN)
  YESTERDAY        0.01          1.80 1917   0.07  -0.06     0.00
  MONTH TO DATE    1.59                      2.10  -0.51     2.25
  SINCE DEC 1      2.69                      4.67  -1.98     6.43
  SINCE JAN 1      1.59                      2.10  -0.51     2.25

DEGREE DAYS
 HEATING
  YESTERDAY       22                        40    -18       12
  MONTH TO DATE  947                       833    114      692
  SINCE DEC 1   2124                      1960    164     1765
  SINCE JUL 1   3337                      3423    -86     2834

 COOLING
  YESTERDAY        0                         0      0        0
  MONTH TO DATE    0                         0      0        0
  SINCE DEC 1      0                         0      0        0
  SINCE JAN 1      0                         0      0        0
..................................................................


WIND (MPH)
  HIGHEST WIND SPEED    24   HIGHEST WIND DIRECTION     W (270)
  HIGHEST GUST SPEED    35   HIGHEST GUST DIRECTION     W (260)
  AVERAGE WIND SPEED     8.6


SKY COVER
  POSSIBLE SUNSHINE  MM
  AVERAGE SKY COVER 1.0


WEATHER CONDITIONS
 THE FOLLOWING WEATHER WAS RECORDED YESTERDAY.
  LIGHT RAIN
  FOG
  FOG W/VISIBILITY <= 1/4 MILE


RELATIVE HUMIDITY (PERCENT)
 HIGHEST   100           600 AM
 LOWEST     76          1200 AM
 AVERAGE    88

..........................................................


THE JOHNSTOWN CLIMATE NORMALS FOR TODAY
                         NORMAL    RECORD    YEAR
 MAXIMUM TEMPERATURE (F)   32        70      1906
 MINIMUM TEMPERATURE (F)   18        -9      1984


SUNRISE AND SUNSET
JANUARY 22 2018.......SUNRISE   732 AM EST   SUNSET   522 PM EST
JANUARY 23 2018.......SUNRISE   732 AM EST   SUNSET   523 PM EST


-  INDICATES NEGATIVE NUMBERS.
R  INDICATES RECORD WAS SET OR TIED.
MM INDICATES DATA IS MISSING.
T  INDICATES TRACE AMOUNT.




$$
