000
CDUS41 KCTP 030618
CLIJST


CLIMATE REPORT
NATIONAL WEATHER SERVICE STATE COLLEGE PA
217 AM EDT THU SEP 3 2015


...................................

...THE JOHNSTOWN CLIMATE SUMMARY FOR SEPTEMBER 2 2015...

CLIMATE NORMAL PERIOD 1981 TO 2010
CLIMATE RECORD PERIOD 2000 TO 2015


WEATHER ITEM   OBSERVED TIME   RECORD YEAR NORMAL DEPARTURE LAST
                VALUE   (LST)  VALUE       VALUE  FROM      YEAR
                                                  NORMAL
..................................................................
TEMPERATURE (F)
 YESTERDAY
  MAXIMUM         83    142 PM 100    1953  73     10       80
  MINIMUM         65    440 AM  42    1949  57      8       66
  AVERAGE         74                        65      9       73

PRECIPITATION (IN)
  YESTERDAY        0.04          2.14 1981   0.11  -0.07     0.22
  MONTH TO DATE    0.04                      0.22  -0.18     0.29
  SINCE SEP 1      0.04                      0.22  -0.18     0.29
  SINCE JAN 1     33.69                     24.51   9.18    26.19

DEGREE DAYS
 HEATING
  YESTERDAY        0                         2     -2        0
  MONTH TO DATE    0                         4     -4        0
  SINCE SEP 1      0                         4     -4        0
  SINCE JUL 1     30                        46    -16       83

 COOLING
  YESTERDAY        9                         2      7        8
  MONTH TO DATE   19                         4     15       16
  SINCE SEP 1     19                         4     15       16
  SINCE JAN 1    474                       364    110      311
..................................................................


WIND (MPH)
  HIGHEST WIND SPEED    16   HIGHEST WIND DIRECTION     W (250)
  HIGHEST GUST SPEED    22   HIGHEST GUST DIRECTION     W (260)
  AVERAGE WIND SPEED     6.0


SKY COVER
  POSSIBLE SUNSHINE  MM
  AVERAGE SKY COVER 0.2


WEATHER CONDITIONS
 THE FOLLOWING WEATHER WAS RECORDED YESTERDAY.
  THUNDERSTORM
  FOG
  HAZE


RELATIVE HUMIDITY (PERCENT)
 HIGHEST    87           500 AM
 LOWEST     51          1200 PM
 AVERAGE    69

..........................................................


THE JOHNSTOWN CLIMATE NORMALS FOR TODAY
                         NORMAL    RECORD    YEAR
 MAXIMUM TEMPERATURE (F)   73       104      1953
 MINIMUM TEMPERATURE (F)   56        42      1916


SUNRISE AND SUNSET
SEPTEMBER  3 2015.....SUNRISE   644 AM EDT   SUNSET   744 PM EDT
SEPTEMBER  4 2015.....SUNRISE   645 AM EDT   SUNSET   743 PM EDT


-  INDICATES NEGATIVE NUMBERS.
R  INDICATES RECORD WAS SET OR TIED.
MM INDICATES DATA IS MISSING.
T  INDICATES TRACE AMOUNT.




$$
