725
CDUS41 KCTP 280625
CLIJST


CLIMATE REPORT
NATIONAL WEATHER SERVICE STATE COLLEGE PA
225 AM EDT FRI APR 28 2017


...................................

...THE JOHNSTOWN CLIMATE SUMMARY FOR APRIL 27 2017...

CLIMATE NORMAL PERIOD 1981 TO 2010
CLIMATE RECORD PERIOD 1892 TO 2017


WEATHER ITEM   OBSERVED TIME   RECORD YEAR NORMAL DEPARTURE LAST
                VALUE   (LST)  VALUE       VALUE  FROM      YEAR
                                                  NORMAL
..................................................................
TEMPERATURE (F)
 YESTERDAY
  MAXIMUM         73    315 PM  93    1915  61     12       60
  MINIMUM         56    531 AM  27    1993  42     14       46
  AVERAGE         65                        52     13       53

PRECIPITATION (IN)
  YESTERDAY        0.52          1.05 1959   0.12   0.40     0.00
  MONTH TO DATE    3.18                      3.26  -0.08     1.55
  SINCE MAR 1      7.24                      6.55   0.69     3.15
  SINCE JAN 1     12.90                     11.78   1.12     6.00

DEGREE DAYS
 HEATING
  YESTERDAY        0                        14    -14       12
  MONTH TO DATE  313                       499   -186      476
  SINCE MAR 1   1243                      1412   -169     1098
  SINCE JUL 1   5163                      6291  -1128     5161

 COOLING
  YESTERDAY        0                         0      0        0
  MONTH TO DATE    0                         0      0        0
  SINCE MAR 1      0                         0      0        0
  SINCE JAN 1      0                         0      0        0
..................................................................


WIND (MPH)
  HIGHEST WIND SPEED    20   HIGHEST WIND DIRECTION    SE (150)
  HIGHEST GUST SPEED    26   HIGHEST GUST DIRECTION     W (250)
  AVERAGE WIND SPEED    10.0


SKY COVER
  POSSIBLE SUNSHINE  MM
  AVERAGE SKY COVER 0.0


WEATHER CONDITIONS
 THE FOLLOWING WEATHER WAS RECORDED YESTERDAY.
  THUNDERSTORM
  HEAVY RAIN
  LIGHT RAIN
  FOG


RELATIVE HUMIDITY (PERCENT)
 HIGHEST   100           500 AM
 LOWEST     68          1200 PM
 AVERAGE    84

..........................................................


THE JOHNSTOWN CLIMATE NORMALS FOR TODAY
                         NORMAL    RECORD    YEAR
 MAXIMUM TEMPERATURE (F)   62        92      1990
 MINIMUM TEMPERATURE (F)   42        25      1934


SUNRISE AND SUNSET
APRIL 28 2017.........SUNRISE   618 AM EDT   SUNSET   808 PM EDT
APRIL 29 2017.........SUNRISE   617 AM EDT   SUNSET   809 PM EDT


-  INDICATES NEGATIVE NUMBERS.
R  INDICATES RECORD WAS SET OR TIED.
MM INDICATES DATA IS MISSING.
T  INDICATES TRACE AMOUNT.




$$
