000
CDUS41 KCTP 240645
CLIJST


CLIMATE REPORT
NATIONAL WEATHER SERVICE STATE COLLEGE PA
245 AM EDT THU JUL 24 2014


...................................

...THE JOHNSTOWN CLIMATE SUMMARY FOR JULY 23 2014...

CLIMATE NORMAL PERIOD 1981 TO 2010
CLIMATE RECORD PERIOD 2000 TO 2014


WEATHER ITEM   OBSERVED TIME   RECORD YEAR NORMAL DEPARTURE LAST
                VALUE   (LST)  VALUE       VALUE  FROM      YEAR
                                                  NORMAL
..................................................................
TEMPERATURE (F)
 YESTERDAY
  MAXIMUM         82    111 PM 101    1933  79      3       76
  MINIMUM         63   1159 PM  49    1983  60      3       60
  AVERAGE         73                        70      3       68

PRECIPITATION (IN)
  YESTERDAY        0.02          1.95 1988   0.12  -0.10     0.05
  MONTH TO DATE    2.64                      2.77  -0.13     2.45
  SINCE JUN 1      7.48                      2.77   4.71     8.30
  SINCE JAN 1     21.04                     19.41   1.63    19.22

DEGREE DAYS
 HEATING
  YESTERDAY        0                         0      0        0
  MONTH TO DATE   21                         8     13        2
  SINCE JUN 1     61                        87    -26       65
  SINCE JUL 1     21                         8     13        2

 COOLING
  YESTERDAY        8                         5      3        3
  MONTH TO DATE   99                       110    -11      161
  SINCE JUN 1    183                       185     -2      230
  SINCE JAN 1    209                       203      6      271
..................................................................


WIND (MPH)
  HIGHEST WIND SPEED    22   HIGHEST WIND DIRECTION    NW (310)
  HIGHEST GUST SPEED    25   HIGHEST GUST DIRECTION    NW (310)
  AVERAGE WIND SPEED     9.7


SKY COVER
  POSSIBLE SUNSHINE  MM
  AVERAGE SKY COVER 0.3


WEATHER CONDITIONS
 THE FOLLOWING WEATHER WAS RECORDED YESTERDAY.
  THUNDERSTORM
  RAIN
  LIGHT RAIN
  FOG
  HAZE


RELATIVE HUMIDITY (PERCENT)
 HIGHEST   100           500 AM
 LOWEST     62          1100 AM
 AVERAGE    81

..........................................................


THE JOHNSTOWN CLIMATE NORMALS FOR TODAY
                         NORMAL    RECORD    YEAR
 MAXIMUM TEMPERATURE (F)   79        96      1952
 MINIMUM TEMPERATURE (F)   60        48      1947


SUNRISE AND SUNSET
JULY 24 2014..........SUNRISE   606 AM EDT   SUNSET   837 PM EDT
JULY 25 2014..........SUNRISE   607 AM EDT   SUNSET   837 PM EDT


-  INDICATES NEGATIVE NUMBERS.
R  INDICATES RECORD WAS SET OR TIED.
MM INDICATES DATA IS MISSING.
T  INDICATES TRACE AMOUNT.




$$
