000
CDUS41 KCTP 240611
CLIJST


CLIMATE REPORT
NATIONAL WEATHER SERVICE STATE COLLEGE PA
210 AM EDT SUN JUL 24 2016


...................................

...THE JOHNSTOWN CLIMATE SUMMARY FOR JULY 23 2016...

CLIMATE NORMAL PERIOD 1981 TO 2010
CLIMATE RECORD PERIOD 1892 TO 2016


WEATHER ITEM   OBSERVED TIME   RECORD YEAR NORMAL DEPARTURE LAST
                VALUE   (LST)  VALUE       VALUE  FROM      YEAR
                                                  NORMAL
..................................................................
TEMPERATURE (F)
 YESTERDAY
  MAXIMUM         87    157 PM 101    1933  79      8       75
  MINIMUM         70   1155 PM  49    1983  60     10       55
  AVERAGE         79                        70      9       65

PRECIPITATION (IN)
  YESTERDAY        0.16          1.95 1988   0.12   0.04     0.00
  MONTH TO DATE    1.67                      2.77  -1.10     4.48
  SINCE JUN 1      6.35                      2.77   3.58    16.44
  SINCE JAN 1     17.15                     19.41  -2.26    30.84

DEGREE DAYS
 HEATING
  YESTERDAY        0                         0      0        0
  MONTH TO DATE   11                         8      3        7
  SINCE JUN 1     54                        87    -33       68
  SINCE JUL 1     11                         8      3        7

 COOLING
  YESTERDAY       14                         5      9        0
  MONTH TO DATE  156                       110     46       96
  SINCE JUN 1    250                       185     65      186
  SINCE JAN 1    288                       203     85      270
..................................................................


WIND (MPH)
  HIGHEST WIND SPEED    21   HIGHEST WIND DIRECTION     N (10)
  HIGHEST GUST SPEED    25   HIGHEST GUST DIRECTION     N (10)
  AVERAGE WIND SPEED     8.4


SKY COVER
  POSSIBLE SUNSHINE  MM
  AVERAGE SKY COVER 0.3


WEATHER CONDITIONS
 THE FOLLOWING WEATHER WAS RECORDED YESTERDAY.
  THUNDERSTORM
  HEAVY RAIN
  LIGHT RAIN
  FOG
  HAZE


RELATIVE HUMIDITY (PERCENT)
 HIGHEST    84           500 AM
 LOWEST     51           100 PM
 AVERAGE    68

..........................................................


THE JOHNSTOWN CLIMATE NORMALS FOR TODAY
                         NORMAL    RECORD    YEAR
 MAXIMUM TEMPERATURE (F)   79        96      1952
 MINIMUM TEMPERATURE (F)   60        48      1947


SUNRISE AND SUNSET
JULY 24 2016..........SUNRISE   606 AM EDT   SUNSET   837 PM EDT
JULY 25 2016..........SUNRISE   607 AM EDT   SUNSET   836 PM EDT


-  INDICATES NEGATIVE NUMBERS.
R  INDICATES RECORD WAS SET OR TIED.
MM INDICATES DATA IS MISSING.
T  INDICATES TRACE AMOUNT.




$$
