000
CDUS41 KCTP 232250
CLIJST


CLIMATE REPORT
NATIONAL WEATHER SERVICE STATE COLLEGE PA
549 PM EST MON JAN 23 2017


...................................

...THE JOHNSTOWN CLIMATE SUMMARY FOR JANUARY 23 2017...
VALID TODAY AS OF 0500 PM LOCAL TIME.

CLIMATE NORMAL PERIOD 1981 TO 2010
CLIMATE RECORD PERIOD 1892 TO 2017


WEATHER ITEM   OBSERVED TIME   RECORD YEAR NORMAL DEPARTURE LAST
                VALUE   (LST)  VALUE       VALUE  FROM      YEAR
                                                  NORMAL
..................................................................
TEMPERATURE (F)
 TODAY
  MAXIMUM         45   1231 AM  66    1906  32     13       21
  MINIMUM         32    459 PM -12    1936  18     14        9
  AVERAGE         39                        25     14       15

PRECIPITATION (IN)
  TODAY            0.37          1.14 1982   0.07   0.30    MM
  MONTH TO DATE    2.63                      2.24   0.39     0.72
  SINCE DEC 1      6.81                      4.81   2.00     4.45
  SINCE JAN 1      2.63                      2.24   0.39     0.72

DEGREE DAYS
 HEATING
  TODAY           26                        40    -14       50
  MONTH TO DATE  732                       913   -181      985
  SINCE DEC 1   1805                      2040   -235     1659
  SINCE JUL 1   2874                      3497   -623     2777

 COOLING
  TODAY            0                         0      0        0
  MONTH TO DATE    0                         0      0        0
  SINCE DEC 1      0                         0      0        0
  SINCE JAN 1      0                         0      0        0
..................................................................


WIND (MPH)
  HIGHEST WIND SPEED    22   HIGHEST WIND DIRECTION     E (90)
  HIGHEST GUST SPEED    34   HIGHEST GUST DIRECTION     E (90)
  AVERAGE WIND SPEED    13.9


SKY COVER
  POSSIBLE SUNSHINE  MM
  AVERAGE SKY COVER 1.0


WEATHER CONDITIONS
 THE FOLLOWING WEATHER WAS RECORDED TODAY.
  HEAVY RAIN
  RAIN
  LIGHT RAIN
  HEAVY SNOW
  LIGHT SNOW
  FOG
  FOG W/VISIBILITY <= 1/4 MILE


RELATIVE HUMIDITY (PERCENT)
 HIGHEST   100          1200 AM
 LOWEST     92          1000 AM
 AVERAGE    96

..........................................................


THE JOHNSTOWN CLIMATE NORMALS FOR TOMORROW
                         NORMAL    RECORD    YEAR
 MAXIMUM TEMPERATURE (F)   32        68      1909
 MINIMUM TEMPERATURE (F)   18       -14      1963


SUNRISE AND SUNSET
JANUARY 23 2017.......SUNRISE   732 AM EST   SUNSET   523 PM EST
JANUARY 24 2017.......SUNRISE   731 AM EST   SUNSET   524 PM EST


-  INDICATES NEGATIVE NUMBERS.
R  INDICATES RECORD WAS SET OR TIED.
MM INDICATES DATA IS MISSING.
T  INDICATES TRACE AMOUNT.




$$
