075
CDUS41 KCTP 220612
CLIJST


CLIMATE REPORT
NATIONAL WEATHER SERVICE STATE COLLEGE PA
211 AM EDT FRI MAY 22 2015


...................................

...THE JOHNSTOWN CLIMATE SUMMARY FOR MAY 21 2015...

CLIMATE NORMAL PERIOD 1981 TO 2010
CLIMATE RECORD PERIOD 2000 TO 2015


WEATHER ITEM   OBSERVED TIME   RECORD YEAR NORMAL DEPARTURE LAST
                VALUE   (LST)  VALUE       VALUE  FROM      YEAR
                                                  NORMAL
..................................................................
TEMPERATURE (F)
 YESTERDAY
  MAXIMUM         49    256 PM  97    1911  67    -18       70
  MINIMUM         43   1159 PM  29    2002  49     -6       53
  AVERAGE         46                        58    -12       62

PRECIPITATION (IN)
  YESTERDAY        0.32          1.42 1915   0.17   0.15     0.14
  MONTH TO DATE    1.98                      2.90  -0.92     2.96
  SINCE MAR 1     10.44                      9.78   0.66     8.70
  SINCE JAN 1     13.84                     15.01  -1.17    12.74

DEGREE DAYS
 HEATING
  YESTERDAY       19                         8     11        3
  MONTH TO DATE  101                       211   -110      213
  SINCE MAR 1   1557                      1662   -105     1843
  SINCE JUL 1   6746                      6542    204     7171

 COOLING
  YESTERDAY        0                         1     -1        0
  MONTH TO DATE   43                         8     35       15
  SINCE MAR 1     43                        13     30       19
  SINCE JAN 1     43                        13     30       19
..................................................................


WIND (MPH)
  HIGHEST WIND SPEED    14   HIGHEST WIND DIRECTION    NW (320)
  HIGHEST GUST SPEED    17   HIGHEST GUST DIRECTION     S (180)
  AVERAGE WIND SPEED     5.9


SKY COVER
  POSSIBLE SUNSHINE  MM
  AVERAGE SKY COVER 1.0


WEATHER CONDITIONS
 THE FOLLOWING WEATHER WAS RECORDED YESTERDAY.
  RAIN
  LIGHT RAIN
  FOG


RELATIVE HUMIDITY (PERCENT)
 HIGHEST    96           600 AM
 LOWEST     71           200 AM
 AVERAGE    84

..........................................................


THE JOHNSTOWN CLIMATE NORMALS FOR TODAY
                         NORMAL    RECORD    YEAR
 MAXIMUM TEMPERATURE (F)   67        96      1911
 MINIMUM TEMPERATURE (F)   49        30      1895


SUNRISE AND SUNSET
MAY 22 2015...........SUNRISE   554 AM EDT   SUNSET   831 PM EDT
MAY 23 2015...........SUNRISE   553 AM EDT   SUNSET   832 PM EDT


-  INDICATES NEGATIVE NUMBERS.
R  INDICATES RECORD WAS SET OR TIED.
MM INDICATES DATA IS MISSING.
T  INDICATES TRACE AMOUNT.




$$
