000
CDUS41 KCTP 262116
CLIJST


CLIMATE REPORT
NATIONAL WEATHER SERVICE STATE COLLEGE PA
516 PM EDT SUN MAR 26 2017


...................................

...THE JOHNSTOWN CLIMATE SUMMARY FOR MARCH 26 2017...
VALID TODAY AS OF 0500 PM LOCAL TIME.

CLIMATE NORMAL PERIOD 1981 TO 2010
CLIMATE RECORD PERIOD 1892 TO 2017


WEATHER ITEM   OBSERVED TIME   RECORD YEAR NORMAL DEPARTURE LAST
                VALUE   (LST)  VALUE       VALUE  FROM      YEAR
                                                  NORMAL
..................................................................
TEMPERATURE (F)
 TODAY
  MAXIMUM         51   1210 AM  80    1908  48      3       56
  MINIMUM         43    359 PM  10    2001  31     12       24
  AVERAGE         47                        39      8       40

PRECIPITATION (IN)
  TODAY            0.00          1.52 2002   0.14  -0.14     0.00
  MONTH TO DATE    2.50                      2.62  -0.12     1.30
  SINCE MAR 1      2.50                      2.62  -0.12     1.30
  SINCE JAN 1      8.16                      7.85   0.31     4.15

DEGREE DAYS
 HEATING
  TODAY           18                        26     -8       25
  MONTH TO DATE  844                       790     54      538
  SINCE MAR 1    844                       790     54      538
  SINCE JUL 1   4764                      5669   -905     4601

 COOLING
  TODAY            0                         0      0        0
  MONTH TO DATE    0                         0      0        0
  SINCE MAR 1      0                         0      0        0
  SINCE JAN 1      0                         0      0        0
..................................................................


WIND (MPH)
  HIGHEST WIND SPEED    20   HIGHEST WIND DIRECTION    SE (140)
  HIGHEST GUST SPEED    27   HIGHEST GUST DIRECTION    SE (130)
  AVERAGE WIND SPEED    10.6


SKY COVER
  POSSIBLE SUNSHINE  MM
  AVERAGE SKY COVER 0.8


WEATHER CONDITIONS
 THE FOLLOWING WEATHER WAS RECORDED TODAY.
  FOG


RELATIVE HUMIDITY (PERCENT)
 HIGHEST   100           400 PM
 LOWEST     83          1200 AM
 AVERAGE    92

..........................................................


THE JOHNSTOWN CLIMATE NORMALS FOR TOMORROW
                         NORMAL    RECORD    YEAR
 MAXIMUM TEMPERATURE (F)   48        86      1989
 MINIMUM TEMPERATURE (F)   31         2      1990


SUNRISE AND SUNSET
MARCH 26 2017.........SUNRISE   708 AM EDT   SUNSET   734 PM EDT
MARCH 27 2017.........SUNRISE   707 AM EDT   SUNSET   735 PM EDT


-  INDICATES NEGATIVE NUMBERS.
R  INDICATES RECORD WAS SET OR TIED.
MM INDICATES DATA IS MISSING.
T  INDICATES TRACE AMOUNT.




$$
