000
CDUS41 KCTP 170624
CLIJST


CLIMATE REPORT
NATIONAL WEATHER SERVICE STATE COLLEGE PA
224 AM EDT THU AUG 17 2017


...................................

...THE JOHNSTOWN CLIMATE SUMMARY FOR AUGUST 16 2017...

CLIMATE NORMAL PERIOD 1981 TO 2010
CLIMATE RECORD PERIOD 1892 TO 2017


WEATHER ITEM   OBSERVED TIME   RECORD YEAR NORMAL DEPARTURE LAST
                VALUE   (LST)  VALUE       VALUE  FROM      YEAR
                                                  NORMAL
..................................................................
TEMPERATURE (F)
 YESTERDAY
  MAXIMUM         80    415 PM  96    1959  77      3       84
  MINIMUM         63    515 AM  45    1964  60      3       69
  AVERAGE         72                        68      4       77

PRECIPITATION (IN)
  YESTERDAY        0.00          1.89 2003   0.13  -0.13     0.59
  MONTH TO DATE    0.59                      2.03  -1.44     2.56
  SINCE JUN 1     12.69                      5.88   6.81    11.76
  SINCE JAN 1     32.58                     22.52  10.06    22.56

DEGREE DAYS
 HEATING
  YESTERDAY        0                         1     -1        0
  MONTH TO DATE   10                        12     -2        0
  SINCE JUN 1     73                        99    -26       54
  SINCE JUL 1     14                        25    -11       11

 COOLING
  YESTERDAY        7                         4      3       12
  MONTH TO DATE   52                        71    -19      145
  SINCE JUN 1    329                       296     33      471
  SINCE JAN 1    358                       314     44      509
..................................................................


WIND (MPH)
  HIGHEST WIND SPEED    16   HIGHEST WIND DIRECTION    NW (320)
  HIGHEST GUST SPEED    20   HIGHEST GUST DIRECTION     W (290)
  AVERAGE WIND SPEED     6.1


SKY COVER
  POSSIBLE SUNSHINE  MM
  AVERAGE SKY COVER 0.2


WEATHER CONDITIONS
 THE FOLLOWING WEATHER WAS RECORDED YESTERDAY.
  FOG


RELATIVE HUMIDITY (PERCENT)
 HIGHEST   100           500 AM
 LOWEST     45           200 PM
 AVERAGE    73

..........................................................


THE JOHNSTOWN CLIMATE NORMALS FOR TODAY
                         NORMAL    RECORD    YEAR
 MAXIMUM TEMPERATURE (F)   76        97      1965
 MINIMUM TEMPERATURE (F)   60        44      1902


SUNRISE AND SUNSET
AUGUST 17 2017........SUNRISE   629 AM EDT   SUNSET   809 PM EDT
AUGUST 18 2017........SUNRISE   630 AM EDT   SUNSET   808 PM EDT


-  INDICATES NEGATIVE NUMBERS.
R  INDICATES RECORD WAS SET OR TIED.
MM INDICATES DATA IS MISSING.
T  INDICATES TRACE AMOUNT.




$$
