000
CDUS41 KCTP 172218
CLIJST


CLIMATE REPORT
NATIONAL WEATHER SERVICE STATE COLLEGE PA
517 PM EST WED DEC 17 2014


...................................

...THE JOHNSTOWN CLIMATE SUMMARY FOR DECEMBER 17 2014...
VALID TODAY AS OF 0500 PM LOCAL TIME.

CLIMATE NORMAL PERIOD 1981 TO 2010
CLIMATE RECORD PERIOD 2000 TO 2014


WEATHER ITEM   OBSERVED TIME   RECORD YEAR NORMAL DEPARTURE LAST
                VALUE   (LST)  VALUE       VALUE  FROM      YEAR
                                                  NORMAL
..................................................................
TEMPERATURE (F)
 TODAY
  MAXIMUM         38    211 AM  66    1984  35      3       31
  MINIMUM         29    459 PM  -1    1951  21      8       23
  AVERAGE         34                        28      6       27

PRECIPITATION (IN)
  TODAY            0.03          1.50 1915   0.07  -0.04     0.08
  MONTH TO DATE    2.02                      1.40   0.62     1.50
  SINCE DEC 1      2.02                      1.40   0.62     1.50
  SINCE JAN 1     33.64                     32.45   1.19    35.49

DEGREE DAYS
 HEATING
  TODAY           31                        37     -6       38
  MONTH TO DATE  540                       592    -52      614
  SINCE DEC 1    540                       592    -52      614
  SINCE JUL 1   2051                      2049      2     2245

 COOLING
  TODAY            0                         0      0        0
  MONTH TO DATE    0                         0      0        0
  SINCE DEC 1      0                         0      0        0
  SINCE JAN 1    341                       382    -41      393
..................................................................


WIND (MPH)
  HIGHEST WIND SPEED    29   HIGHEST WIND DIRECTION     W (270)
  HIGHEST GUST SPEED    41   HIGHEST GUST DIRECTION     W (280)
  AVERAGE WIND SPEED    19.4


SKY COVER
  POSSIBLE SUNSHINE  MM
  AVERAGE SKY COVER 1.0


WEATHER CONDITIONS
 THE FOLLOWING WEATHER WAS RECORDED TODAY.
  LIGHT RAIN
  LIGHT SNOW
  FOG


RELATIVE HUMIDITY (PERCENT)
 HIGHEST    92          1200 AM
 LOWEST     69           400 PM
 AVERAGE    81

..........................................................


THE JOHNSTOWN CLIMATE NORMALS FOR TOMORROW
                         NORMAL    RECORD    YEAR
 MAXIMUM TEMPERATURE (F)   35        64      1924
 MINIMUM TEMPERATURE (F)   21        -4      1914


SUNRISE AND SUNSET
DECEMBER 17 2014......SUNRISE   732 AM EST   SUNSET   451 PM EST
DECEMBER 18 2014......SUNRISE   733 AM EST   SUNSET   451 PM EST


-  INDICATES NEGATIVE NUMBERS.
R  INDICATES RECORD WAS SET OR TIED.
MM INDICATES DATA IS MISSING.
T  INDICATES TRACE AMOUNT.




$$
