000
CDUS43 KGRR 290515
CLIJXN


CLIMATE REPORT
NATIONAL WEATHER SERVICE GRAND RAPIDS, MI
114 AM EDT FRI AUG 29 2014


...................................

...THE JACKSON MI CLIMATE SUMMARY FOR AUGUST 28 2014...

CLIMATE NORMAL PERIOD 1981 TO 2010
CLIMATE RECORD PERIOD 9999 TO 9999


WEATHER ITEM   OBSERVED TIME   NORMAL DEPARTURE LAST
                VALUE   (LST)  VALUE  FROM      YEAR
                                      NORMAL
......................................................
TEMPERATURE (F)
 YESTERDAY
  MAXIMUM         75    451 PM  79     -4       81
  MINIMUM         58    259 AM  57      1       64
  AVERAGE         67            68     -1       73

PRECIPITATION (IN)
  YESTERDAY        0.00          0.10  -0.10     1.59
  MONTH TO DATE    2.12          3.13  -1.01     5.05
  SINCE JUN 1     10.02          9.98   0.04    11.65
  SINCE JAN 1     22.35         20.58   1.77    24.27

DEGREE DAYS
 HEATING
  YESTERDAY        0             1     -1        0
  MONTH TO DATE   12            24    -12       27
  SINCE JUN 1     73            90    -17      105
  SINCE JUL 1     42            35      7       48

 COOLING
  YESTERDAY        2             4     -2        8
  MONTH TO DATE  144           152     -8      111
  SINCE JUN 1    383           480    -97      443
  SINCE JAN 1    417           517   -100      510
......................................................


WIND (MPH)
  RESULTANT WIND SPEED   3   RESULTANT WIND DIRECTION   E (70)
  HIGHEST WIND SPEED     9   HIGHEST WIND DIRECTION    SE (140)
  HIGHEST GUST SPEED    12   HIGHEST GUST DIRECTION    NE (40)
  AVERAGE WIND SPEED     3.9


SKY COVER
  AVERAGE SKY COVER 0.4


WEATHER CONDITIONS
 THE FOLLOWING WEATHER WAS RECORDED YESTERDAY.
  NO SIGNIFICANT WEATHER WAS OBSERVED.


RELATIVE HUMIDITY (PERCENT)
 HIGHEST    93           200 AM
 LOWEST     49           500 PM
 AVERAGE    71

..........................................................


THE JACKSON MI CLIMATE NORMALS FOR TODAY
                         NORMAL
 MAXIMUM TEMPERATURE (F)   79
 MINIMUM TEMPERATURE (F)   57


SUNRISE AND SUNSET
AUGUST 29 2014........SUNRISE   700 AM EDT   SUNSET   817 PM EDT
AUGUST 30 2014........SUNRISE   701 AM EDT   SUNSET   815 PM EDT


-  INDICATES NEGATIVE NUMBERS.
R  INDICATES RECORD WAS SET OR TIED.
MM INDICATES DATA IS MISSING.
T  INDICATES TRACE AMOUNT.




$$
