000
CDUS43 KGRR 180517
CLIJXN


CLIMATE REPORT
NATIONAL WEATHER SERVICE GRAND RAPIDS, MI
1217 AM EST THU JAN 18 2018


...................................

...THE JACKSON MI CLIMATE SUMMARY FOR JANUARY 17 2018...

CLIMATE NORMAL PERIOD 1981 TO 2010
CLIMATE RECORD PERIOD 1944 TO 9999


WEATHER ITEM   OBSERVED TIME   NORMAL DEPARTURE LAST
                VALUE   (LST)  VALUE  FROM      YEAR
                                      NORMAL
......................................................
TEMPERATURE (F)
 YESTERDAY
  MAXIMUM         25    446 PM  31     -6       45
  MINIMUM         -1    523 AM  16    -17       33
  AVERAGE         12            23    -11       39

PRECIPITATION (IN)
  YESTERDAY        T             0.04  -0.04     0.32
  MONTH TO DATE    0.41          0.91  -0.50     2.30
  SINCE DEC 1      1.09          2.78  -1.69     3.18
  SINCE JAN 1      0.41          0.91  -0.50     2.30

DEGREE DAYS
 HEATING
  YESTERDAY       53            42     11       26
  MONTH TO DATE  810           703    107      664
  SINCE DEC 1   2032          1847    185     1829
  SINCE JUL 1   3274          3251     23     2799

 COOLING
  YESTERDAY        0             0      0        0
  MONTH TO DATE    0             0      0        0
  SINCE DEC 1      0             0      0        0
  SINCE JAN 1      0             0      0        0
......................................................


WIND (MPH)
  RESULTANT WIND SPEED  12   RESULTANT WIND DIRECTION  SW (220)
  HIGHEST WIND SPEED    23   HIGHEST WIND DIRECTION    SW (210)
  HIGHEST GUST SPEED    31   HIGHEST GUST DIRECTION    SW (210)
  AVERAGE WIND SPEED    12.2


SKY COVER
  AVERAGE SKY COVER 0.3


WEATHER CONDITIONS
 THE FOLLOWING WEATHER WAS RECORDED YESTERDAY.
  LIGHT SNOW
  FOG
  HAZE


RELATIVE HUMIDITY (PERCENT)
 HIGHEST    95           400 AM
 LOWEST     55           500 PM
 AVERAGE    75

..........................................................


THE JACKSON MI CLIMATE NORMALS FOR TODAY
                         NORMAL
 MAXIMUM TEMPERATURE (F)   31
 MINIMUM TEMPERATURE (F)   16


SUNRISE AND SUNSET
JANUARY 18 2018.......SUNRISE   803 AM EST   SUNSET   534 PM EST
JANUARY 19 2018.......SUNRISE   802 AM EST   SUNSET   536 PM EST


-  INDICATES NEGATIVE NUMBERS.
R  INDICATES RECORD WAS SET OR TIED.
MM INDICATES DATA IS MISSING.
T  INDICATES TRACE AMOUNT.




$$
