000
CDUS43 KGRR 280523
CLIJXN


CLIMATE REPORT
NATIONAL WEATHER SERVICE GRAND RAPIDS, MI
123 AM EDT MON JUL 28 2014


...................................

...THE JACKSON MI CLIMATE SUMMARY FOR JULY 27 2014...

CLIMATE NORMAL PERIOD 1981 TO 2010
CLIMATE RECORD PERIOD 9999 TO 9999


WEATHER ITEM   OBSERVED TIME   NORMAL DEPARTURE LAST
                VALUE   (LST)  VALUE  FROM      YEAR
                                      NORMAL
......................................................
TEMPERATURE (F)
 YESTERDAY
  MAXIMUM         85    137 PM  82      3       77
  MINIMUM         59   1125 PM  60     -1       54
  AVERAGE         72            71      1       66

PRECIPITATION (IN)
  YESTERDAY        0.05          0.13  -0.08     0.07
  MONTH TO DATE    3.14          3.08   0.06     1.53
  SINCE JUN 1      7.90          6.35   1.55     6.15
  SINCE JAN 1     20.23         16.95   3.28    18.77

DEGREE DAYS
 HEATING
  YESTERDAY        0             0      0        0
  MONTH TO DATE   20             1     19        6
  SINCE JUN 1     51            56     -5       63
  SINCE JUL 1     20             1     19        6

 COOLING
  YESTERDAY        7             6      1        1
  MONTH TO DATE   98           180    -82      212
  SINCE JUN 1    239           306    -67      329
  SINCE JAN 1    273           343    -70      396
......................................................


WIND (MPH)
  RESULTANT WIND SPEED   5   RESULTANT WIND DIRECTION   W (250)
  HIGHEST WIND SPEED    17   HIGHEST WIND DIRECTION    NW (300)
  HIGHEST GUST SPEED    28   HIGHEST GUST DIRECTION    NW (310)
  AVERAGE WIND SPEED     5.5


SKY COVER
  AVERAGE SKY COVER 0.5


WEATHER CONDITIONS
 THE FOLLOWING WEATHER WAS RECORDED YESTERDAY.
  THUNDERSTORM
  LIGHT RAIN
  FOG
  HAZE


RELATIVE HUMIDITY (PERCENT)
 HIGHEST    97           500 AM
 LOWEST     55           100 PM
 AVERAGE    76

..........................................................


THE JACKSON MI CLIMATE NORMALS FOR TODAY
                         NORMAL
 MAXIMUM TEMPERATURE (F)   82
 MINIMUM TEMPERATURE (F)   60


SUNRISE AND SUNSET
JULY 28 2014..........SUNRISE   627 AM EDT   SUNSET   901 PM EDT
JULY 29 2014..........SUNRISE   628 AM EDT   SUNSET   900 PM EDT


-  INDICATES NEGATIVE NUMBERS.
R  INDICATES RECORD WAS SET OR TIED.
MM INDICATES DATA IS MISSING.
T  INDICATES TRACE AMOUNT.




$$
