000
CDUS43 KGRR 021339
CLIJXN


CLIMATE REPORT
NATIONAL WEATHER SERVICE GRAND RAPIDS, MI
935 AM EDT THU OCT 2 2014


...................................

...THE JACKSON MI CLIMATE SUMMARY FOR OCTOBER 2 2014...
VALID AS OF 0900 AM LOCAL TIME.

CLIMATE NORMAL PERIOD 1981 TO 2010
CLIMATE RECORD PERIOD 1944 TO 9999


WEATHER ITEM   OBSERVED TIME   RECORD YEAR NORMAL DEPARTURE LAST
                VALUE   (LST)  VALUE       VALUE  FROM      YEAR
                                                  NORMAL
..................................................................
TEMPERATURE (F)
 TODAY
  MAXIMUM         57    759 AM  MM      MM  66     -9       78
  MINIMUM         52    331 AM  MM      MM  44      8       53
  AVERAGE         55                        55      0       66

PRECIPITATION (IN)
  TODAY            0.00         MM      MM   0.09  -0.09     0.00
  MONTH TO DATE    0.00                      0.19  -0.19     0.00
  SINCE SEP 1      2.10                      3.67  -1.57     2.55
  SINCE JAN 1     25.11                     24.59   0.52    27.10

DEGREE DAYS
 HEATING
  TODAY           10                        11     -1        0
  MONTH TO DATE   17                        21     -4        5
  SINCE SEP 1    180                       174      6      165

 COOLING
  TODAY            0                         1     -1        1
  MONTH TO DATE    0                         2     -2        1
  SINCE SEP 1     50                        59     -9       65
..................................................................


WIND (MPH)
  HIGHEST WIND SPEED    10   HIGHEST WIND DIRECTION    SE (150)
  HIGHEST GUST SPEED    13   HIGHEST GUST DIRECTION    SE (150)



WEATHER CONDITIONS
 THE FOLLOWING WEATHER WAS RECORDED TODAY.
  FOG


..........................................................




SUNRISE AND SUNSET
OCTOBER  2 2014.......SUNRISE   736 AM EDT   SUNSET   718 PM EDT
OCTOBER  3 2014.......SUNRISE   737 AM EDT   SUNSET   716 PM EDT


-  INDICATES NEGATIVE NUMBERS.
R  INDICATES RECORD WAS SET OR TIED.
MM INDICATES DATA IS MISSING.
T  INDICATES TRACE AMOUNT.




$$

63
