000
CDUS43 KGRR 032227
CLIJXN


CLIMATE REPORT
NATIONAL WEATHER SERVICE GRAND RAPIDS, MI
526 PM EST TUE MAR 3 2015


...................................

...THE JACKSON MI CLIMATE SUMMARY FOR MARCH 3 2015...
VALID TODAY AS OF 0500 PM LOCAL TIME.

CLIMATE NORMAL PERIOD 1981 TO 2010
CLIMATE RECORD PERIOD 1944 TO 9999


WEATHER ITEM   OBSERVED TIME   NORMAL DEPARTURE LAST
                VALUE   (LST)  VALUE  FROM      YEAR
                                      NORMAL
......................................................
TEMPERATURE (F)
 TODAY
  MAXIMUM         35    459 PM  40     -5       16
  MINIMUM         20    900 AM  22     -2       -7
  AVERAGE         28            31     -3        5

PRECIPITATION (IN)
  TODAY            0.10          0.06   0.04     0.00
  MONTH TO DATE    0.10          0.17  -0.07     0.37
  SINCE MAR 1      0.10          0.17  -0.07     0.37
  SINCE JAN 1      2.18          2.95  -0.77     4.65

DEGREE DAYS
 HEATING
  TODAY           37            34      3       60
  MONTH TO DATE  126           104     22      158
  SINCE MAR 1    126           104     22      158
  SINCE JUL 1   5630          5018    612     5722

 COOLING
  TODAY            0             0      0        0
  MONTH TO DATE    0             0      0        0
  SINCE MAR 1      0             0      0        0
  SINCE JAN 1      0             0      0        0
......................................................


WIND (MPH)
  RESULTANT WIND SPEED  10   RESULTANT WIND DIRECTION   S (170)
  HIGHEST WIND SPEED    24   HIGHEST WIND DIRECTION    SW (240)
  HIGHEST GUST SPEED    32   HIGHEST GUST DIRECTION    SW (240)
  AVERAGE WIND SPEED    11.0


SKY COVER
  AVERAGE SKY COVER 1.0


WEATHER CONDITIONS
 THE FOLLOWING WEATHER WAS RECORDED TODAY.
  FREEZING RAIN
  LT FREEZING RAIN
  SNOW
  LIGHT SNOW
  FOG
  FOG W/VISIBILITY <= 1/4 MILE
  HAZE


RELATIVE HUMIDITY (PERCENT)
 HIGHEST    92           200 PM
 LOWEST     60          1200 AM
 AVERAGE    76

..........................................................


THE JACKSON MI CLIMATE NORMALS FOR TOMORROW
                         NORMAL
 MAXIMUM TEMPERATURE (F)   40
 MINIMUM TEMPERATURE (F)   22


SUNRISE AND SUNSET
MARCH  3 2015.........SUNRISE   710 AM EST   SUNSET   630 PM EST
MARCH  4 2015.........SUNRISE   709 AM EST   SUNSET   631 PM EST


-  INDICATES NEGATIVE NUMBERS.
R  INDICATES RECORD WAS SET OR TIED.
MM INDICATES DATA IS MISSING.
T  INDICATES TRACE AMOUNT.




$$

CAS
