000
CDUS43 KGRR 280518
CLIJXN


CLIMATE REPORT
NATIONAL WEATHER SERVICE GRAND RAPIDS, MI
117 AM EDT WED JUN 28 2017


...................................

...THE JACKSON MI CLIMATE SUMMARY FOR JUNE 27 2017...

CLIMATE NORMAL PERIOD 1981 TO 2010
CLIMATE RECORD PERIOD 1944 TO 9999


WEATHER ITEM   OBSERVED TIME   NORMAL DEPARTURE LAST
                VALUE   (LST)  VALUE  FROM      YEAR
                                      NORMAL
......................................................
TEMPERATURE (F)
 YESTERDAY
  MAXIMUM         74    415 PM  82     -8       91
  MINIMUM         48    542 AM  59    -11       64
  AVERAGE         61            70     -9       78

PRECIPITATION (IN)
  YESTERDAY        0.00          0.11  -0.11     0.00
  MONTH TO DATE    0.92          2.95  -2.03     1.03
  SINCE JUN 1      0.92          2.95  -2.03     1.03
  SINCE JAN 1     18.89         13.55   5.34    10.53

DEGREE DAYS
 HEATING
  YESTERDAY        4             1      3        0
  MONTH TO DATE   30            53    -23       23
  SINCE JUN 1     30            53    -23       23
  SINCE JUL 1   5558          6655  -1097     5663

 COOLING
  YESTERDAY        0             6     -6       13
  MONTH TO DATE  143           108     35      151
  SINCE JUN 1    143           108     35      151
  SINCE JAN 1    179           145     34      204
......................................................


WIND (MPH)
  RESULTANT WIND SPEED   8   RESULTANT WIND DIRECTION   W (290)
  HIGHEST WIND SPEED    17   HIGHEST WIND DIRECTION     W (280)
  HIGHEST GUST SPEED    24   HIGHEST GUST DIRECTION     W (280)
  AVERAGE WIND SPEED     8.2


SKY COVER
  AVERAGE SKY COVER 0.2


WEATHER CONDITIONS
 THE FOLLOWING WEATHER WAS RECORDED YESTERDAY.
  NO SIGNIFICANT WEATHER WAS OBSERVED.


RELATIVE HUMIDITY (PERCENT)
 HIGHEST    93           500 AM
 LOWEST     38           400 PM
 AVERAGE    66

..........................................................


THE JACKSON MI CLIMATE NORMALS FOR TODAY
                         NORMAL
 MAXIMUM TEMPERATURE (F)   82
 MINIMUM TEMPERATURE (F)   59


SUNRISE AND SUNSET
JUNE 28 2017..........SUNRISE   604 AM EDT   SUNSET   918 PM EDT
JUNE 29 2017..........SUNRISE   604 AM EDT   SUNSET   918 PM EDT


-  INDICATES NEGATIVE NUMBERS.
R  INDICATES RECORD WAS SET OR TIED.
MM INDICATES DATA IS MISSING.
T  INDICATES TRACE AMOUNT.




$$
