000
CDUS43 KGRR 161350
CLIJXN


CLIMATE REPORT
NATIONAL WEATHER SERVICE GRAND RAPIDS, MI
950 AM EDT WED AUG 16 2017


...................................

...THE JACKSON MI CLIMATE SUMMARY FOR AUGUST 16 2017...
VALID AS OF 0900 AM LOCAL TIME.

CLIMATE NORMAL PERIOD 1981 TO 2010
CLIMATE RECORD PERIOD 1944 TO 9999


WEATHER ITEM   OBSERVED TIME   NORMAL DEPARTURE LAST
                VALUE   (LST)  VALUE  FROM      YEAR
                                      NORMAL
......................................................
TEMPERATURE (F)
 TODAY
  MAXIMUM         MM        MM  80     MM       81
  MINIMUM         MM        MM  59     MM       69
  AVERAGE         MM            70     MM       75

PRECIPITATION (IN)
  TODAY            0.00          0.12  -0.12     3.60
  MONTH TO DATE    1.25          1.84  -0.59     8.09
  SINCE JUN 1      4.73          8.69  -3.96    15.39
  SINCE JAN 1     22.70         19.29   3.41    24.89

DEGREE DAYS
 HEATING
  TODAY           MM             1     MM        0
  MONTH TO DATE    2            12    -10        0
  SINCE JUN 1     33            78    -45       34
  SINCE JUL 1      2            23    -21        4

 COOLING
  TODAY           MM             5     MM       10
  MONTH TO DATE   56            95    -39      163
  SINCE JUN 1    442           423     19      572
  SINCE JAN 1    478           460     18      625
......................................................


WIND (MPH)
  RESULTANT WIND SPEED   8   RESULTANT WIND DIRECTION  SE (120)
  HIGHEST WIND SPEED    MM   HIGHEST WIND DIRECTION    MM
  HIGHEST GUST SPEED    MM   HIGHEST GUST DIRECTION    MM
  AVERAGE WIND SPEED    MM


SKY COVER
  AVERAGE SKY COVER 0.0


WEATHER CONDITIONS
 THE FOLLOWING WEATHER WAS RECORDED TODAY.
  NO SIGNIFICANT WEATHER WAS OBSERVED.


RELATIVE HUMIDITY (PERCENT)
 HIGHEST    MM
 LOWEST     MM
 AVERAGE    MM

..........................................................


THE JACKSON MI CLIMATE NORMALS FOR TOMORROW
                         NORMAL
 MAXIMUM TEMPERATURE (F)   80
 MINIMUM TEMPERATURE (F)   59


SUNRISE AND SUNSET
AUGUST 16 2017........SUNRISE   647 AM EDT   SUNSET   837 PM EDT
AUGUST 17 2017........SUNRISE   648 AM EDT   SUNSET   835 PM EDT


-  INDICATES NEGATIVE NUMBERS.
R  INDICATES RECORD WAS SET OR TIED.
MM INDICATES DATA IS MISSING.
T  INDICATES TRACE AMOUNT.




$$
