000
CDUS43 KIND 020536
CLILAF


CLIMATE REPORT
NATIONAL WEATHER SERVICE INDIANAPOLIS IN
1236 AM EST MON MAR 2 2015


...................................

...THE LAFAYETTE IN CLIMATE SUMMARY FOR MARCH 1 2015...

CLIMATE NORMAL PERIOD 1981 TO 2010
CLIMATE RECORD PERIOD 9999 TO 9999


WEATHER ITEM   OBSERVED TIME   NORMAL DEPARTURE LAST
                VALUE   (LST)  VALUE  FROM      YEAR
                                      NORMAL
......................................................
TEMPERATURE (F)
 YESTERDAY
  MAXIMUM         26    432 PM  44    -18       38
  MINIMUM         15   1133 PM  26    -11       20
  AVERAGE         21            35    -14       29

PRECIPITATION (IN)
  YESTERDAY        0.18          0.08   0.10      T
  MONTH TO DATE    0.18          0.08   0.10      T
  SINCE MAR 1      0.18          0.08   0.10      T
  SINCE JAN 1      1.91          3.70  -1.79     3.34

DEGREE DAYS
 HEATING
  YESTERDAY       44            30     14       36
  MONTH TO DATE   44            30     14       36
  SINCE MAR 1     44            30     14       36
  SINCE JUL 1   5122          4364    758     4998

 COOLING
  YESTERDAY        0             0      0        0
  MONTH TO DATE    0             0      0        0
  SINCE MAR 1      0             0      0        0
  SINCE JAN 1      0             0      0        0
......................................................


WIND (MPH)
  HIGHEST WIND SPEED    10   HIGHEST WIND DIRECTION    NW (330)
  HIGHEST GUST SPEED    12   HIGHEST GUST DIRECTION    NW (330)
  AVERAGE WIND SPEED     4.0


SKY COVER
  AVERAGE SKY COVER 0.8


WEATHER CONDITIONS
 THE FOLLOWING WEATHER WAS RECORDED YESTERDAY.
  HEAVY SNOW
  SNOW
  LIGHT SNOW
  FOG
  FOG W/VISIBILITY <= 1/4 MILE


RELATIVE HUMIDITY (PERCENT)
 HIGHEST   100           100 AM
 LOWEST     81           100 PM
 AVERAGE    91

..........................................................


THE LAFAYETTE IN CLIMATE NORMALS FOR TODAY
                         NORMAL
 MAXIMUM TEMPERATURE (F)   44
 MINIMUM TEMPERATURE (F)   27


SUNRISE AND SUNSET
MARCH  2 2015.........SUNRISE   720 AM EST   SUNSET   640 PM EST
MARCH  3 2015.........SUNRISE   719 AM EST   SUNSET   641 PM EST


-  INDICATES NEGATIVE NUMBERS.
R  INDICATES RECORD WAS SET OR TIED.
MM INDICATES DATA IS MISSING.
T  INDICATES TRACE AMOUNT.




$$
