000
CDUS43 KIND 020532
CLILAF


CLIMATE REPORT
NATIONAL WEATHER SERVICE INDIANAPOLIS IN
131 AM EDT THU JUL 2 2015


...................................

...THE LAFAYETTE IN CLIMATE SUMMARY FOR JULY 1 2015...

CLIMATE NORMAL PERIOD 1981 TO 2010
CLIMATE RECORD PERIOD 9999 TO 9999


WEATHER ITEM   OBSERVED TIME   NORMAL DEPARTURE LAST
                VALUE   (LST)  VALUE  FROM      YEAR
                                      NORMAL
......................................................
TEMPERATURE (F)
 YESTERDAY
  MAXIMUM         75    402 PM  85    -10       84
  MINIMUM         56    542 AM  64     -8       64
  AVERAGE         66            74     -8       74

PRECIPITATION (IN)
  YESTERDAY        0.00          0.13  -0.13     0.63
  MONTH TO DATE    0.00          0.13  -0.13     0.63
  SINCE JUN 1      7.66          4.23   3.43     5.10
  SINCE JAN 1     16.60         18.25  -1.65    17.93

DEGREE DAYS
 HEATING
  YESTERDAY        0             0      0        0
  MONTH TO DATE    0             0      0        0
  SINCE JUN 1     20            22     -2        6
  SINCE JUL 1      0             0      0        0

 COOLING
  YESTERDAY        1            10     -9        9
  MONTH TO DATE    1            10     -9        9
  SINCE JUN 1    184           227    -43      234
  SINCE JAN 1    273           304    -31      331
......................................................


WIND (MPH)
  HIGHEST WIND SPEED    15   HIGHEST WIND DIRECTION     N (20)
  HIGHEST GUST SPEED    19   HIGHEST GUST DIRECTION    NE (30)
  AVERAGE WIND SPEED     5.1


SKY COVER
  AVERAGE SKY COVER 0.3


WEATHER CONDITIONS
 THE FOLLOWING WEATHER WAS RECORDED YESTERDAY.
  NO SIGNIFICANT WEATHER WAS OBSERVED.


RELATIVE HUMIDITY (PERCENT)
 HIGHEST    93           100 AM
 LOWEST     64           400 PM
 AVERAGE    79

..........................................................


THE LAFAYETTE IN CLIMATE NORMALS FOR TODAY
                         NORMAL
 MAXIMUM TEMPERATURE (F)   85
 MINIMUM TEMPERATURE (F)   64


SUNRISE AND SUNSET
JULY  2 2015..........SUNRISE   622 AM EDT   SUNSET   922 PM EDT
JULY  3 2015..........SUNRISE   622 AM EDT   SUNSET   921 PM EDT


-  INDICATES NEGATIVE NUMBERS.
R  INDICATES RECORD WAS SET OR TIED.
MM INDICATES DATA IS MISSING.
T  INDICATES TRACE AMOUNT.




$$
