000
CDUS43 KIND 240534
CLILAF


CLIMATE REPORT
NATIONAL WEATHER SERVICE INDIANAPOLIS IN
134 AM EDT SUN MAY 24 2015


...................................

...THE LAFAYETTE IN CLIMATE SUMMARY FOR MAY 23 2015...

CLIMATE NORMAL PERIOD 1981 TO 2010
CLIMATE RECORD PERIOD 9999 TO 9999


WEATHER ITEM   OBSERVED TIME   NORMAL DEPARTURE LAST
                VALUE   (LST)  VALUE  FROM      YEAR
                                      NORMAL
......................................................
TEMPERATURE (F)
 YESTERDAY
  MAXIMUM         79    410 PM  75      4       74
  MINIMUM         49    112 AM  53     -4       47
  AVERAGE         64            64      0       61

PRECIPITATION (IN)
  YESTERDAY        0.00          0.14  -0.14     0.00
  MONTH TO DATE    2.97          3.07  -0.10     3.79
  SINCE MAR 1      6.05          9.28  -3.23     9.49
  SINCE JAN 1      7.78         12.90  -5.12    12.83

DEGREE DAYS
 HEATING
  YESTERDAY        1             4     -3        4
  MONTH TO DATE  109           138    -29      173
  SINCE MAR 1   1396          1294    102     1579
  SINCE JUL 1   6474          5628    846     6541

 COOLING
  YESTERDAY        0             3     -3        0
  MONTH TO DATE   53            38     15       47
  SINCE MAR 1     55            51      4       48
  SINCE JAN 1     55            51      4       48
......................................................


WIND (MPH)
  HIGHEST WIND SPEED    14   HIGHEST WIND DIRECTION    SW (210)
  HIGHEST GUST SPEED    18   HIGHEST GUST DIRECTION    SW (240)
  AVERAGE WIND SPEED     5.4


SKY COVER
  AVERAGE SKY COVER 0.1


WEATHER CONDITIONS
 THE FOLLOWING WEATHER WAS RECORDED YESTERDAY.
  NO SIGNIFICANT WEATHER WAS OBSERVED.


RELATIVE HUMIDITY (PERCENT)
 HIGHEST    72          1100 PM
 LOWEST     30           300 PM
 AVERAGE    51

..........................................................


THE LAFAYETTE IN CLIMATE NORMALS FOR TODAY
                         NORMAL
 MAXIMUM TEMPERATURE (F)   76
 MINIMUM TEMPERATURE (F)   53


SUNRISE AND SUNSET
MAY 24 2015...........SUNRISE   624 AM EDT   SUNSET   905 PM EDT
MAY 25 2015...........SUNRISE   624 AM EDT   SUNSET   906 PM EDT


-  INDICATES NEGATIVE NUMBERS.
R  INDICATES RECORD WAS SET OR TIED.
MM INDICATES DATA IS MISSING.
T  INDICATES TRACE AMOUNT.




$$
