000
CDUS43 KGRR 260517
CLILAN


CLIMATE REPORT
NATIONAL WEATHER SERVICE GRAND RAPIDS, MI
117 AM EDT FRI MAY 26 2017


...................................

...THE LANSING MI CLIMATE SUMMARY FOR MAY 25 2017...

CLIMATE NORMAL PERIOD 1981 TO 2010
CLIMATE RECORD PERIOD 1864 TO 2017


WEATHER ITEM   OBSERVED TIME   RECORD YEAR NORMAL DEPARTURE LAST
                VALUE   (LST)  VALUE       VALUE  FROM      YEAR
                                                  NORMAL
..................................................................
TEMPERATURE (F)
 YESTERDAY
  MAXIMUM         64    243 PM  89    1977  72     -8       85
                                      1875
  MINIMUM         57   1159 PM  29    1992  50      7       64
  AVERAGE         61                        61      0       75

PRECIPITATION (IN)
  YESTERDAY        T             1.19 1950   0.11  -0.11     0.00
  MONTH TO DATE    2.44                      2.68  -0.24     2.66
  SINCE MAR 1     10.73                      7.77   2.96     9.42
  SINCE JAN 1     17.01                     10.89   6.12    12.58

SNOWFALL (IN)
  YESTERDAY        0.0           T    1979   0.0    0.0      0.0
  MONTH TO DATE    0.0                       0.0    0.0       T
  SINCE MAR 1      2.6                       8.9   -6.3     16.4
  SINCE JUL 1     30.2                      51.1  -20.9     50.0
  SNOW DEPTH       0

DEGREE DAYS
 HEATING
  YESTERDAY        4                         6     -2        0
  MONTH TO DATE  234                       228      6      247
  SINCE MAR 1   1533                      1691   -158     1612
  SINCE JUL 1   5578                      6626  -1048     5772

 COOLING
  YESTERDAY        0                         2     -2       10
  MONTH TO DATE   20                        22     -2       12
  SINCE MAR 1     28                        29     -1       13
  SINCE JAN 1     28                        29     -1       13
..................................................................


WIND (MPH)
  RESULTANT WIND SPEED   7   RESULTANT WIND DIRECTION   N (10)
  HIGHEST WIND SPEED    15   HIGHEST WIND DIRECTION    NE (40)
  HIGHEST GUST SPEED    19   HIGHEST GUST DIRECTION     N (350)
  AVERAGE WIND SPEED     8.7


SKY COVER
  AVERAGE SKY COVER 0.9


WEATHER CONDITIONS
 THE FOLLOWING WEATHER WAS RECORDED YESTERDAY.
  LIGHT RAIN
  FOG
  HAZE


RELATIVE HUMIDITY (PERCENT)
 HIGHEST    86           200 AM
 LOWEST     72           300 PM
 AVERAGE    79

..........................................................


THE LANSING MI CLIMATE NORMALS FOR TODAY
                         NORMAL    RECORD    YEAR
 MAXIMUM TEMPERATURE (F)   72        90      1911
 MINIMUM TEMPERATURE (F)   50        31      1891


SUNRISE AND SUNSET
MAY 26 2017...........SUNRISE   606 AM EDT   SUNSET   905 PM EDT
MAY 27 2017...........SUNRISE   605 AM EDT   SUNSET   906 PM EDT


-  INDICATES NEGATIVE NUMBERS.
R  INDICATES RECORD WAS SET OR TIED.
MM INDICATES DATA IS MISSING.
T  INDICATES TRACE AMOUNT.




$$
