000
CDUS43 KGRR 160545
CLILAN


CLIMATE REPORT
NATIONAL WEATHER SERVICE GRAND RAPIDS, MI
1244 AM EST TUE JAN 16 2018


...................................

...THE LANSING MI CLIMATE SUMMARY FOR JANUARY 15 2018...

CLIMATE NORMAL PERIOD 1981 TO 2010
CLIMATE RECORD PERIOD 1864 TO 2018


WEATHER ITEM   OBSERVED TIME   RECORD YEAR NORMAL DEPARTURE LAST
                VALUE   (LST)  VALUE       VALUE  FROM      YEAR
                                                  NORMAL
..................................................................
TEMPERATURE (F)
 YESTERDAY
  MAXIMUM         20    429 PM  56    1953  30    -10       35
  MINIMUM         13    439 AM -25    1984  17     -4       15
  AVERAGE         17                        23     -6       25

PRECIPITATION (IN)
  YESTERDAY        0.14          2.52 1871   0.05   0.09     0.00
  MONTH TO DATE    0.93                      0.88   0.05     1.81
  SINCE DEC 1      2.25                      2.75  -0.50     3.57
  SINCE JAN 1      0.93                      0.88   0.05     1.81

SNOWFALL (IN)
  YESTERDAY        1.9           5.0  1871   0.4    1.5      0.0
  MONTH TO DATE    6.4                       6.8   -0.4      3.7
  SINCE DEC 1     23.8                      19.8    4.0     19.8
  SINCE JUL 1     24.2                      23.6    0.6     19.8
  SNOW DEPTH       4

DEGREE DAYS
 HEATING
  YESTERDAY       48                        42      6       40
  MONTH TO DATE  699                       621     78      608
  SINCE DEC 1   1962                      1759    203     1750
  SINCE JUL 1   3218                      3173     45     2725

 COOLING
  YESTERDAY        0                         0      0        0
  MONTH TO DATE    0                         0      0        0
  SINCE DEC 1      0                         0      0        0
  SINCE JAN 1      0                         0      0        0
..................................................................


WIND (MPH)
  RESULTANT WIND SPEED   9   RESULTANT WIND DIRECTION  SE (130)
  HIGHEST WIND SPEED    20   HIGHEST WIND DIRECTION     S (160)
  HIGHEST GUST SPEED    23   HIGHEST GUST DIRECTION     S (160)
  AVERAGE WIND SPEED     8.7


SKY COVER
  AVERAGE SKY COVER 1.0


WEATHER CONDITIONS
 THE FOLLOWING WEATHER WAS RECORDED YESTERDAY.
  LIGHT SNOW
  FOG
  HAZE


RELATIVE HUMIDITY (PERCENT)
 HIGHEST    92           700 PM
 LOWEST     67           100 AM
 AVERAGE    80

..........................................................


THE LANSING MI CLIMATE NORMALS FOR TODAY
                         NORMAL    RECORD    YEAR
 MAXIMUM TEMPERATURE (F)   30        55      1949
 MINIMUM TEMPERATURE (F)   17       -17      1984


SUNRISE AND SUNSET
JANUARY 16 2018.......SUNRISE   806 AM EST   SUNSET   531 PM EST
JANUARY 17 2018.......SUNRISE   805 AM EST   SUNSET   532 PM EST


-  INDICATES NEGATIVE NUMBERS.
R  INDICATES RECORD WAS SET OR TIED.
MM INDICATES DATA IS MISSING.
T  INDICATES TRACE AMOUNT.




$$
