000
CDUS43 KGRR 290518
CLILAN


CLIMATE REPORT
NATIONAL WEATHER SERVICE GRAND RAPIDS, MI
1215 AM EST SAT NOV 29 2014


...................................

...THE LANSING MI CLIMATE SUMMARY FOR NOVEMBER 28 2014...

CLIMATE NORMAL PERIOD 1981 TO 2010
CLIMATE RECORD PERIOD 1864 TO 2014


WEATHER ITEM   OBSERVED TIME   RECORD YEAR NORMAL DEPARTURE LAST
                VALUE   (LST)  VALUE       VALUE  FROM      YEAR
                                                  NORMAL
..................................................................
TEMPERATURE (F)
 YESTERDAY
  MAXIMUM         28   1159 PM  71    1905  41    -13       27
  MINIMUM         16    501 AM   0    1891  28    -12       17
  AVERAGE         22                        34    -12       22

PRECIPITATION (IN)
  YESTERDAY        T             1.34 1937   0.08  -0.08     0.02
  MONTH TO DATE    2.61                      2.61   0.00     2.13
  SINCE SEP 1      8.70                      8.64   0.06     6.66
  SINCE JAN 1     35.92                     29.73   6.19    39.58

SNOWFALL (IN)
  YESTERDAY        T             3.4  1937   0.2   -0.2      0.3
  MONTH TO DATE    6.2                       2.9    3.3      0.7
  SINCE SEP 1      6.2                       3.3    2.9      0.7
  SINCE JUL 1      6.2                       3.3    2.9      0.7
  SNOW DEPTH       0

DEGREE DAYS
 HEATING
  YESTERDAY       43                        31     12       43
  MONTH TO DATE  880                       702    178      777
  SINCE SEP 1   1510                      1317    193     1344
  SINCE JUL 1   1550                      1352    198     1379

 COOLING
  YESTERDAY        0                         0      0        0
  MONTH TO DATE    0                         0      0        0
  SINCE SEP 1     43                        68    -25       73
  SINCE JAN 1    488                       625   -137      661
..................................................................


WIND (MPH)
  RESULTANT WIND SPEED   6   RESULTANT WIND DIRECTION   S (170)
  HIGHEST WIND SPEED    16   HIGHEST WIND DIRECTION     S (160)
  HIGHEST GUST SPEED    20   HIGHEST GUST DIRECTION     S (160)
  AVERAGE WIND SPEED     8.2


SKY COVER
  AVERAGE SKY COVER 0.9


WEATHER CONDITIONS
 THE FOLLOWING WEATHER WAS RECORDED YESTERDAY.
  LIGHT SNOW
  HAZE


RELATIVE HUMIDITY (PERCENT)
 HIGHEST    81           700 PM
 LOWEST     56          1200 AM
 AVERAGE    69

..........................................................


THE LANSING MI CLIMATE NORMALS FOR TODAY
                         NORMAL    RECORD    YEAR
 MAXIMUM TEMPERATURE (F)   40        65      1998
                                             1864
 MINIMUM TEMPERATURE (F)   28         0      1867


SUNRISE AND SUNSET
NOVEMBER 29 2014......SUNRISE   747 AM EST   SUNSET   506 PM EST
NOVEMBER 30 2014......SUNRISE   748 AM EST   SUNSET   506 PM EST


-  INDICATES NEGATIVE NUMBERS.
R  INDICATES RECORD WAS SET OR TIED.
MM INDICATES DATA IS MISSING.
T  INDICATES TRACE AMOUNT.




$$

CAS
