000
CDUS43 KGRR 290602
CLILAN


CLIMATE REPORT
NATIONAL WEATHER SERVICE GRAND RAPIDS, MI
202 AM EDT MON AUG 29 2016


...................................

...THE LANSING MI CLIMATE SUMMARY FOR AUGUST 28 2016...

CLIMATE NORMAL PERIOD 1981 TO 2010
CLIMATE RECORD PERIOD 1864 TO 2016


WEATHER ITEM   OBSERVED TIME   RECORD YEAR NORMAL DEPARTURE LAST
                VALUE   (LST)  VALUE       VALUE  FROM      YEAR
                                                  NORMAL
..................................................................
TEMPERATURE (F)
 YESTERDAY
  MAXIMUM         84    347 PM  99    1973  79      5       76
  MINIMUM         67   1144 PM  36    1986  58      9       49
                                      1982
  AVERAGE         76                        68      8       63

PRECIPITATION (IN)
  YESTERDAY        0.00          2.20 1886   0.10  -0.10     0.01
  MONTH TO DATE    6.41                      2.91   3.50     6.61
  SINCE JUN 1     10.35                      9.20   1.15    18.07
  SINCE JAN 1     23.26                     20.77   2.49    26.12

SNOWFALL (IN)
  YESTERDAY        0.0           0.0    MM   0.0    0.0      0.0
  MONTH TO DATE    0.0                       0.0    0.0      0.0
  SINCE JUN 1      0.0                       0.0    0.0      0.0
  SINCE JUL 1      0.0                       0.0    0.0      0.0
  SNOW DEPTH       0

DEGREE DAYS
 HEATING
  YESTERDAY        0                         1     -1        2
  MONTH TO DATE    0                        24    -24       19
  SINCE JUN 1     37                        90    -53       67
  SINCE JUL 1      3                        35    -32       31

 COOLING
  YESTERDAY       11                         4      7        0
  MONTH TO DATE  259                       155    104      153
  SINCE JUN 1    681                       500    181      420
  SINCE JAN 1    743                       541    202      479
..................................................................


WIND (MPH)
  RESULTANT WIND SPEED   3   RESULTANT WIND DIRECTION   W (280)
  HIGHEST WIND SPEED    13   HIGHEST WIND DIRECTION     W (290)
  HIGHEST GUST SPEED    21   HIGHEST GUST DIRECTION     W (280)
  AVERAGE WIND SPEED     4.9


SKY COVER
  AVERAGE SKY COVER 0.2


WEATHER CONDITIONS
 THE FOLLOWING WEATHER WAS RECORDED YESTERDAY.
  FOG


RELATIVE HUMIDITY (PERCENT)
 HIGHEST    93          1200 AM
 LOWEST     55           500 PM
 AVERAGE    74

..........................................................


THE LANSING MI CLIMATE NORMALS FOR TODAY
                         NORMAL    RECORD    YEAR
 MAXIMUM TEMPERATURE (F)   78        96      1973
 MINIMUM TEMPERATURE (F)   57        26      1863


SUNRISE AND SUNSET
AUGUST 29 2016........SUNRISE   700 AM EDT   SUNSET   817 PM EDT
AUGUST 30 2016........SUNRISE   701 AM EDT   SUNSET   815 PM EDT


-  INDICATES NEGATIVE NUMBERS.
R  INDICATES RECORD WAS SET OR TIED.
MM INDICATES DATA IS MISSING.
T  INDICATES TRACE AMOUNT.




$$
