000
CDUS45 KCYS 010742
CLILAR


CLIMATE REPORT
NATIONAL WEATHER SERVICE CHEYENNE WY
141 AM MDT WED JUN 1 2016


...................................

...THE LARAMIE WY AIRPORT CLIMATE SUMMARY FOR MAY 31 2016...

CLIMATE NORMAL PERIOD 1981 TO 2010
CLIMATE RECORD PERIOD 1948 TO 2016


WEATHER ITEM   OBSERVED TIME   RECORD YEAR NORMAL DEPARTURE LAST
                VALUE   (LST)  VALUE       VALUE  FROM      YEAR
                                                  NORMAL
..................................................................
TEMPERATURE (F)
 YESTERDAY
  MAXIMUM         61    339 PM  85    2002  67     -6       75
  MINIMUM         36   1159 PM  30    1985  38     -2       43
                                      1979
  AVERAGE         49                        52     -3       59

PRECIPITATION (IN)
  YESTERDAY        0.00          0.44 1962   0.06  -0.06     0.01
  MONTH TO DATE    2.01                      1.69   0.32     2.71
  SINCE JAN 1      6.94                      3.95   2.99     5.40

DEGREE DAYS
 HEATING
  YESTERDAY       16                        13      3        6
  MONTH TO DATE  607                       540     67      598
  SINCE MAR 1   2490                      2413     77     2260
  SINCE JUL 1   8272                      8589   -317     7937

 COOLING
  YESTERDAY        0                         0      0        0
  MONTH TO DATE    0                         0      0        0
  SINCE MAR 1      0                         0      0        0
  SINCE JAN 1      0                         0      0        0
..................................................................


WIND (MPH)
  HIGHEST WIND SPEED    20   HIGHEST WIND DIRECTION     N (350)
  HIGHEST GUST SPEED    28   HIGHEST GUST DIRECTION    NW (330)
  AVERAGE WIND SPEED     9.3


SKY COVER
  AVERAGE SKY COVER 0.5


WEATHER CONDITIONS
 THE FOLLOWING WEATHER WAS RECORDED YESTERDAY.
  NO SIGNIFICANT WEATHER WAS OBSERVED.


RELATIVE HUMIDITY (PERCENT)
 HIGHEST    89          1200 AM
 LOWEST     33           400 PM
 AVERAGE    61

..........................................................


THE LARAMIE WY AIRPORT CLIMATE NORMALS FOR TODAY
                         NORMAL    RECORD    YEAR
 MAXIMUM TEMPERATURE (F)   67        86      2002
 MINIMUM TEMPERATURE (F)   38        26      1959
                                             1951


SUNRISE AND SUNSET
JUNE  1 2016..........SUNRISE   532 AM MDT   SUNSET   830 PM MDT
JUNE  2 2016..........SUNRISE   531 AM MDT   SUNSET   831 PM MDT


-  INDICATES NEGATIVE NUMBERS.
R  INDICATES RECORD WAS SET OR TIED.
MM INDICATES DATA IS MISSING.
T  INDICATES TRACE AMOUNT.




$$
