000
CDUS45 KCYS 302141
CLILAR


CLIMATE REPORT
NATIONAL WEATHER SERVICE CHEYENNE WY
340 PM MDT SUN AUG 30 2015


...................................

...THE LARAMIE WY AIRPORT CLIMATE SUMMARY FOR AUGUST 30 2015...
VALID AS OF 0300 PM LOCAL TIME.

CLIMATE NORMAL PERIOD 1981 TO 2010
CLIMATE RECORD PERIOD 1948 TO 2015


WEATHER ITEM   OBSERVED TIME   RECORD YEAR NORMAL DEPARTURE LAST
                VALUE   (LST)  VALUE       VALUE  FROM      YEAR
                                                  NORMAL
..................................................................
TEMPERATURE (F)
 TODAY
  MAXIMUM         86    127 PM  89    1985  75     11       78
                                      1948
  MINIMUM         45    531 AM  32    1968  44      1       44
                                      1964
  AVERAGE         66                        59      7       61

PRECIPITATION (IN)
  TODAY            0.00          0.39 2003   0.03  -0.03     0.09
  MONTH TO DATE    1.12                      1.19  -0.07     1.42
  SINCE JAN 1      9.68                      8.11   1.57    10.58

DEGREE DAYS
 HEATING
  TODAY            0                         6     -6        4
  MONTH TO DATE   69                        96    -27      114
  SINCE JUN 1    267                       406   -139      411
  SINCE JUL 1    147                       165    -18      169

 COOLING
  TODAY            1                         0      1        0
  MONTH TO DATE   31                        17     14        2
  SINCE JUN 1     65                        64      1       67
  SINCE JAN 1     65                        64      1       67
..................................................................


WIND (MPH)
  HIGHEST WIND SPEED    24   HIGHEST WIND DIRECTION    SW (230)
  HIGHEST GUST SPEED    36   HIGHEST GUST DIRECTION    SW (230)
  AVERAGE WIND SPEED    10.7


SKY COVER
  AVERAGE SKY COVER 0.1


WEATHER CONDITIONS
 THE FOLLOWING WEATHER WAS RECORDED TODAY.
  THUNDERSTORM


RELATIVE HUMIDITY (PERCENT)
 HIGHEST    65           400 AM
 LOWEST     17          1200 PM
 AVERAGE    41

..........................................................


THE LARAMIE WY AIRPORT CLIMATE NORMALS FOR TOMORROW
                         NORMAL    RECORD    YEAR
 MAXIMUM TEMPERATURE (F)   75        90      1960
 MINIMUM TEMPERATURE (F)   43        29      1956


SUNRISE AND SUNSET
AUGUST 30 2015........SUNRISE   627 AM MDT   SUNSET   739 PM MDT
AUGUST 31 2015........SUNRISE   628 AM MDT   SUNSET   737 PM MDT


-  INDICATES NEGATIVE NUMBERS.
R  INDICATES RECORD WAS SET OR TIED.
MM INDICATES DATA IS MISSING.
T  INDICATES TRACE AMOUNT.




$$
