000
CDUS45 KCYS 270736
CLILAR


CLIMATE REPORT
NATIONAL WEATHER SERVICE CHEYENNE WY
136 AM MDT FRI MAR 27 2015


...................................

...THE LARAMIE WY AIRPORT CLIMATE SUMMARY FOR MARCH 26 2015...

CLIMATE NORMAL PERIOD 1981 TO 2010
CLIMATE RECORD PERIOD 1948 TO 2015


WEATHER ITEM   OBSERVED TIME   RECORD YEAR NORMAL DEPARTURE LAST
                VALUE   (LST)  VALUE       VALUE  FROM      YEAR
                                                  NORMAL
..................................................................
TEMPERATURE (F)
 YESTERDAY
  MAXIMUM         49    532 PM  69    2012  46      3       55
  MINIMUM         22    303 AM  -6    1955  21      1       25
  AVERAGE         36                        33      3       40

PRECIPITATION (IN)
  YESTERDAY        0.00          0.26 1975   0.02  -0.02     0.01
  MONTH TO DATE    0.15                      0.47  -0.32     0.49
  SINCE JAN 1      0.94                      1.08  -0.14     1.68

DEGREE DAYS
 HEATING
  YESTERDAY       29                        32     -3       25
  MONTH TO DATE  777                       902   -125      854
  SINCE MAR 1    777                       902   -125      854
  SINCE JUL 1   6454                      7078   -624     6898

 COOLING
  YESTERDAY        0                         0      0        0
  MONTH TO DATE    0                         0      0        0
  SINCE MAR 1      0                         0      0        0
  SINCE JAN 1      0                         0      0        0
..................................................................


WIND (MPH)
  HIGHEST WIND SPEED    28   HIGHEST WIND DIRECTION    NW (300)
  HIGHEST GUST SPEED    37   HIGHEST GUST DIRECTION    NW (300)
  AVERAGE WIND SPEED    13.1


SKY COVER
  AVERAGE SKY COVER 0.6


WEATHER CONDITIONS
 THE FOLLOWING WEATHER WAS RECORDED YESTERDAY.
  NO SIGNIFICANT WEATHER WAS OBSERVED.


RELATIVE HUMIDITY (PERCENT)
 HIGHEST    74          1200 AM
 LOWEST     34           300 PM
 AVERAGE    54

..........................................................


THE LARAMIE WY AIRPORT CLIMATE NORMALS FOR TODAY
                         NORMAL    RECORD    YEAR
 MAXIMUM TEMPERATURE (F)   46        67      1986
 MINIMUM TEMPERATURE (F)   21        -5      1975


SUNRISE AND SUNSET
MARCH 27 2015.........SUNRISE   655 AM MDT   SUNSET   722 PM MDT
MARCH 28 2015.........SUNRISE   653 AM MDT   SUNSET   723 PM MDT


-  INDICATES NEGATIVE NUMBERS.
R  INDICATES RECORD WAS SET OR TIED.
MM INDICATES DATA IS MISSING.
T  INDICATES TRACE AMOUNT.




$$
