980
CDUS45 KCYS 090747
CLILAR


CLIMATE REPORT
NATIONAL WEATHER SERVICE CHEYENNE WY
1246 AM MST TUE FEB 9 2016


...................................

...THE LARAMIE WY AIRPORT CLIMATE SUMMARY FOR FEBRUARY 8 2016...

CLIMATE NORMAL PERIOD 1981 TO 2010
CLIMATE RECORD PERIOD 1948 TO 2016


WEATHER ITEM   OBSERVED TIME   RECORD YEAR NORMAL DEPARTURE LAST
                VALUE   (LST)  VALUE       VALUE  FROM      YEAR
                                                  NORMAL
..................................................................
TEMPERATURE (F)
 YESTERDAY
  MAXIMUM         40    252 PM  63    1954  34      6       51
  MINIMUM         20   1159 PM -31    1989  11      9       28
  AVERAGE         30                        22      8       40

PRECIPITATION (IN)
  YESTERDAY        0.00          0.26 1979   0.01  -0.01     0.00
  MONTH TO DATE    0.01                      0.09  -0.08     0.27
  SINCE JAN 1      0.32                      0.36  -0.04     0.39

DEGREE DAYS
 HEATING
  YESTERDAY       35                        43     -8       25
  MONTH TO DATE  317                       344    -27      222
  SINCE DEC 1   3164                      3047    117     2720
  SINCE JUL 1   5088                      5359   -271     4848

 COOLING
  YESTERDAY        0                         0      0        0
  MONTH TO DATE    0                         0      0        0
  SINCE DEC 1      0                         0      0        0
  SINCE JAN 1      0                         0      0        0
..................................................................


WIND (MPH)
  HIGHEST WIND SPEED    32   HIGHEST WIND DIRECTION    NW (310)
  HIGHEST GUST SPEED    39   HIGHEST GUST DIRECTION    NW (320)
  AVERAGE WIND SPEED    13.3


SKY COVER
  AVERAGE SKY COVER 0.0


WEATHER CONDITIONS
 THE FOLLOWING WEATHER WAS RECORDED YESTERDAY.
  NO SIGNIFICANT WEATHER WAS OBSERVED.


RELATIVE HUMIDITY (PERCENT)
 HIGHEST    77          1200 AM
 LOWEST     53           600 AM
 AVERAGE    65

..........................................................


THE LARAMIE WY AIRPORT CLIMATE NORMALS FOR TODAY
                         NORMAL    RECORD    YEAR
 MAXIMUM TEMPERATURE (F)   34        60      1954
 MINIMUM TEMPERATURE (F)   11       -30      2001


SUNRISE AND SUNSET
FEBRUARY  9 2016......SUNRISE   706 AM MST   SUNSET   529 PM MST
FEBRUARY 10 2016......SUNRISE   704 AM MST   SUNSET   530 PM MST


-  INDICATES NEGATIVE NUMBERS.
R  INDICATES RECORD WAS SET OR TIED.
MM INDICATES DATA IS MISSING.
T  INDICATES TRACE AMOUNT.




$$
