000
CDUS45 KVEF 170826
CLILAS


CLIMATE REPORT
NATIONAL WEATHER SERVICE LAS VEGAS, NV
125 AM PDT THU APR 17 2014


...................................

...THE LAS VEGAS NV CLIMATE SUMMARY FOR APRIL 16 2014...

CLIMATE NORMAL PERIOD 1981 TO 2010
CLIMATE RECORD PERIOD 1937 TO 2014


WEATHER ITEM   OBSERVED TIME   RECORD YEAR NORMAL DEPARTURE LAST
                VALUE   (LST)  VALUE       VALUE  FROM      YEAR
                                                  NORMAL
..................................................................
TEMPERATURE (F)
 YESTERDAY
  MAXIMUM         88    403 PM  95    1989  78     10       64
                                      1984
                                      1962
  MINIMUM         59    525 AM  39    1998  56      3       51
                                      1976
                                      1967
  AVERAGE         74                        67      7       58

PRECIPITATION (IN)
  YESTERDAY        0.00          0.08 2007   0.00   0.00      T
  MONTH TO DATE    T                         0.10  -0.10     0.03
  SINCE OCT 1      1.72                      2.97  -1.25     2.04
  SINCE JAN 1      0.30                      1.84  -1.54     0.61

SNOWFALL (IN)
  YESTERDAY        0.0           0.0    MM   0.0    0.0      0.0
  MONTH TO DATE    0.0                       0.0    0.0      0.0
  SINCE MAR 1      0.0                       0.0    0.0      0.0
  SINCE JUL 1      0.0                       0.3   -0.3       T
  SNOW DEPTH       0

DEGREE DAYS
 HEATING
  YESTERDAY        0                         2     -2        7
  MONTH TO DATE   35                        46    -11       18
  SINCE MAR 1    120                       235   -115      104
  SINCE JUL 1   1506                      1926   -420     1741

 COOLING
  YESTERDAY        9                         4      5        0
  MONTH TO DATE   96                        47     49       75
  SINCE MAR 1    127                        77     50      161
  SINCE JAN 1    130                        78     52      161
..................................................................


WIND (MPH)
  RESULTANT WIND SPEED   4   RESULTANT WIND DIRECTION   S (190)
  HIGHEST WIND SPEED    13   HIGHEST WIND DIRECTION     S (200)
  HIGHEST GUST SPEED    16   HIGHEST GUST DIRECTION     S (190)
  AVERAGE WIND SPEED     5.2


SKY COVER
  POSSIBLE SUNSHINE  MM
  AVERAGE SKY COVER 0.3


WEATHER CONDITIONS
 THE FOLLOWING WEATHER WAS RECORDED YESTERDAY.
  NO SIGNIFICANT WEATHER WAS OBSERVED.


RELATIVE HUMIDITY (PERCENT)
 HIGHEST    20           300 AM
 LOWEST      7           100 PM
 AVERAGE    14

..........................................................


THE LAS VEGAS NV CLIMATE NORMALS FOR TODAY
                         NORMAL    RECORD    YEAR
 MAXIMUM TEMPERATURE (F)   79        97      1989
 MINIMUM TEMPERATURE (F)   56        40      1976


SUNRISE AND SUNSET
APRIL 17 2014.........SUNRISE   605 AM PDT   SUNSET   716 PM PDT
APRIL 18 2014.........SUNRISE   603 AM PDT   SUNSET   717 PM PDT


-  INDICATES NEGATIVE NUMBERS.
R  INDICATES RECORD WAS SET OR TIED.
MM INDICATES DATA IS MISSING.
T  INDICATES TRACE AMOUNT.




$$
