753
CDUS45 KVEF 300826
CLILAS


CLIMATE REPORT
NATIONAL WEATHER SERVICE LAS VEGAS, NV
125 AM PDT THU MAR 30 2017


...................................

...THE LAS VEGAS NV CLIMATE SUMMARY FOR MARCH 29 2017...

CLIMATE NORMAL PERIOD 1981 TO 2010
CLIMATE RECORD PERIOD 1937 TO 2017


WEATHER ITEM   OBSERVED TIME   RECORD YEAR NORMAL DEPARTURE LAST
                VALUE   (LST)  VALUE       VALUE  FROM      YEAR
                                                  NORMAL
..................................................................
TEMPERATURE (F)
 YESTERDAY
  MAXIMUM         77    501 PM  89    2015  74      3       62
  MINIMUM         52    524 AM  33    1975  52      0       46
                                      1944
  AVERAGE         65                        62      3       54

PRECIPITATION (IN)
  YESTERDAY        0.00          0.11 1938   0.01  -0.01     0.00
  MONTH TO DATE    0.01                      0.42  -0.41      T
  SINCE OCT 1      2.53                      2.85  -0.32     1.96
  SINCE JAN 1      1.47                      1.72  -0.25     0.55

SNOWFALL (IN)
  YESTERDAY        0.0           0.0  2015   0.0    0.0      0.0
  MONTH TO DATE    0.0                       0.0    0.0      0.0
  SINCE MAR 1      0.0                       0.0    0.0      0.0
  SINCE JUL 1      0.0                       0.3   -0.3       T
  SNOW DEPTH       0

DEGREE DAYS
 HEATING
  YESTERDAY        0                         4     -4       11
  MONTH TO DATE   72                       181   -109       64
  SINCE MAR 1     72                       181   -109       64
  SINCE JUL 1   1444                      1872   -428     1643

 COOLING
  YESTERDAY        0                         2     -2        0
  MONTH TO DATE  108                        24     84       55
  SINCE MAR 1    108                        24     84       55
  SINCE JAN 1    111                        25     86       64
..................................................................


WIND (MPH)
  RESULTANT WIND SPEED   0   RESULTANT WIND DIRECTION   E (90)
  HIGHEST WIND SPEED    15   HIGHEST WIND DIRECTION     N (20)
  HIGHEST GUST SPEED    18   HIGHEST GUST DIRECTION     N (10)
  AVERAGE WIND SPEED     3.5


SKY COVER
  POSSIBLE SUNSHINE  MM
  AVERAGE SKY COVER 0.4


WEATHER CONDITIONS
 THE FOLLOWING WEATHER WAS RECORDED YESTERDAY.
  NO SIGNIFICANT WEATHER WAS OBSERVED.


RELATIVE HUMIDITY (PERCENT)
 HIGHEST    35           500 AM
 LOWEST     11           500 PM
 AVERAGE    23

..........................................................


THE LAS VEGAS NV CLIMATE NORMALS FOR TODAY
                         NORMAL    RECORD    YEAR
 MAXIMUM TEMPERATURE (F)   74        90      2015
 MINIMUM TEMPERATURE (F)   52        33      1987
                                             1938


SUNRISE AND SUNSET
MARCH 30 2017.........SUNRISE   629 AM PDT   SUNSET   701 PM PDT
MARCH 31 2017.........SUNRISE   628 AM PDT   SUNSET   702 PM PDT


-  INDICATES NEGATIVE NUMBERS.
R  INDICATES RECORD WAS SET OR TIED.
MM INDICATES DATA IS MISSING.
T  INDICATES TRACE AMOUNT.




$$
