000
CDUS45 KVEF 280830
CLILAS


CLIMATE REPORT
NATIONAL WEATHER SERVICE LAS VEGAS, NV
129 AM PDT SUN AUG 28 2016


...................................

...THE LAS VEGAS NV CLIMATE SUMMARY FOR AUGUST 27 2016...

CLIMATE NORMAL PERIOD 1981 TO 2010
CLIMATE RECORD PERIOD 1937 TO 2016


WEATHER ITEM   OBSERVED TIME   RECORD YEAR NORMAL DEPARTURE LAST
                VALUE   (LST)  VALUE       VALUE  FROM      YEAR
                                                  NORMAL
..................................................................
TEMPERATURE (F)
 YESTERDAY
  MAXIMUM         90    325 PM 109    2001 100    -10      102
                                      1944
  MINIMUM         71    701 AM  60    1943  78     -7       81
  AVERAGE         81                        89     -8       92

PRECIPITATION (IN)
  YESTERDAY        0.01          0.58 2007   0.01   0.00     0.00
  MONTH TO DATE    0.17                      0.29  -0.12     0.68
  SINCE OCT 1      5.12                      3.90   1.22     3.36
  SINCE JAN 1      3.71                      2.77   0.94     3.06

SNOWFALL (IN)
  YESTERDAY        0.0           0.0    MM   0.0    0.0      0.0
  MONTH TO DATE    0.0                       0.0    0.0      0.0
  SINCE JUN 1      0.0                       0.0    0.0      0.0
  SINCE JUL 1      0.0                       0.0    0.0      0.0
  SNOW DEPTH       0

DEGREE DAYS
 HEATING
  YESTERDAY        0                         0      0        0
  MONTH TO DATE    0                         0      0        0
  SINCE JUN 1      0                         1     -1        0
  SINCE JUL 1      0                         0      0        0

 COOLING
  YESTERDAY       16                        24     -8       27
  MONTH TO DATE  716                       701     15      757
  SINCE JUN 1   2507                      2205    302     2373
  SINCE JAN 1   3043                      2755    288     2976
..................................................................


WIND (MPH)
  RESULTANT WIND SPEED   7   RESULTANT WIND DIRECTION  NE (60)
  HIGHEST WIND SPEED    29   HIGHEST WIND DIRECTION    NE (30)
  HIGHEST GUST SPEED    34   HIGHEST GUST DIRECTION    NE (40)
  AVERAGE WIND SPEED     9.6


SKY COVER
  POSSIBLE SUNSHINE  MM
  AVERAGE SKY COVER 0.7


WEATHER CONDITIONS
 THE FOLLOWING WEATHER WAS RECORDED YESTERDAY.
  THUNDERSTORM
  LIGHT RAIN


RELATIVE HUMIDITY (PERCENT)
 HIGHEST    46           800 AM
 LOWEST     21           300 PM
 AVERAGE    34

..........................................................


THE LAS VEGAS NV CLIMATE NORMALS FOR TODAY
                         NORMAL    RECORD    YEAR
 MAXIMUM TEMPERATURE (F)  100       110      1944
 MINIMUM TEMPERATURE (F)   77        58      1945


SUNRISE AND SUNSET
AUGUST 28 2016........SUNRISE   610 AM PDT   SUNSET   713 PM PDT
AUGUST 29 2016........SUNRISE   610 AM PDT   SUNSET   712 PM PDT


-  INDICATES NEGATIVE NUMBERS.
R  INDICATES RECORD WAS SET OR TIED.
MM INDICATES DATA IS MISSING.
T  INDICATES TRACE AMOUNT.




$$
