000
CDUS44 KLUB 060633
CLILBB


CLIMATE REPORT
NATIONAL WEATHER SERVICE LUBBOCK, TX
133 AM CDT FRI MAY 6 2016


...................................

...THE LUBBOCK CLIMATE SUMMARY FOR MAY 5 2016...

CLIMATE NORMAL PERIOD 1981 TO 2010
CLIMATE RECORD PERIOD 1911 TO 2016


WEATHER ITEM   OBSERVED TIME   RECORD YEAR NORMAL DEPARTURE LAST
                VALUE   (LST)  VALUE       VALUE  FROM      YEAR
                                                  NORMAL
..................................................................
TEMPERATURE (F)
 YESTERDAY
  MAXIMUM         88    404 PM  99    2014  81      7       73
                                      2012
                                      1940
  MINIMUM         51    340 AM  34    1953  52     -1       55
  AVERAGE         70                        67      3       64

PRECIPITATION (IN)
  YESTERDAY        0.00          1.40 1972   0.05  -0.05     1.22
  MONTH TO DATE    0.04                      0.27  -0.23     4.64
  SINCE MAR 1      1.26                      2.78  -1.52     6.18
  SINCE JAN 1      1.65                      4.18  -2.53     8.45

SNOWFALL (IN)
  YESTERDAY        0.0           T    1949   0.0    0.0      0.0
  MONTH TO DATE    0.0                       0.0    0.0      0.0
  SINCE MAR 1      T                         0.8   -0.8      1.1
  SINCE JUL 1     13.3                       8.2    5.1     14.7
  SNOW DEPTH       0

DEGREE DAYS
 HEATING
  YESTERDAY        0                         2     -2        1
  MONTH TO DATE   36                        12     24        1
  SINCE MAR 1    407                       610   -203      513
  SINCE JUL 1   2807                      3349   -542     3232

 COOLING
  YESTERDAY        5                         4      1        0
  MONTH TO DATE    5                        17    -12       15
  SINCE MAR 1     52                        73    -21       70
  SINCE JAN 1     56                        73    -17       70
..................................................................


WIND (MPH)
  RESULTANT WIND SPEED   7   RESULTANT WIND DIRECTION   S (190)
  HIGHEST WIND SPEED    17   HIGHEST WIND DIRECTION     S (160)
  HIGHEST GUST SPEED    23   HIGHEST GUST DIRECTION     S (190)
  AVERAGE WIND SPEED     8.7


SKY COVER
  AVERAGE SKY COVER 0.2


WEATHER CONDITIONS
 THE FOLLOWING WEATHER WAS RECORDED YESTERDAY.
  NO SIGNIFICANT WEATHER WAS OBSERVED.


RELATIVE HUMIDITY (PERCENT)
 HIGHEST    50           200 AM
 LOWEST     11           300 PM
 AVERAGE    31

..........................................................


THE LUBBOCK CLIMATE NORMALS FOR TODAY
                         NORMAL    RECORD    YEAR
 MAXIMUM TEMPERATURE (F)   81        99      2000
 MINIMUM TEMPERATURE (F)   53        32      1917


SUNRISE AND SUNSET
MAY  6 2016...........SUNRISE   653 AM CDT   SUNSET   835 PM CDT
MAY  7 2016...........SUNRISE   653 AM CDT   SUNSET   835 PM CDT


-  INDICATES NEGATIVE NUMBERS.
R  INDICATES RECORD WAS SET OR TIED.
MM INDICATES DATA IS MISSING.
T  INDICATES TRACE AMOUNT.




$$
