000
CDUS44 KLUB 240645
CLILBB


CLIMATE REPORT
NATIONAL WEATHER SERVICE LUBBOCK, TX
145 AM CDT MON APR 24 2017


...................................

...THE LUBBOCK CLIMATE SUMMARY FOR APRIL 23 2017...

CLIMATE NORMAL PERIOD 1981 TO 2010
CLIMATE RECORD PERIOD 1911 TO 2017


WEATHER ITEM   OBSERVED TIME   RECORD YEAR NORMAL DEPARTURE LAST
                VALUE   (LST)  VALUE       VALUE  FROM      YEAR
                                                  NORMAL
..................................................................
TEMPERATURE (F)
 YESTERDAY
  MAXIMUM         71    554 PM  97    1989  78     -7       84
  MINIMUM         39    526 AM  30    1928  48     -9       53
  AVERAGE         55                        63     -8       69

PRECIPITATION (IN)
  YESTERDAY        0.00          0.78 1994   0.05  -0.05     0.00
                                      1913
  MONTH TO DATE    0.81                      1.01  -0.20     1.02
  SINCE MAR 1      1.48                      2.11  -0.63     1.22
  SINCE JAN 1      4.40                      3.51   0.89     1.61

SNOWFALL (IN)
  YESTERDAY        0.0           0.0  2002   0.0    0.0      0.0
  MONTH TO DATE    0.0                       0.2   -0.2       T
  SINCE MAR 1      0.0                       0.8   -0.8       T
  SINCE JUL 1      0.2                       8.2   -8.0     13.3
  SNOW DEPTH       0

DEGREE DAYS
 HEATING
  YESTERDAY       10                         4      6        0
  MONTH TO DATE  100                       157    -57      116
  SINCE MAR 1    320                       572   -252      365
  SINCE JUL 1   2404                      3311   -907     2765

 COOLING
  YESTERDAY        0                         2     -2        4
  MONTH TO DATE   59                        31     28       14
  SINCE MAR 1    105                        38     67       26
  SINCE JAN 1    109                        38     71       30
..................................................................


WIND (MPH)
  RESULTANT WIND SPEED   4   RESULTANT WIND DIRECTION   S (170)
  HIGHEST WIND SPEED    20   HIGHEST WIND DIRECTION     S (180)
  HIGHEST GUST SPEED    23   HIGHEST GUST DIRECTION     S (160)
  AVERAGE WIND SPEED     7.2


SKY COVER
  AVERAGE SKY COVER 0.1


WEATHER CONDITIONS
 THE FOLLOWING WEATHER WAS RECORDED YESTERDAY.
  NO SIGNIFICANT WEATHER WAS OBSERVED.


RELATIVE HUMIDITY (PERCENT)
 HIGHEST    79           500 AM
 LOWEST     25           300 PM
 AVERAGE    52

..........................................................


THE LUBBOCK CLIMATE NORMALS FOR TODAY
                         NORMAL    RECORD    YEAR
 MAXIMUM TEMPERATURE (F)   78        95      1996
                                             1943
 MINIMUM TEMPERATURE (F)   49        25      2013


SUNRISE AND SUNSET
APRIL 24 2017.........SUNRISE   706 AM CDT   SUNSET   825 PM CDT
APRIL 25 2017.........SUNRISE   705 AM CDT   SUNSET   826 PM CDT


-  INDICATES NEGATIVE NUMBERS.
R  INDICATES RECORD WAS SET OR TIED.
MM INDICATES DATA IS MISSING.
T  INDICATES TRACE AMOUNT.




$$
