580
CDUS44 KLUB 260629
CLILBB


CLIMATE REPORT
NATIONAL WEATHER SERVICE LUBBOCK, TX
129 AM CDT SUN MAR 26 2017


...................................

...THE LUBBOCK CLIMATE SUMMARY FOR MARCH 25 2017...

CLIMATE NORMAL PERIOD 1981 TO 2010
CLIMATE RECORD PERIOD 1911 TO 2017


WEATHER ITEM   OBSERVED TIME   RECORD YEAR NORMAL DEPARTURE LAST
                VALUE   (LST)  VALUE       VALUE  FROM      YEAR
                                                  NORMAL
..................................................................
TEMPERATURE (F)
 YESTERDAY
  MAXIMUM         74    519 PM  90    1998  69      5       76
  MINIMUM         40    532 AM  19    2013  39      1       39
  AVERAGE         57                        54      3       58

PRECIPITATION (IN)
  YESTERDAY        0.00          1.33 2007   0.04  -0.04     0.00
  MONTH TO DATE    0.13                      0.87  -0.74     0.20
  SINCE MAR 1      0.13                      0.87  -0.74     0.20
  SINCE JAN 1      3.05                      2.27   0.78     0.59

SNOWFALL (IN)
  YESTERDAY        0.0           4.0  1934   0.0    0.0      0.0
  MONTH TO DATE    0.0                       0.5   -0.5      0.0
  SINCE MAR 1      0.0                       0.5   -0.5      0.0
  SINCE JUL 1      0.2                       7.9   -7.7     13.3
  SNOW DEPTH       0

DEGREE DAYS
 HEATING
  YESTERDAY        8                        11     -3        7
  MONTH TO DATE  181                       353   -172      204
  SINCE MAR 1    181                       353   -172      204
  SINCE JUL 1   2265                      3092   -827     2604

 COOLING
  YESTERDAY        0                         0      0        0
  MONTH TO DATE   46                         0     46        4
  SINCE MAR 1     46                         0     46        4
  SINCE JAN 1     50                         0     50        8
..................................................................


WIND (MPH)
  RESULTANT WIND SPEED   6   RESULTANT WIND DIRECTION  NW (300)
  HIGHEST WIND SPEED    21   HIGHEST WIND DIRECTION    NW (330)
  HIGHEST GUST SPEED    27   HIGHEST GUST DIRECTION    NW (330)
  AVERAGE WIND SPEED    12.1


SKY COVER
  AVERAGE SKY COVER 0.2


WEATHER CONDITIONS
 THE FOLLOWING WEATHER WAS RECORDED YESTERDAY.
  NO SIGNIFICANT WEATHER WAS OBSERVED.


RELATIVE HUMIDITY (PERCENT)
 HIGHEST    79           400 AM
 LOWEST     19           300 PM
 AVERAGE    49

..........................................................


THE LUBBOCK CLIMATE NORMALS FOR TODAY
                         NORMAL    RECORD    YEAR
 MAXIMUM TEMPERATURE (F)   70        88      1956
 MINIMUM TEMPERATURE (F)   40        16      1965


SUNRISE AND SUNSET
MARCH 26 2017.........SUNRISE   742 AM CDT   SUNSET   804 PM CDT
MARCH 27 2017.........SUNRISE   741 AM CDT   SUNSET   804 PM CDT


-  INDICATES NEGATIVE NUMBERS.
R  INDICATES RECORD WAS SET OR TIED.
MM INDICATES DATA IS MISSING.
T  INDICATES TRACE AMOUNT.




$$
