568
CDUS44 KLUB 140626
CLILBB


CLIMATE REPORT
NATIONAL WEATHER SERVICE LUBBOCK, TX
1226 AM CST SUN FEB 14 2016


...................................

...THE LUBBOCK CLIMATE SUMMARY FOR FEBRUARY 13 2016...

CLIMATE NORMAL PERIOD 1981 TO 2010
CLIMATE RECORD PERIOD 1911 TO 2016


WEATHER ITEM   OBSERVED TIME   RECORD YEAR NORMAL DEPARTURE LAST
                VALUE   (LST)  VALUE       VALUE  FROM      YEAR
                                                  NORMAL
..................................................................
TEMPERATURE (F)
 YESTERDAY
  MAXIMUM         72    419 PM  81    1979  58     14       73
  MINIMUM         30    804 AM   7    1963  30      0       29
  AVERAGE         51                        44      7       51

PRECIPITATION (IN)
  YESTERDAY        0.00          0.30 1969   0.03  -0.03     0.00
  MONTH TO DATE    0.00                      0.35  -0.35      T
  SINCE DEC 1      1.87                      1.76   0.11     2.00
  SINCE JAN 1      0.30                      1.00  -0.70     1.61

SNOWFALL (IN)
  YESTERDAY        0.0           1.3  1968   0.1   -0.1      0.0
  MONTH TO DATE    0.0                       1.0   -1.0      0.0
  SINCE DEC 1     13.3                       5.9    7.4      6.6
  SINCE JUL 1     13.3                       6.8    6.5      7.1
  SNOW DEPTH       0

DEGREE DAYS
 HEATING
  YESTERDAY       14                        21     -7       14
  MONTH TO DATE  280                       288     -8      198
  SINCE DEC 1   1674                      1811   -137     1652
  SINCE JUL 1   2193                      2453   -260     2327

 COOLING
  YESTERDAY        0                         0      0        0
  MONTH TO DATE    0                         0      0        0
  SINCE DEC 1      0                         0      0        0
  SINCE JAN 1      0                         0      0        0
..................................................................


WIND (MPH)
  RESULTANT WIND SPEED  10   RESULTANT WIND DIRECTION   S (170)
  HIGHEST WIND SPEED    24   HIGHEST WIND DIRECTION     S (200)
  HIGHEST GUST SPEED    31   HIGHEST GUST DIRECTION    SW (210)
  AVERAGE WIND SPEED    13.4


SKY COVER
  AVERAGE SKY COVER 0.2


WEATHER CONDITIONS
 THE FOLLOWING WEATHER WAS RECORDED YESTERDAY.
  NO SIGNIFICANT WEATHER WAS OBSERVED.


RELATIVE HUMIDITY (PERCENT)
 HIGHEST    92           600 AM
 LOWEST     25           400 PM
 AVERAGE    59

..........................................................


THE LUBBOCK CLIMATE NORMALS FOR TODAY
                         NORMAL    RECORD    YEAR
 MAXIMUM TEMPERATURE (F)   59        87      1979
 MINIMUM TEMPERATURE (F)   30        12      2004


SUNRISE AND SUNSET
FEBRUARY 14 2016......SUNRISE   733 AM CST   SUNSET   630 PM CST
FEBRUARY 15 2016......SUNRISE   732 AM CST   SUNSET   631 PM CST


-  INDICATES NEGATIVE NUMBERS.
R  INDICATES RECORD WAS SET OR TIED.
MM INDICATES DATA IS MISSING.
T  INDICATES TRACE AMOUNT.




$$
