000
CDUS44 KLUB 250626
CLILBB


CLIMATE REPORT
NATIONAL WEATHER SERVICE LUBBOCK, TX
1226 AM CST SUN JAN 25 2015


...................................

...THE LUBBOCK CLIMATE SUMMARY FOR JANUARY 24 2015...

CLIMATE NORMAL PERIOD 1981 TO 2010
CLIMATE RECORD PERIOD 1911 TO 2015


WEATHER ITEM   OBSERVED TIME   RECORD YEAR NORMAL DEPARTURE LAST
                VALUE   (LST)  VALUE       VALUE  FROM      YEAR
                                                  NORMAL
..................................................................
TEMPERATURE (F)
 YESTERDAY
  MAXIMUM         54    354 PM  83    1970  55     -1       53
  MINIMUM         28    744 AM  -1    1915  27      1        9
  AVERAGE         41                        41      0       31

PRECIPITATION (IN)
  YESTERDAY        0.00          0.39 1961   0.02  -0.02     0.00
  MONTH TO DATE    1.03                      0.47   0.56     0.00
  SINCE DEC 1      1.42                      1.23   0.19     0.60
  SINCE JAN 1      1.03                      0.47   0.56     0.00

SNOWFALL (IN)
  YESTERDAY        0.0           2.9  1961   0.0    0.0      0.0
  MONTH TO DATE    4.2                       1.9    2.3      0.0
  SINCE DEC 1      6.6                       4.2    2.4      0.2
  SINCE JUL 1      7.1                       5.1    2.0      2.4
  SNOW DEPTH       0

DEGREE DAYS
 HEATING
  YESTERDAY       24                        24      0       34
  MONTH TO DATE  680                       600     80      599
  SINCE DEC 1   1339                      1356    -17     1403
  SINCE JUL 1   2014                      1998     16     2056

 COOLING
  YESTERDAY        0                         0      0        0
  MONTH TO DATE    0                         0      0        0
  SINCE DEC 1      0                         0      0        0
  SINCE JAN 1      0                         0      0        0
..................................................................


WIND (MPH)
  RESULTANT WIND SPEED  10   RESULTANT WIND DIRECTION   W (290)
  HIGHEST WIND SPEED    17   HIGHEST WIND DIRECTION    NW (310)
  HIGHEST GUST SPEED    22   HIGHEST GUST DIRECTION    NW (310)
  AVERAGE WIND SPEED    11.3


SKY COVER
  AVERAGE SKY COVER 0.2


WEATHER CONDITIONS
 THE FOLLOWING WEATHER WAS RECORDED YESTERDAY.
  NO SIGNIFICANT WEATHER WAS OBSERVED.


RELATIVE HUMIDITY (PERCENT)
 HIGHEST    82          1100 PM
 LOWEST     44           300 PM
 AVERAGE    63

..........................................................


THE LUBBOCK CLIMATE NORMALS FOR TODAY
                         NORMAL    RECORD    YEAR
 MAXIMUM TEMPERATURE (F)   55        79      1952
 MINIMUM TEMPERATURE (F)   27         7      1940
                                             1929


SUNRISE AND SUNSET
JANUARY 25 2015.......SUNRISE   748 AM CST   SUNSET   611 PM CST
JANUARY 26 2015.......SUNRISE   748 AM CST   SUNSET   612 PM CST


-  INDICATES NEGATIVE NUMBERS.
R  INDICATES RECORD WAS SET OR TIED.
MM INDICATES DATA IS MISSING.
T  INDICATES TRACE AMOUNT.




$$
