000
CDUS44 KLUB 260629
CLILBB


CLIMATE REPORT
NATIONAL WEATHER SERVICE LUBBOCK, TX
128 AM CDT FRI MAY 26 2017


...................................

...THE LUBBOCK CLIMATE SUMMARY FOR MAY 25 2017...

CLIMATE NORMAL PERIOD 1981 TO 2010
CLIMATE RECORD PERIOD 1911 TO 2017


WEATHER ITEM   OBSERVED TIME   RECORD YEAR NORMAL DEPARTURE LAST
                VALUE   (LST)  VALUE       VALUE  FROM      YEAR
                                                  NORMAL
..................................................................
TEMPERATURE (F)
 YESTERDAY
  MAXIMUM        102R   306 PM 102    2012  86     16       93
  MINIMUM         58    619 AM  44    1924  59     -1       67
  AVERAGE         80                        72      8       80

PRECIPITATION (IN)
  YESTERDAY        0.00          1.22 2014   0.09  -0.09     0.00
  MONTH TO DATE    0.58                      1.74  -1.16     3.28
  SINCE MAR 1      2.57                      4.25  -1.68     4.50
  SINCE JAN 1      5.49                      5.65  -0.16     4.89

SNOWFALL (IN)
  YESTERDAY        0.0           T    2000   0.0    0.0      0.0
  MONTH TO DATE    0.0                       0.0    0.0      0.0
  SINCE MAR 1      T                         0.8   -0.8       T
  SINCE JUL 1      0.2                       8.2   -8.0     13.3
  SNOW DEPTH       0

DEGREE DAYS
 HEATING
  YESTERDAY        0                         1     -1        0
  MONTH TO DATE   23                        38    -15       83
  SINCE MAR 1    384                       636   -252      454
  SINCE JUL 1   2468                      3375   -907     2854

 COOLING
  YESTERDAY       15                         8      7       15
  MONTH TO DATE  118                       137    -19      133
  SINCE MAR 1    243                       193     50      180
  SINCE JAN 1    247                       193     54      184
..................................................................


WIND (MPH)
  RESULTANT WIND SPEED  15   RESULTANT WIND DIRECTION   W (250)
  HIGHEST WIND SPEED    30   HIGHEST WIND DIRECTION    NW (300)
  HIGHEST GUST SPEED    37   HIGHEST GUST DIRECTION    SW (240)
  AVERAGE WIND SPEED    16.8


SKY COVER
  AVERAGE SKY COVER 0.5


WEATHER CONDITIONS
 THE FOLLOWING WEATHER WAS RECORDED YESTERDAY.
  HAZE


RELATIVE HUMIDITY (PERCENT)
 HIGHEST    57           600 AM
 LOWEST      5           400 PM
 AVERAGE    31

..........................................................


THE LUBBOCK CLIMATE NORMALS FOR TODAY
                         NORMAL    RECORD    YEAR
 MAXIMUM TEMPERATURE (F)   86       101      1945
 MINIMUM TEMPERATURE (F)   59        43      1950


SUNRISE AND SUNSET
MAY 26 2017...........SUNRISE   640 AM CDT   SUNSET   849 PM CDT
MAY 27 2017...........SUNRISE   640 AM CDT   SUNSET   850 PM CDT


-  INDICATES NEGATIVE NUMBERS.
R  INDICATES RECORD WAS SET OR TIED.
MM INDICATES DATA IS MISSING.
T  INDICATES TRACE AMOUNT.




$$
