000
CDUS43 KLBF 190938
CLILBF

CLIMATE REPORT
NATIONAL WEATHER SERVICE NORTH PLATTE
433 AM CDT FRI SEP 19 2014


...................................

...THE NORTH PLATTE NE CLIMATE SUMMARY FOR SEPTEMBER 18 2014...

CLIMATE NORMAL PERIOD 1981 TO 2010
CLIMATE RECORD PERIOD 1874 TO 2014


WEATHER ITEM   OBSERVED TIME   RECORD YEAR NORMAL DEPARTURE LAST
                VALUE   (LST)  VALUE       VALUE  FROM      YEAR
                                                  NORMAL
..................................................................
TEMPERATURE (F)
 YESTERDAY
  MAXIMUM         73    118 PM 101    1895  77     -4       92
  MINIMUM         56   1026 PM  31    1971  46     10       58
                                      1901
  AVERAGE         65                        61      4       75

PRECIPITATION (IN)
  YESTERDAY        0.00          1.18 1957   0.04  -0.04     0.04
  MONTH TO DATE    0.82                      0.84  -0.02     3.73
  SINCE SEP 1      0.82                      0.84  -0.02     3.73
  SINCE JAN 1     19.10                     17.06   2.04    18.09

SNOWFALL (IN)
  YESTERDAY        0.0           0.0  2002   0.0    0.0      0.0
                                      2001
  MONTH TO DATE    T                         0.0    0.0      0.0
  SINCE SEP 1      T                         0.0    0.0      0.0
  SINCE JUL 1      T                         0.0    0.0      0.0
  SNOW DEPTH       0

DEGREE DAYS
 HEATING
  YESTERDAY        0                         5     -5        0
  MONTH TO DATE  112                        59     53       14
  SINCE SEP 1    112                        59     53       14
  SINCE JUL 1    129                        79     50       27

 COOLING
  YESTERDAY        0                         2     -2       10
  MONTH TO DATE   31                        59    -28      154
  SINCE SEP 1     31                        59    -28      154
  SINCE JAN 1    700                       754    -54      991
..................................................................


WIND (MPH)
  HIGHEST WIND SPEED    15   HIGHEST WIND DIRECTION     S (160)
  HIGHEST GUST SPEED    21   HIGHEST GUST DIRECTION     S (170)
  AVERAGE WIND SPEED     7.3


SKY COVER
  POSSIBLE SUNSHINE  MM
  AVERAGE SKY COVER 0.7


WEATHER CONDITIONS
 THE FOLLOWING WEATHER WAS RECORDED YESTERDAY.
  FOG
  FOG W/VISIBILITY <= 1/4 MILE


RELATIVE HUMIDITY (PERCENT)
 HIGHEST   100           300 AM
 LOWEST     68           100 PM
 AVERAGE    84

..........................................................


THE NORTH PLATTE NE CLIMATE NORMALS FOR TODAY
                         NORMAL    RECORD    YEAR
 MAXIMUM TEMPERATURE (F)   77        96      1895
 MINIMUM TEMPERATURE (F)   45        26      2003
                                             1991
                                             1971


SUNRISE AND SUNSET
SEPTEMBER 19 2014.....SUNRISE   727 AM CDT   SUNSET   745 PM CDT
SEPTEMBER 20 2014.....SUNRISE   728 AM CDT   SUNSET   743 PM CDT


-  INDICATES NEGATIVE NUMBERS.
R  INDICATES RECORD WAS SET OR TIED.
MM INDICATES DATA IS MISSING.
T  INDICATES TRACE AMOUNT.


$$
