000
CDUS43 KLBF 021012
CLILBF

CLIMATE REPORT
NATIONAL WEATHER SERVICE NORTH PLATTE
511 AM CDT SUN AUG 2 2015


...................................

...THE NORTH PLATTE NE CLIMATE SUMMARY FOR AUGUST 1 2015...

CLIMATE NORMAL PERIOD 1981 TO 2010
CLIMATE RECORD PERIOD 1874 TO 2015


WEATHER ITEM   OBSERVED TIME   RECORD YEAR NORMAL DEPARTURE LAST
                VALUE   (LST)  VALUE       VALUE  FROM      YEAR
                                                  NORMAL
..................................................................
TEMPERATURE (F)
 YESTERDAY
  MAXIMUM         85    226 PM 105    1938  88     -3       90
  MINIMUM         62   1159 PM  44    1995  61      1       50
  AVERAGE         74                        74      0       70

PRECIPITATION (IN)
  YESTERDAY        0.00          1.34 1933   0.10  -0.10     0.18
  MONTH TO DATE    0.00                      0.10  -0.10     0.18
  SINCE JUN 1      5.28                      6.59  -1.31     9.07
  SINCE JAN 1     13.38                     14.03  -0.65    13.36

SNOWFALL (IN)
  YESTERDAY        0.0           0.0  2002   0.0    0.0      0.0
                                      2001
  MONTH TO DATE    0.0                       0.0    0.0      0.0
  SINCE JUN 1      0.0                       0.0    0.0       T
  SINCE JUL 1      0.0                       0.0    0.0      0.0
  SNOW DEPTH       0

DEGREE DAYS
 HEATING
  YESTERDAY        0                         0      0        0
  MONTH TO DATE    0                         0      0        0
  SINCE JUN 1     11                        56    -45       56
  SINCE JUL 1      6                         5      1       17

 COOLING
  YESTERDAY        9                        10     -1        5
  MONTH TO DATE    9                        10     -1        5
  SINCE JUN 1    485                       441     44      371
  SINCE JAN 1    487                       469     18      420
..................................................................


WIND (MPH)
  HIGHEST WIND SPEED    23   HIGHEST WIND DIRECTION    SE (120)
  HIGHEST GUST SPEED    30   HIGHEST GUST DIRECTION    SE (130)
  AVERAGE WIND SPEED    11.3


SKY COVER
  POSSIBLE SUNSHINE  MM
  AVERAGE SKY COVER 0.0


WEATHER CONDITIONS
 THE FOLLOWING WEATHER WAS RECORDED YESTERDAY.
  NO SIGNIFICANT WEATHER WAS OBSERVED.


RELATIVE HUMIDITY (PERCENT)
 HIGHEST    93           100 AM
 LOWEST     44           200 PM
 AVERAGE    69

..........................................................


THE NORTH PLATTE NE CLIMATE NORMALS FOR TODAY
                         NORMAL    RECORD    YEAR
 MAXIMUM TEMPERATURE (F)   88       108      2008
 MINIMUM TEMPERATURE (F)   61        47      1973


SUNRISE AND SUNSET
AUGUST  2 2015........SUNRISE   639 AM CDT   SUNSET   858 PM CDT
AUGUST  3 2015........SUNRISE   640 AM CDT   SUNSET   857 PM CDT


-  INDICATES NEGATIVE NUMBERS.
R  INDICATES RECORD WAS SET OR TIED.
MM INDICATES DATA IS MISSING.
T  INDICATES TRACE AMOUNT.




$$
