000
CDUS43 KLBF 242237
CLILBF

CLIMATE REPORT
NATIONAL WEATHER SERVICE NORTH PLATTE
536 PM CDT THU APR 24 2014


...................................

...THE NORTH PLATTE NE CLIMATE SUMMARY FOR APRIL 24 2014...
VALID TODAY AS OF 0500 PM LOCAL TIME.

CLIMATE NORMAL PERIOD 1981 TO 2010
CLIMATE RECORD PERIOD 1874 TO 2014


WEATHER ITEM   OBSERVED TIME   RECORD YEAR NORMAL DEPARTURE LAST
                VALUE   (LST)  VALUE       VALUE  FROM      YEAR
                                                  NORMAL
..................................................................
TEMPERATURE (F)
 TODAY
  MAXIMUM         69    237 PM  93    2012  65      4       58
  MINIMUM         44    553 AM  14    2013  36      8       14
  AVERAGE         57                        50      7       36

PRECIPITATION (IN)
  TODAY            T             1.78 1935   0.08  -0.08     0.00
  MONTH TO DATE    0.18                      1.73  -1.55     1.27
  SINCE MAR 1      0.97                      2.78  -1.81     1.76
  SINCE JAN 1      2.02                      3.62  -1.60     3.04

SNOWFALL (IN)
  TODAY            0.0           2.3  1907   0.1   -0.1      0.0
  MONTH TO DATE    1.1                       3.0   -1.9      6.7
  SINCE MAR 1      7.4                       7.4    0.0      9.4
  SINCE JUL 1     29.8                      28.3    1.5     29.3
  SNOW DEPTH       0

DEGREE DAYS
 HEATING
  TODAY            8                        15     -7       29
  MONTH TO DATE  406                       444    -38      605
  SINCE MAR 1   1280                      1281     -1     1478
  SINCE JUL 1   6471                      6309    162     6438

 COOLING
  TODAY            0                         0      0        0
  MONTH TO DATE    2                         0      2        0
  SINCE MAR 1      2                         0      2        0
  SINCE JAN 1      2                         0      2        0
..................................................................


WIND (MPH)
  HIGHEST WIND SPEED    29   HIGHEST WIND DIRECTION    NW (310)
  HIGHEST GUST SPEED    42   HIGHEST GUST DIRECTION    NW (310)
  AVERAGE WIND SPEED    15.5


SKY COVER
  POSSIBLE SUNSHINE  MM
  AVERAGE SKY COVER 0.2


WEATHER CONDITIONS
 THE FOLLOWING WEATHER WAS RECORDED TODAY.
  NO SIGNIFICANT WEATHER WAS OBSERVED.


RELATIVE HUMIDITY (PERCENT)
 HIGHEST    70           700 AM
 LOWEST     17           300 PM
 AVERAGE    44

..........................................................


THE NORTH PLATTE NE CLIMATE NORMALS FOR TOMORROW
                         NORMAL    RECORD    YEAR
 MAXIMUM TEMPERATURE (F)   65        89      1962
                                             1949
 MINIMUM TEMPERATURE (F)   36        18      2002


SUNRISE AND SUNSET
APRIL 24 2014.........SUNRISE   650 AM CDT   SUNSET   832 PM CDT
APRIL 25 2014.........SUNRISE   649 AM CDT   SUNSET   833 PM CDT


-  INDICATES NEGATIVE NUMBERS.
R  INDICATES RECORD WAS SET OR TIED.
MM INDICATES DATA IS MISSING.
T  INDICATES TRACE AMOUNT.

$$
