000
CDUS43 KLBF 211038
CLILBF


CLIMATE REPORT
NATIONAL WEATHER SERVICE NORTH PLATTE
438 AM CST TUE FEB 21 2017


...................................

...THE NORTH PLATTE NE CLIMATE SUMMARY FOR FEBRUARY 20 2017...

CLIMATE NORMAL PERIOD 1981 TO 2010
CLIMATE RECORD PERIOD 1874 TO 2017


WEATHER ITEM   OBSERVED TIME   RECORD YEAR NORMAL DEPARTURE LAST
                VALUE   (LST)  VALUE       VALUE  FROM      YEAR
                                                  NORMAL
..................................................................
TEMPERATURE (F)
 YESTERDAY
  MAXIMUM         64    448 PM  74    1930  44     20       64
  MINIMUM         32   1157 PM -19    1959  16     16       21
  AVERAGE         48                        30     18       43

PRECIPITATION (IN)
  YESTERDAY        0.00          0.34 1962   0.03  -0.03     0.03
  MONTH TO DATE    0.22                      0.31  -0.09     0.78
  SINCE DEC 1      1.51                      1.06   0.45     1.54
  SINCE JAN 1      0.89                      0.65   0.24     1.26

SNOWFALL (IN)
  YESTERDAY        0.0           3.4  1962   0.2   -0.2      0.0
  MONTH TO DATE    1.5                       3.8   -2.3     12.0
  SINCE DEC 1     10.9                      13.2   -2.3     21.0
  SINCE JUL 1     15.9                      19.4   -3.5     25.6
  SNOW DEPTH       0

DEGREE DAYS
 HEATING
  YESTERDAY       17                        35    -18       22
  MONTH TO DATE  561                       742   -181      650
  SINCE DEC 1   3023                      3211   -188     2858
  SINCE JUL 1   4064                      4762   -698     4044

 COOLING
  YESTERDAY        0                         0      0        0
  MONTH TO DATE    0                         0      0        0
  SINCE DEC 1      0                         0      0        0
  SINCE JAN 1      0                         0      0        0
..................................................................


WIND (MPH)
  HIGHEST WIND SPEED    28   HIGHEST WIND DIRECTION    NW (330)
  HIGHEST GUST SPEED    36   HIGHEST GUST DIRECTION    NW (330)
  AVERAGE WIND SPEED     9.7


SKY COVER
  POSSIBLE SUNSHINE  MM
  AVERAGE SKY COVER 0.2


WEATHER CONDITIONS
 THE FOLLOWING WEATHER WAS RECORDED YESTERDAY.
  FOG


RELATIVE HUMIDITY (PERCENT)
 HIGHEST    93           300 AM
 LOWEST     22           600 PM
 AVERAGE    58

..........................................................


THE NORTH PLATTE NE CLIMATE NORMALS FOR TODAY
                         NORMAL    RECORD    YEAR
 MAXIMUM TEMPERATURE (F)   45        75      2000
                                             1995
 MINIMUM TEMPERATURE (F)   17       -11      1978


SUNRISE AND SUNSET
FEBRUARY 21 2017......SUNRISE   729 AM CST   SUNSET   625 PM CST
FEBRUARY 22 2017......SUNRISE   727 AM CST   SUNSET   626 PM CST


-  INDICATES NEGATIVE NUMBERS.
R  INDICATES RECORD WAS SET OR TIED.
MM INDICATES DATA IS MISSING.
T  INDICATES TRACE AMOUNT.




$$
