154
CDUS43 KLBF 280833
CLILBF


CLIMATE REPORT
NATIONAL WEATHER SERVICE NORTH PLATTE
332 AM CDT FRI APR 28 2017


...................................

...THE NORTH PLATTE NE CLIMATE SUMMARY FOR APRIL 27 2017...

CLIMATE NORMAL PERIOD 1981 TO 2010
CLIMATE RECORD PERIOD 1874 TO 2017


WEATHER ITEM   OBSERVED TIME   RECORD YEAR NORMAL DEPARTURE LAST
                VALUE   (LST)  VALUE       VALUE  FROM      YEAR
                                                  NORMAL
..................................................................
TEMPERATURE (F)
 YESTERDAY
  MAXIMUM         58    341 PM  86    1952  66     -8       44
  MINIMUM         31    401 AM  24    2008  37     -6       33
  AVERAGE         45                        52     -7       39

PRECIPITATION (IN)
  YESTERDAY        0.12          1.61 1912   0.09   0.03     0.39
  MONTH TO DATE    1.09                      2.00  -0.91     3.96
  SINCE MAR 1      2.91                      3.05  -0.14     4.62
  SINCE JAN 1      4.10                      3.89   0.21     5.88

SNOWFALL (IN)
  YESTERDAY        0.0           2.5  1918   0.0    0.0      0.0
  MONTH TO DATE    T                         3.1   -3.1       T
  SINCE MAR 1      T                         7.5   -7.5      4.3
  SINCE JUL 1     20.3                      28.4   -8.1     29.9
  SNOW DEPTH       0

DEGREE DAYS
 HEATING
  YESTERDAY       20                        14      6       26
  MONTH TO DATE  349                       486   -137      396
  SINCE MAR 1   1000                      1323   -323     1082
  SINCE JUL 1   5322                      6351  -1029     5359

 COOLING
  YESTERDAY        0                         0      0        0
  MONTH TO DATE    2                         0      2        1
  SINCE MAR 1      2                         0      2        1
  SINCE JAN 1      2                         0      2        1
..................................................................


WIND (MPH)
  HIGHEST WIND SPEED    22   HIGHEST WIND DIRECTION     E (110)
  HIGHEST GUST SPEED    30   HIGHEST GUST DIRECTION     E (100)
  AVERAGE WIND SPEED     9.9


SKY COVER
  POSSIBLE SUNSHINE  MM
  AVERAGE SKY COVER 0.8


WEATHER CONDITIONS
 THE FOLLOWING WEATHER WAS RECORDED YESTERDAY.
  LIGHT RAIN
  FOG


RELATIVE HUMIDITY (PERCENT)
 HIGHEST    92           400 AM
 LOWEST     47           300 PM
 AVERAGE    70

..........................................................


THE NORTH PLATTE NE CLIMATE NORMALS FOR TODAY
                         NORMAL    RECORD    YEAR
 MAXIMUM TEMPERATURE (F)   66        95      1910
 MINIMUM TEMPERATURE (F)   38        21      1965


SUNRISE AND SUNSET
APRIL 28 2017.........SUNRISE   644 AM CDT   SUNSET   837 PM CDT
APRIL 29 2017.........SUNRISE   643 AM CDT   SUNSET   838 PM CDT


-  INDICATES NEGATIVE NUMBERS.
R  INDICATES RECORD WAS SET OR TIED.
MM INDICATES DATA IS MISSING.
T  INDICATES TRACE AMOUNT.




$$
