000
CDUS43 KLBF 092245
CLILBF


CLIMATE REPORT
NATIONAL WEATHER SERVICE NORTH PLATTE
444 PM CST TUE FEB 9 2016


...................................

...THE NORTH PLATTE NE CLIMATE SUMMARY FOR FEBRUARY 9 2016...
VALID TODAY AS OF 0400 PM LOCAL TIME.

CLIMATE NORMAL PERIOD 1981 TO 2010
CLIMATE RECORD PERIOD 1874 TO 2016


WEATHER ITEM   OBSERVED TIME   RECORD YEAR NORMAL DEPARTURE LAST
                VALUE   (LST)  VALUE       VALUE  FROM      YEAR
                                                  NORMAL
..................................................................
TEMPERATURE (F)
 TODAY
  MAXIMUM         36    151 PM  74    1996  41     -5       67
  MINIMUM         20    537 AM -18    2011  14      6       23
                                      1933
                                      1901
  AVERAGE         28                        27      1       45

PRECIPITATION (IN)
  TODAY            0.00          0.45 2009   0.01  -0.01     0.00
  MONTH TO DATE    0.75                      0.11   0.64     0.43
  SINCE DEC 1      1.51                      0.86   0.65     1.75
  SINCE JAN 1      1.23                      0.45   0.78     0.71

SNOWFALL (IN)
  TODAY            0.0           2.7  1944   0.2   -0.2      0.0
  MONTH TO DATE   12.0                       1.6   10.4      6.1
  SINCE DEC 1     21.0                      11.0   10.0     18.3
  SINCE JUL 1     25.6                      17.2    8.4     18.7
  SNOW DEPTH       5

DEGREE DAYS
 HEATING
  TODAY           37                        38     -1       20
  MONTH TO DATE  360                       345     15      307
  SINCE DEC 1   2568                      2814   -246     2639
  SINCE JUL 1   3754                      4365   -611     4159

 COOLING
  TODAY            0                         0      0        0
  MONTH TO DATE    0                         0      0        0
  SINCE DEC 1      0                         0      0        0
  SINCE JAN 1      0                         0      0        0
..................................................................


WIND (MPH)
  HIGHEST WIND SPEED    10   HIGHEST WIND DIRECTION    SW (220)
  HIGHEST GUST SPEED    12   HIGHEST GUST DIRECTION    SW (220)
  AVERAGE WIND SPEED     6.4


SKY COVER
  POSSIBLE SUNSHINE  MM
  AVERAGE SKY COVER 0.9


WEATHER CONDITIONS
 THE FOLLOWING WEATHER WAS RECORDED TODAY.
  NO SIGNIFICANT WEATHER WAS OBSERVED.


RELATIVE HUMIDITY (PERCENT)
 HIGHEST    81           300 AM
 LOWEST     47           200 PM
 AVERAGE    64

..........................................................


THE NORTH PLATTE NE CLIMATE NORMALS FOR TOMORROW
                         NORMAL    RECORD    YEAR
 MAXIMUM TEMPERATURE (F)   42        76      1999
 MINIMUM TEMPERATURE (F)   14       -22      1981
                                             1885


SUNRISE AND SUNSET
FEBRUARY  9 2016......SUNRISE   745 AM CST   SUNSET   609 PM CST
FEBRUARY 10 2016......SUNRISE   744 AM CST   SUNSET   610 PM CST


-  INDICATES NEGATIVE NUMBERS.
R  INDICATES RECORD WAS SET OR TIED.
MM INDICATES DATA IS MISSING.
T  INDICATES TRACE AMOUNT.




$$
