000
CDUS43 KLBF 232348
CLILBF

CLIMATE REPORT
NATIONAL WEATHER SERVICE NORTH PLATTE
646 PM CDT THU MAR 23 2017


...................................

...THE NORTH PLATTE NE CLIMATE SUMMARY FOR MARCH 23 2017...
VALID TODAY AS OF 0500 PM LOCAL TIME.

CLIMATE NORMAL PERIOD 1981 TO 2010
CLIMATE RECORD PERIOD 1874 TO 2017


WEATHER ITEM   OBSERVED TIME   RECORD YEAR NORMAL DEPARTURE LAST
                VALUE   (LST)  VALUE       VALUE  FROM      YEAR
                                                  NORMAL
..................................................................
TEMPERATURE (F)
 TODAY
  MAXIMUM         75    500 PM  83    1928  55     20       48
  MINIMUM         43    200 AM  -1    1965  26     17       28
  AVERAGE         59                        40     19       38

PRECIPITATION (IN)
  TODAY            0.00          0.86 1902   0.04  -0.04     0.57
  MONTH TO DATE    0.05                      0.71  -0.66     0.64
  SINCE MAR 1      0.05                      0.71  -0.66     0.64
  SINCE JAN 1      1.24                      1.55  -0.31     1.90

SNOWFALL (IN)
  TODAY            0.0           4.3  2016   0.1   -0.1      4.3
  MONTH TO DATE    T                         3.3   -3.3      4.3
  SINCE MAR 1      T                         3.3   -3.3      4.3
  SINCE JUL 1     20.3                      24.2   -3.9     29.9
  SNOW DEPTH       0

DEGREE DAYS
 HEATING
  TODAY            6                        25    -19       27
  MONTH TO DATE  498                       648   -150      489
  SINCE MAR 1    498                       648   -150      489
  SINCE JUL 1   4820                      5676   -856     4766

 COOLING
  TODAY            0                         0      0        0
  MONTH TO DATE    0                         0      0        0
  SINCE MAR 1      0                         0      0        0
  SINCE JAN 1      0                         0      0        0
..................................................................


WIND (MPH)
  HIGHEST WIND SPEED    15   HIGHEST WIND DIRECTION    SE (150)
  HIGHEST GUST SPEED    28   HIGHEST GUST DIRECTION    SE (150)
  AVERAGE WIND SPEED    10.0


SKY COVER
  POSSIBLE SUNSHINE  MM
  AVERAGE SKY COVER 0.6


WEATHER CONDITIONS
 THE FOLLOWING WEATHER WAS RECORDED TODAY.
  FOG


RELATIVE HUMIDITY (PERCENT)
 HIGHEST   100           900 AM
 LOWEST     53           400 PM
 AVERAGE    77

..........................................................


THE NORTH PLATTE NE CLIMATE NORMALS FOR TOMORROW
                         NORMAL    RECORD    YEAR
 MAXIMUM TEMPERATURE (F)   55        82      2004
                                             1907
 MINIMUM TEMPERATURE (F)   26         0      1966


SUNRISE AND SUNSET
MARCH 23 2017.........SUNRISE   741 AM CDT   SUNSET   758 PM CDT
MARCH 24 2017.........SUNRISE   739 AM CDT   SUNSET   800 PM CDT


-  INDICATES NEGATIVE NUMBERS.
R  INDICATES RECORD WAS SET OR TIED.
MM INDICATES DATA IS MISSING.
T  INDICATES TRACE AMOUNT.




$$
