000
CDUS43 KLBF 230945
CLILBF

CLIMATE REPORT
NATIONAL WEATHER SERVICE NORTH PLATTE
444 AM CDT WED AUG 23 2017


...................................

...THE NORTH PLATTE NE CLIMATE SUMMARY FOR AUGUST 22 2017...

CLIMATE NORMAL PERIOD 1981 TO 2010
CLIMATE RECORD PERIOD 1874 TO 2017


WEATHER ITEM   OBSERVED TIME   RECORD YEAR NORMAL DEPARTURE LAST
                VALUE   (LST)  VALUE       VALUE  FROM      YEAR
                                                  NORMAL
..................................................................
TEMPERATURE (F)
 YESTERDAY
  MAXIMUM         79    502 PM 103    1938  86     -7       94
  MINIMUM         50    529 AM  41    1891  57     -7       64
  AVERAGE         65                        71     -6       79

PRECIPITATION (IN)
  YESTERDAY        0.00          1.74 1893   0.06  -0.06     0.00
  MONTH TO DATE    3.56                      1.80   1.76     0.80
  SINCE JUN 1      9.18                      8.29   0.89     7.90
  SINCE JAN 1     17.72                     15.73   1.99    19.08

SNOWFALL (IN)
  YESTERDAY        0.0           0.0  2002   0.0    0.0      0.0
                                      2001
  MONTH TO DATE    0.0                       0.0    0.0      0.0
  SINCE JUN 1      T                         0.0    0.0      0.0
  SINCE JUL 1      T                         0.0    0.0      0.0
  SNOW DEPTH       0

DEGREE DAYS
 HEATING
  YESTERDAY        0                         1     -1        0
  MONTH TO DATE    4                         1      3        5
  SINCE JUN 1     11                        57    -46       21
  SINCE JUL 1      4                         6     -2       11

 COOLING
  YESTERDAY        0                         7     -7       14
  MONTH TO DATE  114                       182    -68      196
  SINCE JUN 1    745                       613    132      748
  SINCE JAN 1    762                       641    121      758
..................................................................


WIND (MPH)
  HIGHEST WIND SPEED    12   HIGHEST WIND DIRECTION     E (110)
  HIGHEST GUST SPEED    14   HIGHEST GUST DIRECTION     E (110)
  AVERAGE WIND SPEED     5.0


SKY COVER
  POSSIBLE SUNSHINE  MM
  AVERAGE SKY COVER 0.0


WEATHER CONDITIONS
 THE FOLLOWING WEATHER WAS RECORDED YESTERDAY.
  FOG


RELATIVE HUMIDITY (PERCENT)
 HIGHEST   100           100 AM
 LOWEST     39           300 PM
 AVERAGE    70

..........................................................


THE NORTH PLATTE NE CLIMATE NORMALS FOR TODAY
                         NORMAL    RECORD    YEAR
 MAXIMUM TEMPERATURE (F)   85       106      1938
 MINIMUM TEMPERATURE (F)   57        40      2015


SUNRISE AND SUNSET
AUGUST 23 2017........SUNRISE   701 AM CDT   SUNSET   829 PM CDT
AUGUST 24 2017........SUNRISE   702 AM CDT   SUNSET   828 PM CDT


-  INDICATES NEGATIVE NUMBERS.
R  INDICATES RECORD WAS SET OR TIED.
MM INDICATES DATA IS MISSING.
T  INDICATES TRACE AMOUNT.




$$
