000
CDUS43 KLBF 052323
CLILBF

CLIMATE REPORT
NATIONAL WEATHER SERVICE NORTH PLATTE
523 PM CST THU MAR 5 2015

...................................

...THE NORTH PLATTE NE CLIMATE SUMMARY FOR MARCH 5 2015...
VALID TODAY AS OF 0500 PM LOCAL TIME.

CLIMATE NORMAL PERIOD 1981 TO 2010
CLIMATE RECORD PERIOD 1874 TO 2015


WEATHER ITEM   OBSERVED TIME   RECORD YEAR NORMAL DEPARTURE LAST
                VALUE   (LST)  VALUE       VALUE  FROM      YEAR
                                                  NORMAL
..................................................................
TEMPERATURE (F)
 TODAY
  MAXIMUM         50    448 PM  79    1910  49      1       43
  MINIMUM         -1    537 AM -14    1888  20    -21       22
  AVERAGE         25                        34     -9       33

PRECIPITATION (IN)
  TODAY            0.00          1.12 1946   0.02  -0.02     0.00
  MONTH TO DATE    0.01                      0.13  -0.12      T
  SINCE MAR 1      0.01                      0.13  -0.12      T
  SINCE JAN 1      0.75                      0.97  -0.22     1.05

SNOWFALL (IN)
  TODAY            0.0          10.2  1946   0.2   -0.2      0.0
  MONTH TO DATE    0.2                       0.8   -0.6       T
  SINCE MAR 1      0.2                       0.8   -0.6       T
  SINCE JUL 1     19.1                      21.7   -2.6     22.4
  SNOW DEPTH       0

DEGREE DAYS
 HEATING
  TODAY           40                        30     10       32
  MONTH TO DATE  200                       155     45      232
  SINCE MAR 1    200                       155     45      232
  SINCE JUL 1   5089                      5183    -94     5423

 COOLING
  TODAY            0                         0      0        0
  MONTH TO DATE    0                         0      0        0
  SINCE MAR 1      0                         0      0        0
  SINCE JAN 1      0                         0      0        0
..................................................................


WIND (MPH)
  HIGHEST WIND SPEED    20   HIGHEST WIND DIRECTION     W (250)
  HIGHEST GUST SPEED    24   HIGHEST GUST DIRECTION     W (270)
  AVERAGE WIND SPEED     7.2


SKY COVER
  POSSIBLE SUNSHINE  MM
  AVERAGE SKY COVER 0.0


WEATHER CONDITIONS
 THE FOLLOWING WEATHER WAS RECORDED TODAY.
  NO SIGNIFICANT WEATHER WAS OBSERVED.


RELATIVE HUMIDITY (PERCENT)
 HIGHEST    83           800 AM
 LOWEST     18           500 PM
 AVERAGE    51

..........................................................


THE NORTH PLATTE NE CLIMATE NORMALS FOR TOMORROW
                         NORMAL    RECORD    YEAR
 MAXIMUM TEMPERATURE (F)   49        78      1987
                                             1972
 MINIMUM TEMPERATURE (F)   21       -16      1943


SUNRISE AND SUNSET
MARCH  5 2015.........SUNRISE   711 AM CST   SUNSET   638 PM CST
MARCH  6 2015.........SUNRISE   709 AM CST   SUNSET   639 PM CST


-  INDICATES NEGATIVE NUMBERS.
R  INDICATES RECORD WAS SET OR TIED.
MM INDICATES DATA IS MISSING.
T  INDICATES TRACE AMOUNT.

$$
