000
CDUS43 KLBF 220848
CLILBF


CLIMATE REPORT
NATIONAL WEATHER SERVICE NORTH PLATTE
346 AM CDT THU JUN 22 2017


...................................

...THE NORTH PLATTE NE CLIMATE SUMMARY FOR JUNE 21 2017...

CLIMATE NORMAL PERIOD 1981 TO 2010
CLIMATE RECORD PERIOD 1874 TO 2017


WEATHER ITEM   OBSERVED TIME   RECORD YEAR NORMAL DEPARTURE LAST
                VALUE   (LST)  VALUE       VALUE  FROM      YEAR
                                                  NORMAL
..................................................................
TEMPERATURE (F)
 YESTERDAY
  MAXIMUM        107R   311 PM 106    1988  84     23       95
  MINIMUM         61    546 AM  37    2001  56      5       58
  AVERAGE         84                        70     14       77

PRECIPITATION (IN)
  YESTERDAY        0.00          1.31 1951   0.10  -0.10     0.00
  MONTH TO DATE    0.01                      2.50  -2.49     1.72
  SINCE JUN 1      0.01                      2.50  -2.49     1.72
  SINCE JAN 1      8.55                      9.94  -1.39    12.90

SNOWFALL (IN)
  YESTERDAY        0.0           0.0    MM   0.0    0.0      0.0
  MONTH TO DATE    0.0                       0.0    0.0      0.0
  SINCE JUN 1      0.0                       0.0    0.0      0.0
  SINCE JUL 1     21.3                      28.5   -7.2     32.4
  SNOW DEPTH       0

DEGREE DAYS
 HEATING
  YESTERDAY        0                         1     -1        0
  MONTH TO DATE    0                        46    -46       10
  SINCE JUN 1      0                        46    -46       10
  SINCE JUL 1   5665                      6681  -1016     5716

 COOLING
  YESTERDAY       19                         6     13       12
  MONTH TO DATE  170                        76     94      177
  SINCE JUN 1    170                        76     94      177
  SINCE JAN 1    187                       104     83      187
..................................................................


WIND (MPH)
  HIGHEST WIND SPEED    21   HIGHEST WIND DIRECTION    NW (310)
  HIGHEST GUST SPEED    26   HIGHEST GUST DIRECTION    NW (300)
  AVERAGE WIND SPEED     7.4


SKY COVER
  POSSIBLE SUNSHINE  MM
  AVERAGE SKY COVER 0.0


WEATHER CONDITIONS
 THE FOLLOWING WEATHER WAS RECORDED YESTERDAY.
  FOG
  HAZE


RELATIVE HUMIDITY (PERCENT)
 HIGHEST    93           200 AM
 LOWEST     14           300 PM
 AVERAGE    54

..........................................................


THE NORTH PLATTE NE CLIMATE NORMALS FOR TODAY
                         NORMAL    RECORD    YEAR
 MAXIMUM TEMPERATURE (F)   84       104      1937
 MINIMUM TEMPERATURE (F)   56        41      1985


SUNRISE AND SUNSET
JUNE 22 2017..........SUNRISE   611 AM CDT   SUNSET   919 PM CDT
JUNE 23 2017..........SUNRISE   611 AM CDT   SUNSET   919 PM CDT


-  INDICATES NEGATIVE NUMBERS.
R  INDICATES RECORD WAS SET OR TIED.
MM INDICATES DATA IS MISSING.
T  INDICATES TRACE AMOUNT.




$$
