000
CDUS42 KILM 280845
CLILBT


CLIMATE REPORT
NATIONAL WEATHER SERVICE WILMINGTON NC
445 AM EDT THU JUL 28 2016


...................................

...THE LUMBERTON NC CLIMATE SUMMARY FOR JULY 27 2016...

CLIMATE NORMAL PERIOD 1981 TO 2010
CLIMATE RECORD PERIOD 9999 TO 9999


WEATHER ITEM   OBSERVED TIME   NORMAL DEPARTURE LAST
                VALUE   (LST)  VALUE  FROM      YEAR
                                      NORMAL
......................................................
TEMPERATURE (F)
 YESTERDAY
  MAXIMUM         97    406 PM  90      7       96
  MINIMUM         77    608 AM  72      5       71
  AVERAGE         87            81      6       84

PRECIPITATION (IN)
  YESTERDAY        0.00          0.20  -0.20     0.00
  MONTH TO DATE    7.51          4.70   2.81     1.27
  SINCE JUN 1      9.39          9.04   0.35     7.51
  SINCE JAN 1     28.33         24.11   4.22    24.97

DEGREE DAYS
 HEATING
  YESTERDAY        0             0      0        0
  MONTH TO DATE    0             0      0        0
  SINCE JUN 1      0             0      0        0
  SINCE JUL 1      0             0      0        0

 COOLING
  YESTERDAY       22            16      6       19
  MONTH TO DATE  485           432     53      492
  SINCE JUN 1    956           820    136     1036
  SINCE JAN 1   1279          1070    209     1375
......................................................


WIND (MPH)
  HIGHEST WIND SPEED    14   HIGHEST WIND DIRECTION    SW (240)
  HIGHEST GUST SPEED    20   HIGHEST GUST DIRECTION    SW (240)
  AVERAGE WIND SPEED     7.0


SKY COVER
  POSSIBLE SUNSHINE  MM
  AVERAGE SKY COVER 0.0


WEATHER CONDITIONS
 THE FOLLOWING WEATHER WAS RECORDED YESTERDAY.
  NO SIGNIFICANT WEATHER WAS OBSERVED.


RELATIVE HUMIDITY (PERCENT)
 HIGHEST    88           500 AM
 LOWEST     45           200 PM
 AVERAGE    67

..........................................................


THE LUMBERTON NC CLIMATE NORMALS FOR TODAY
                         NORMAL
 MAXIMUM TEMPERATURE (F)   90
 MINIMUM TEMPERATURE (F)   72


SUNRISE AND SUNSET
JULY 28 2016..........SUNRISE   624 AM EDT   SUNSET   821 PM EDT
JULY 29 2016..........SUNRISE   625 AM EDT   SUNSET   820 PM EDT


-  INDICATES NEGATIVE NUMBERS.
R  INDICATES RECORD WAS SET OR TIED.
MM INDICATES DATA IS MISSING.
T  INDICATES TRACE AMOUNT.




$$
