000
CDUS44 KLCH 202204
CLILCH


CLIMATE REPORT
NATIONAL WEATHER SERVICE LAKE CHARLES, LA
404 PM CST MON NOV 20 2017


...................................

...THE LAKE CHARLES CLIMATE SUMMARY FOR NOVEMBER 20 2017...
VALID TODAY AS OF 0400 PM LOCAL TIME.

CLIMATE NORMAL PERIOD 1981 TO 2010
CLIMATE RECORD PERIOD 1895 TO 2017


WEATHER ITEM   OBSERVED TIME   RECORD YEAR NORMAL DEPARTURE LAST
                VALUE   (LST)  VALUE       VALUE  FROM      YEAR
                                                  NORMAL
..................................................................
TEMPERATURE (F)
 TODAY
  MAXIMUM         61    111 PM  86    1896  70     -9       65
  MINIMUM         40    609 AM  28    1969  49     -9       37
                                      1937
  AVERAGE         51                        60     -9       51

PRECIPITATION (IN)
  TODAY            0.00          2.80 1899   0.15  -0.15     0.00
  MONTH TO DATE    1.73                      3.01  -1.28     0.61
  SINCE SEP 1      6.51                     13.17  -6.66     4.32
  SINCE JAN 1     70.27                     51.39  18.88    60.23

SNOWFALL (IN)
  TODAY            0.0           0.0    MM   0.0    0.0      0.0
  MONTH TO DATE    0.0                       0.0    0.0      0.0
  SINCE SEP 1      0.0                       0.0    0.0      0.0
  SINCE JUL 1      0.0                       0.0    0.0      0.0
  SNOW DEPTH       0

DEGREE DAYS
 HEATING
  TODAY           14                         7      7       14
  MONTH TO DATE   44                        91    -47       45
  SINCE SEP 1     81                       127    -46       51
  SINCE JUL 1     81                       127    -46       51

 COOLING
  TODAY            0                         1     -1        0
  MONTH TO DATE  103                        44     59       73
  SINCE SEP 1    830                       648    182      858
  SINCE JAN 1   3156                      2777    379     3185
..................................................................


WIND (MPH)
  HIGHEST WIND SPEED    13   HIGHEST WIND DIRECTION    SE (130)
  HIGHEST GUST SPEED    15   HIGHEST GUST DIRECTION    SE (130)
  AVERAGE WIND SPEED     5.6


SKY COVER
  POSSIBLE SUNSHINE  MM
  AVERAGE SKY COVER 0.0


WEATHER CONDITIONS
 THE FOLLOWING WEATHER WAS RECORDED TODAY.
  NO SIGNIFICANT WEATHER WAS OBSERVED.


RELATIVE HUMIDITY (PERCENT)
 HIGHEST    82           200 AM
 LOWEST     27           200 PM
 AVERAGE    55

..........................................................


THE LAKE CHARLES CLIMATE NORMALS FOR TOMORROW
                         NORMAL    RECORD    YEAR
 MAXIMUM TEMPERATURE (F)   70        89      1896
 MINIMUM TEMPERATURE (F)   49        29      1937


SUNRISE AND SUNSET
NOVEMBER 20 2017......SUNRISE   643 AM CST   SUNSET   514 PM CST
NOVEMBER 21 2017......SUNRISE   643 AM CST   SUNSET   514 PM CST


-  INDICATES NEGATIVE NUMBERS.
R  INDICATES RECORD WAS SET OR TIED.
MM INDICATES DATA IS MISSING.
T  INDICATES TRACE AMOUNT.




$$
