000
CDUS44 KLCH 231245
CLILCH


CLIMATE REPORT
NATIONAL WEATHER SERVICE LAKE CHARLES, LA
645 AM CST MON JAN 23 2017


...................................

...THE LAKE CHARLES CLIMATE SUMMARY FOR JANUARY 22 2017...

CLIMATE NORMAL PERIOD 1981 TO 2010
CLIMATE RECORD PERIOD 1895 TO 2017


WEATHER ITEM   OBSERVED TIME   RECORD YEAR NORMAL DEPARTURE LAST
                VALUE   (LST)  VALUE       VALUE  FROM      YEAR
                                                  NORMAL
..................................................................
TEMPERATURE (F)
 YESTERDAY
  MAXIMUM         69    353 PM  79    1952  61      8       50
                                      1933
                                      1909
  MINIMUM         58   1159 PM  18    1935  42     16       40
  AVERAGE         64                        52     12       45

PRECIPITATION (IN)
  YESTERDAY        0.03          2.62 1923   0.16  -0.13     0.00
  MONTH TO DATE    4.80                      3.83   0.97     2.64
  SINCE DEC 1     16.85                      8.51   8.34     5.88
  SINCE JAN 1      4.80                      3.83   0.97     2.64

SNOWFALL (IN)
  YESTERDAY        0.0           3.0  1935   0.0    0.0      0.0
  MONTH TO DATE    T                         0.0    0.0      0.0
  SINCE DEC 1      T                         T      0.0      0.0
  SINCE JUL 1      T                         T      0.0      0.0
  SNOW DEPTH       0

DEGREE DAYS
 HEATING
  YESTERDAY        1                        13    -12       20
  MONTH TO DATE  137                       306   -169      320
  SINCE DEC 1    390                       673   -283      526
  SINCE JUL 1    484                       880   -396      602

 COOLING
  YESTERDAY        0                         0      0        0
  MONTH TO DATE   56                         0     56        0
  SINCE DEC 1    112                        20     92       57
  SINCE JAN 1     56                         0     56        0
..................................................................


WIND (MPH)
  HIGHEST WIND SPEED    35   HIGHEST WIND DIRECTION    NW (320)
  HIGHEST GUST SPEED    45   HIGHEST GUST DIRECTION    NW (310)
  AVERAGE WIND SPEED    16.1


SKY COVER
  POSSIBLE SUNSHINE  MM
  AVERAGE SKY COVER 0.5


WEATHER CONDITIONS
 THE FOLLOWING WEATHER WAS RECORDED YESTERDAY.
  LIGHT RAIN
  FOG


RELATIVE HUMIDITY (PERCENT)
 HIGHEST   100          1200 AM
 LOWEST     34          1100 AM
 AVERAGE    67

..........................................................


THE LAKE CHARLES CLIMATE NORMALS FOR TODAY
                         NORMAL    RECORD    YEAR
 MAXIMUM TEMPERATURE (F)   62        85      1914
 MINIMUM TEMPERATURE (F)   42        17      1948


SUNRISE AND SUNSET
JANUARY 23 2017.......SUNRISE   708 AM CST   SUNSET   542 PM CST
JANUARY 24 2017.......SUNRISE   707 AM CST   SUNSET   543 PM CST


-  INDICATES NEGATIVE NUMBERS.
R  INDICATES RECORD WAS SET OR TIED.
MM INDICATES DATA IS MISSING.
T  INDICATES TRACE AMOUNT.




$$
