000
CDUS44 KLCH 272221
CLILCH


CLIMATE REPORT
NATIONAL WEATHER SERVICE LAKE CHARLES, LA
520 PM CDT WED AUG 27 2014


...................................

...THE LAKE CHARLES CLIMATE SUMMARY FOR AUGUST 27 2014...
VALID TODAY AS OF 0500 PM LOCAL TIME.

CLIMATE NORMAL PERIOD 1981 TO 2010
CLIMATE RECORD PERIOD 1895 TO 2014


WEATHER ITEM   OBSERVED TIME   RECORD YEAR NORMAL DEPARTURE LAST
                VALUE   (LST)  VALUE       VALUE  FROM      YEAR
                                                  NORMAL
..................................................................
TEMPERATURE (F)
 TODAY
  MAXIMUM         90    157 PM 103    1924  92     -2       93
  MINIMUM         75    630 AM  61    1917  74      1       72
  AVERAGE         83                        82      1       83

PRECIPITATION (IN)
  TODAY            0.02          2.82 1972   0.14  -0.12     0.00
  MONTH TO DATE    7.71                      4.20   3.51     3.71
  SINCE JUN 1     28.87                     16.68  12.19     9.48
  SINCE JAN 1     44.04                     37.56   6.48    39.00

SNOWFALL (IN)
  TODAY            0.0           0.0    MM   0.0    0.0      0.0
  MONTH TO DATE    0.0                       0.0    0.0      0.0
  SINCE JUN 1      0.0                       0.0    0.0      0.0
  SINCE JUL 1      0.0                       0.0    0.0      0.0
  SNOW DEPTH       0

DEGREE DAYS
 HEATING
  TODAY            0                         0      0        0
  MONTH TO DATE    0                         0      0        0
  SINCE JUN 1      0                         0      0        0
  SINCE JUL 1      0                         0      0        0

 COOLING
  TODAY           18                        17      1       18
  MONTH TO DATE  500                       485     15      527
  SINCE JUN 1   1512                      1518     -6     1646
  SINCE JAN 1   1951                      2056   -105     2131
..................................................................


WIND (MPH)
  HIGHEST WIND SPEED    16   HIGHEST WIND DIRECTION     E (110)
  HIGHEST GUST SPEED    21   HIGHEST GUST DIRECTION     E (90)
  AVERAGE WIND SPEED     8.3


SKY COVER
  POSSIBLE SUNSHINE  MM
  AVERAGE SKY COVER 0.2


WEATHER CONDITIONS
 THE FOLLOWING WEATHER WAS RECORDED TODAY.
  LIGHT RAIN
  HAZE


RELATIVE HUMIDITY (PERCENT)
 HIGHEST    94           400 AM
 LOWEST     56           400 PM
 AVERAGE    75

..........................................................


THE LAKE CHARLES CLIMATE NORMALS FOR TOMORROW
                         NORMAL    RECORD    YEAR
 MAXIMUM TEMPERATURE (F)   91       101      1913
 MINIMUM TEMPERATURE (F)   73        62      1927


SUNRISE AND SUNSET
AUGUST 27 2014........SUNRISE   647 AM CDT   SUNSET   741 PM CDT
AUGUST 28 2014........SUNRISE   648 AM CDT   SUNSET   740 PM CDT


-  INDICATES NEGATIVE NUMBERS.
R  INDICATES RECORD WAS SET OR TIED.
MM INDICATES DATA IS MISSING.
T  INDICATES TRACE AMOUNT.




$$
