000
CDUS44 KLCH 170848
CLILCH


CLIMATE REPORT
NATIONAL WEATHER SERVICE LAKE CHARLES, LA
247 AM CST WED JAN 17 2018


...................................

...THE LAKE CHARLES CLIMATE SUMMARY FOR JANUARY 16 2018...

CLIMATE NORMAL PERIOD 1981 TO 2010
CLIMATE RECORD PERIOD 1895 TO 2018


WEATHER ITEM   OBSERVED TIME   RECORD YEAR NORMAL DEPARTURE LAST
                VALUE   (LST)  VALUE       VALUE  FROM      YEAR
                                                  NORMAL
..................................................................
TEMPERATURE (F)
 YESTERDAY
  MAXIMUM         49    441 AM  78    2017  61    -12       78
                                      1935
                                      1928
  MINIMUM         27   1159 PM  21    1905  42    -15       64
  AVERAGE         38                        52    -14       71

PRECIPITATION (IN)
  YESTERDAY        0.20          1.78 2010   0.17   0.03     0.00
  MONTH TO DATE    2.38                      2.80  -0.42     1.33
  SINCE DEC 1      7.28                      7.48  -0.20    13.38
  SINCE JAN 1      2.38                      2.80  -0.42     1.33

SNOWFALL (IN)
  YESTERDAY        T   R         T    1964   0.0    0.0      0.0
                                      1941
  MONTH TO DATE    T                         0.0    0.0       T
  SINCE DEC 1      2.1                       T      2.1       T
  SINCE JUL 1      2.1                       T      2.1       T
  SNOW DEPTH       0

DEGREE DAYS
 HEATING
  YESTERDAY       27                        14     13        0
  MONTH TO DATE  328                       224    104      136
  SINCE DEC 1    695                       591    104      389
  SINCE JUL 1    843                       798     45      483

 COOLING
  YESTERDAY        0                         0      0        6
  MONTH TO DATE    0                         0      0       32
  SINCE DEC 1     24                        20      4       88
  SINCE JAN 1      0                         0      0       32
..................................................................


WIND (MPH)
  HIGHEST WIND SPEED    28   HIGHEST WIND DIRECTION     N (20)
  HIGHEST GUST SPEED    36   HIGHEST GUST DIRECTION     N (10)
  AVERAGE WIND SPEED    14.3


SKY COVER
  POSSIBLE SUNSHINE  MM
  AVERAGE SKY COVER 1.0


WEATHER CONDITIONS
 THE FOLLOWING WEATHER WAS RECORDED YESTERDAY.
  LIGHT RAIN
  LIGHT SNOW
  SLEET
  FOG


RELATIVE HUMIDITY (PERCENT)
 HIGHEST    96          1200 AM
 LOWEST     86           200 AM
 AVERAGE    91

..........................................................


THE LAKE CHARLES CLIMATE NORMALS FOR TODAY
                         NORMAL    RECORD    YEAR
 MAXIMUM TEMPERATURE (F)   61        80      1911
 MINIMUM TEMPERATURE (F)   42        20      1982


SUNRISE AND SUNSET
JANUARY 17 2018.......SUNRISE   709 AM CST   SUNSET   537 PM CST
JANUARY 18 2018.......SUNRISE   709 AM CST   SUNSET   538 PM CST


-  INDICATES NEGATIVE NUMBERS.
R  INDICATES RECORD WAS SET OR TIED.
MM INDICATES DATA IS MISSING.
T  INDICATES TRACE AMOUNT.




$$
