000
CDUS43 KLMK 290627
CLILEX


CLIMATE REPORT
NATIONAL WEATHER SERVICE LOUISVILLE KY
227 AM EDT FRI JUL 29 2016


...................................

...THE LEXINGTON KY CLIMATE SUMMARY FOR JULY 28 2016...

CLIMATE NORMAL PERIOD 1981 TO 2010
CLIMATE RECORD PERIOD 1872 TO 2016


WEATHER ITEM   OBSERVED TIME   RECORD YEAR NORMAL DEPARTURE LAST
                VALUE   (LST)  VALUE       VALUE  FROM      YEAR
                                                  NORMAL
..................................................................
TEMPERATURE (F)
 YESTERDAY
  MAXIMUM         79    604 PM 104    1930  86     -7       90
  MINIMUM         71   1011 AM  54    2004  66      5       71
  AVERAGE         75                        76     -1       81

PRECIPITATION (IN)
  YESTERDAY        1.46          2.03 1945   0.14   1.32     0.12
  MONTH TO DATE    4.97                      4.23   0.74     9.27
  SINCE JUN 1      9.53                      8.67   0.86    14.91
  SINCE JAN 1     27.82                     28.00  -0.18    40.70

SNOWFALL (IN)
  YESTERDAY        0.0          MM      MM   0.0    0.0      0.0
  MONTH TO DATE    0.0                       0.0    0.0      0.0
  SINCE JUN 1      0.0                       0.0    0.0      0.0
  SINCE JUL 1      0.0                       0.0    0.0      0.0
  SNOW DEPTH       0

DEGREE DAYS
 HEATING
  YESTERDAY        0                         0      0        0
  MONTH TO DATE    0                         0      0        0
  SINCE JUN 1      1                        11    -10       18
  SINCE JUL 1      0                         0      0        0

 COOLING
  YESTERDAY       10                        11     -1       16
  MONTH TO DATE  377                       308     69      313
  SINCE JUN 1    690                       550    140      602
  SINCE JAN 1    804                       657    147      770
..................................................................


WIND (MPH)
  HIGHEST WIND SPEED    13   HIGHEST WIND DIRECTION     W (270)
  HIGHEST GUST SPEED    16   HIGHEST GUST DIRECTION     W (250)
  AVERAGE WIND SPEED     4.7


SKY COVER
  POSSIBLE SUNSHINE  MM
  AVERAGE SKY COVER 0.8


WEATHER CONDITIONS
 THE FOLLOWING WEATHER WAS RECORDED YESTERDAY.
  THUNDERSTORM
  HEAVY RAIN
  RAIN
  LIGHT RAIN
  FOG
  HAZE


RELATIVE HUMIDITY (PERCENT)
 HIGHEST    93           500 AM
 LOWEST     74           600 PM
 AVERAGE    84

..........................................................


THE LEXINGTON KY CLIMATE NORMALS FOR TODAY
                         NORMAL    RECORD    YEAR
 MAXIMUM TEMPERATURE (F)   86       100      1940
 MINIMUM TEMPERATURE (F)   66        51      2014


SUNRISE AND SUNSET
JULY 29 2016..........SUNRISE   639 AM EDT   SUNSET   850 PM EDT
JULY 30 2016..........SUNRISE   640 AM EDT   SUNSET   849 PM EDT


-  INDICATES NEGATIVE NUMBERS.
R  INDICATES RECORD WAS SET OR TIED.
MM INDICATES DATA IS MISSING.
T  INDICATES TRACE AMOUNT.




$$
