710
CDUS43 KLMK 100639
CLILEX


CLIMATE REPORT
NATIONAL WEATHER SERVICE LOUISVILLE KY
139 AM EST WED FEB 10 2016


...................................

...THE LEXINGTON KY CLIMATE SUMMARY FOR FEBRUARY 9 2016...

CLIMATE NORMAL PERIOD 1981 TO 2010
CLIMATE RECORD PERIOD 1872 TO 2016


WEATHER ITEM   OBSERVED TIME   RECORD YEAR NORMAL DEPARTURE LAST
                VALUE   (LST)  VALUE       VALUE  FROM      YEAR
                                                  NORMAL
..................................................................
TEMPERATURE (F)
 YESTERDAY
  MAXIMUM         25   1201 AM  70    2001  44    -19       52
  MINIMUM         18   1159 PM -15    1899  27     -9       26
  AVERAGE         22                        35    -13       39

PRECIPITATION (IN)
  YESTERDAY        T             1.11 1891   0.11  -0.11     0.01
  MONTH TO DATE    1.64                      1.03   0.61     0.62
  SINCE DEC 1     10.09                      8.16   1.93     5.77
  SINCE JAN 1      2.88                      4.23  -1.35     2.47

SNOWFALL (IN)
  YESTERDAY        0.2           2.5  1896   0.2    0.0       T
  MONTH TO DATE    1.2                       1.7   -0.5      0.3
  SINCE DEC 1     10.8                       8.1    2.7      6.2
  SINCE JUL 1     10.8                       8.4    2.4      7.8
  SNOW DEPTH       1

DEGREE DAYS
 HEATING
  YESTERDAY       43                        30     13       26
  MONTH TO DATE  232                       274    -42      256
  SINCE DEC 1   1750                      2170   -420     2111
  SINCE JUL 1   2436                      3057   -621     3118

 COOLING
  YESTERDAY        0                         0      0        0
  MONTH TO DATE    0                         0      0        0
  SINCE DEC 1      0                         0      0        0
  SINCE JAN 1      0                         0      0        0
..................................................................


WIND (MPH)
  HIGHEST WIND SPEED    20   HIGHEST WIND DIRECTION     W (270)
  HIGHEST GUST SPEED    27   HIGHEST GUST DIRECTION     W (270)
  AVERAGE WIND SPEED    10.9


SKY COVER
  POSSIBLE SUNSHINE  MM
  AVERAGE SKY COVER 0.9


WEATHER CONDITIONS
 THE FOLLOWING WEATHER WAS RECORDED YESTERDAY.
  LIGHT SNOW
  FOG
  HAZE


RELATIVE HUMIDITY (PERCENT)
 HIGHEST    77           200 AM
 LOWEST     62           300 PM
 AVERAGE    70

..........................................................


THE LEXINGTON KY CLIMATE NORMALS FOR TODAY
                         NORMAL    RECORD    YEAR
 MAXIMUM TEMPERATURE (F)   44        75      1932
 MINIMUM TEMPERATURE (F)   27       -17      1899


SUNRISE AND SUNSET
FEBRUARY 10 2016......SUNRISE   735 AM EST   SUNSET   611 PM EST
FEBRUARY 11 2016......SUNRISE   734 AM EST   SUNSET   612 PM EST


-  INDICATES NEGATIVE NUMBERS.
R  INDICATES RECORD WAS SET OR TIED.
MM INDICATES DATA IS MISSING.
T  INDICATES TRACE AMOUNT.




$$
