000
CDUS44 KSHV 172133
CLILFK


CLIMATE REPORT
NATIONAL WEATHER SERVICE SHREVEPORT, LA
432 PM CDT WED SEP 17 2014


...................................

...THE LUFKIN CLIMATE SUMMARY FOR SEPTEMBER 17 2014...
VALID TODAY AS OF 0400 PM LOCAL TIME.

CLIMATE NORMAL PERIOD 1981 TO 2010
CLIMATE RECORD PERIOD 1906 TO 2014


WEATHER ITEM   OBSERVED TIME   RECORD YEAR NORMAL DEPARTURE LAST
                VALUE   (LST)  VALUE       VALUE  FROM      YEAR
                                                  NORMAL
..................................................................
TEMPERATURE (F)
 TODAY
  MAXIMUM         92    259 PM 101    1927  88      4       95
  MINIMUM         74    727 AM  50    1961  66      8       70
  AVERAGE         83                        77      6       83

PRECIPITATION (IN)
  TODAY            0.00          2.59 2002   0.13  -0.13     0.00
  MONTH TO DATE    2.80                      2.42   0.38     0.22
  SINCE DEC 1     36.93                     37.45  -0.52    30.43
  SINCE JAN 1     34.72                     33.01   1.71    26.12

DEGREE DAYS
 HEATING
  TODAY            0                         0      0        0
  MONTH TO DATE    0                         0      0        0
  SINCE SEP 1      0                         0      0        0
  SINCE JUL 1      0                         0      0        0

 COOLING
  TODAY           18                        12      6       18
  MONTH TO DATE  317                       243     74      308
  SINCE SEP 1    317                       243     74      308
  SINCE JAN 1   2551                      2266    285     2475
..................................................................


WIND (MPH)
  HIGHEST WIND SPEED     8   HIGHEST WIND DIRECTION     E (70)
  HIGHEST GUST SPEED    10   HIGHEST GUST DIRECTION     E (80)
  AVERAGE WIND SPEED     2.8


SKY COVER
  POSSIBLE SUNSHINE  MM
  AVERAGE SKY COVER 0.8


WEATHER CONDITIONS
 THE FOLLOWING WEATHER WAS RECORDED TODAY.
  FOG
  FOG W/VISIBILITY <= 1/4 MILE


RELATIVE HUMIDITY (PERCENT)
 HIGHEST    94          1200 AM
 LOWEST     59           200 PM
 AVERAGE    77

..........................................................


THE LUFKIN CLIMATE NORMALS FOR TOMORROW
                         NORMAL    RECORD    YEAR
 MAXIMUM TEMPERATURE (F)   88       101      1935
 MINIMUM TEMPERATURE (F)   65        48      1981


SUNRISE AND SUNSET
SEPTEMBER 17 2014.....SUNRISE   704 AM CDT   SUNSET   722 PM CDT
SEPTEMBER 18 2014.....SUNRISE   705 AM CDT   SUNSET   721 PM CDT


-  INDICATES NEGATIVE NUMBERS.
R  INDICATES RECORD WAS SET OR TIED.
MM INDICATES DATA IS MISSING.
T  INDICATES TRACE AMOUNT.




$$
