000
CDUS44 KSHV 230736
CLILFK


CLIMATE REPORT
NATIONAL WEATHER SERVICE SHREVEPORT, LA
236 AM CDT TUE MAY 23 2017


...................................

...THE LUFKIN CLIMATE SUMMARY FOR MAY 22 2017...

CLIMATE NORMAL PERIOD 1981 TO 2010
CLIMATE RECORD PERIOD 1906 TO 2017


WEATHER ITEM   OBSERVED TIME   RECORD YEAR NORMAL DEPARTURE LAST
                VALUE   (LST)  VALUE       VALUE  FROM      YEAR
                                                  NORMAL
..................................................................
TEMPERATURE (F)
 YESTERDAY
  MAXIMUM         68    610 PM  97    2005  86    -18       87
  MINIMUM         61    833 AM  50    2001  65     -4       66
                                      1919
  AVERAGE         65                        76    -11       77

PRECIPITATION (IN)
  YESTERDAY        2.30R         1.15 1927   0.15   2.15     0.00
  MONTH TO DATE    4.66                      3.18   1.48     1.90
  SINCE DEC 1     25.23                     22.50   2.73    25.79
  SINCE JAN 1     20.32                     18.06   2.26    21.74

SNOWFALL (IN)
  YESTERDAY        0.0
  MONTH TO DATE    0.0
  SINCE MAR 1      0.0
  SINCE JUL 1      T
  SNOW DEPTH       0

DEGREE DAYS
 HEATING
  YESTERDAY        0                         0      0        0
  MONTH TO DATE    6                         1      5        2
  SINCE MAR 1    169                       280   -111      150
  SINCE JUL 1   1145                      1914   -769     1472

 COOLING
  YESTERDAY        0                        11    -11       12
  MONTH TO DATE  138                       185    -47      140
  SINCE MAR 1    356                       342     14      328
  SINCE JAN 1    438                       361     77      342
..................................................................


WIND (MPH)
  HIGHEST WIND SPEED    16   HIGHEST WIND DIRECTION     E (70)
  HIGHEST GUST SPEED    25   HIGHEST GUST DIRECTION    NE (30)
  AVERAGE WIND SPEED     7.3


SKY COVER
  POSSIBLE SUNSHINE  MM
  AVERAGE SKY COVER 1.0


WEATHER CONDITIONS
 THE FOLLOWING WEATHER WAS RECORDED YESTERDAY.
  HEAVY RAIN
  RAIN
  LIGHT RAIN
  FOG


RELATIVE HUMIDITY (PERCENT)
 HIGHEST   100          1100 PM
 LOWEST     81           600 PM
 AVERAGE    91

..........................................................


THE LUFKIN CLIMATE NORMALS FOR TODAY
                         NORMAL    RECORD    YEAR
 MAXIMUM TEMPERATURE (F)   87        96      1996
 MINIMUM TEMPERATURE (F)   66        50      2001


SUNRISE AND SUNSET
MAY 23 2017...........SUNRISE   619 AM CDT   SUNSET   813 PM CDT
MAY 24 2017...........SUNRISE   618 AM CDT   SUNSET   814 PM CDT


-  INDICATES NEGATIVE NUMBERS.
R  INDICATES RECORD WAS SET OR TIED.
MM INDICATES DATA IS MISSING.
T  INDICATES TRACE AMOUNT.




$$
