000
CDUS44 KSHV 030802
CLILFK


CLIMATE REPORT
NATIONAL WEATHER SERVICE SHREVEPORT, LA
256 AM CDT FRI JUL 3 2015


...................................

...THE LUFKIN CLIMATE SUMMARY FOR JULY 2 2015...

CLIMATE NORMAL PERIOD 1981 TO 2010
CLIMATE RECORD PERIOD 1906 TO 2015


WEATHER ITEM   OBSERVED TIME   RECORD YEAR NORMAL DEPARTURE LAST
                VALUE   (LST)  VALUE       VALUE  FROM      YEAR
                                                  NORMAL
..................................................................
TEMPERATURE (F)
 YESTERDAY
  MAXIMUM         93    334 PM 104    2009  92      1       96
  MINIMUM         72    402 AM  63    2013  72      0       75
  AVERAGE         83                        82      1       86

PRECIPITATION (IN)
  YESTERDAY        0.00          1.79 1915   0.12  -0.12      T
  MONTH TO DATE    0.23                      0.25  -0.02      T
  SINCE DEC 1     48.51                     28.89  19.62    22.39
  SINCE JAN 1     46.46                     24.45  22.01    20.18

SNOWFALL (IN)
  YESTERDAY        0.0
  MONTH TO DATE    0.0
  SINCE JUN 1      0.0
  SINCE JUL 1      0.0
  SNOW DEPTH       0

DEGREE DAYS
 HEATING
  YESTERDAY        0                         0      0        0
  MONTH TO DATE    0                         0      0        0
  SINCE JUN 1      0                         0      0        0
  SINCE JUL 1      0                         0      0        0

 COOLING
  YESTERDAY       18                        17      1       21
  MONTH TO DATE   35                        34      1       41
  SINCE JUN 1    588                       486    102      580
  SINCE JAN 1   1271                       955    316     1076
..................................................................


WIND (MPH)
  HIGHEST WIND SPEED    15   HIGHEST WIND DIRECTION     S (190)
  HIGHEST GUST SPEED    21   HIGHEST GUST DIRECTION     S (180)
  AVERAGE WIND SPEED     6.9


SKY COVER
  POSSIBLE SUNSHINE  MM
  AVERAGE SKY COVER 0.2


WEATHER CONDITIONS
 THE FOLLOWING WEATHER WAS RECORDED YESTERDAY.
  NO SIGNIFICANT WEATHER WAS OBSERVED.


RELATIVE HUMIDITY (PERCENT)
 HIGHEST    87          1200 AM
 LOWEST     52           200 PM
 AVERAGE    70

..........................................................


THE LUFKIN CLIMATE NORMALS FOR TODAY
                         NORMAL    RECORD    YEAR
 MAXIMUM TEMPERATURE (F)   92       103      1933
 MINIMUM TEMPERATURE (F)   72        64      2013


SUNRISE AND SUNSET
JULY  3 2015..........SUNRISE   619 AM CDT   SUNSET   827 PM CDT
JULY  4 2015..........SUNRISE   620 AM CDT   SUNSET   827 PM CDT


-  INDICATES NEGATIVE NUMBERS.
R  INDICATES RECORD WAS SET OR TIED.
MM INDICATES DATA IS MISSING.
T  INDICATES TRACE AMOUNT.




$$
