000
CDUS44 KSHV 252147
CLILFK


CLIMATE REPORT
NATIONAL WEATHER SERVICE SHREVEPORT, LA
446 PM CDT TUE APR 25 2017


...................................

...THE LUFKIN CLIMATE SUMMARY FOR APRIL 25 2017...
VALID TODAY AS OF 0400 PM LOCAL TIME.

CLIMATE NORMAL PERIOD 1981 TO 2010
CLIMATE RECORD PERIOD 1906 TO 2017


WEATHER ITEM   OBSERVED TIME   RECORD YEAR NORMAL DEPARTURE LAST
                VALUE   (LST)  VALUE       VALUE  FROM      YEAR
                                                  NORMAL
..................................................................
TEMPERATURE (F)
 TODAY
  MAXIMUM         83    258 PM  91    2015  80      3       87
                                      1975
  MINIMUM         54    554 AM  32    1910  58     -4       65
  AVERAGE         69                        69      0       76

PRECIPITATION (IN)
  TODAY            0.00          2.00 1914   0.11  -0.11     0.00
  MONTH TO DATE    5.37                      2.51   2.86     4.66
  SINCE DEC 1     20.25                     18.78   1.47    20.59
  SINCE JAN 1     15.34                     14.34   1.00    16.54

SNOWFALL (IN)
  TODAY            0.0
  MONTH TO DATE    0.0
  SINCE MAR 1      0.0
  SINCE JUL 1      T
  SNOW DEPTH       0

DEGREE DAYS
 HEATING
  TODAY            0                         1     -1        0
  MONTH TO DATE   32                        65    -33       39
  SINCE MAR 1    155                       275   -120      148
  SINCE JUL 1   1131                      1909   -778     1470

 COOLING
  TODAY            4                         5     -1       11
  MONTH TO DATE  102                        90     12       72
  SINCE MAR 1    196                       131     65      130
  SINCE JAN 1    278                       150    128      144
..................................................................


WIND (MPH)
  HIGHEST WIND SPEED    21   HIGHEST WIND DIRECTION    SE (150)
  HIGHEST GUST SPEED    26   HIGHEST GUST DIRECTION    SE (150)
  AVERAGE WIND SPEED    10.3


SKY COVER
  POSSIBLE SUNSHINE  MM
  AVERAGE SKY COVER 0.3


WEATHER CONDITIONS
 THE FOLLOWING WEATHER WAS RECORDED TODAY.
  NO SIGNIFICANT WEATHER WAS OBSERVED.


RELATIVE HUMIDITY (PERCENT)
 HIGHEST   100           600 AM
 LOWEST     58           300 PM
 AVERAGE    79

..........................................................


THE LUFKIN CLIMATE NORMALS FOR TOMORROW
                         NORMAL    RECORD    YEAR
 MAXIMUM TEMPERATURE (F)   80        90      1934
 MINIMUM TEMPERATURE (F)   58        35      1920


SUNRISE AND SUNSET
APRIL 25 2017.........SUNRISE   640 AM CDT   SUNSET   754 PM CDT
APRIL 26 2017.........SUNRISE   639 AM CDT   SUNSET   755 PM CDT


-  INDICATES NEGATIVE NUMBERS.
R  INDICATES RECORD WAS SET OR TIED.
MM INDICATES DATA IS MISSING.
T  INDICATES TRACE AMOUNT.




$$
