000
CDUS44 KSHV 280846
CLILFK


CLIMATE REPORT
NATIONAL WEATHER SERVICE SHREVEPORT, LA
245 AM CST SAT FEB 28 2015


...................................

...THE LUFKIN CLIMATE SUMMARY FOR FEBRUARY 27 2015...

CLIMATE NORMAL PERIOD 1981 TO 2010
CLIMATE RECORD PERIOD 1906 TO 2015


WEATHER ITEM   OBSERVED TIME   RECORD YEAR NORMAL DEPARTURE LAST
                VALUE   (LST)  VALUE       VALUE  FROM      YEAR
                                                  NORMAL
..................................................................
TEMPERATURE (F)
 YESTERDAY
  MAXIMUM         47    130 PM  87    1918  67    -20       59
  MINIMUM         32    655 AM  19    2002  44    -12       31
  AVERAGE         40                        56    -16       45

PRECIPITATION (IN)
  YESTERDAY        0.00          1.66 1910   0.12  -0.12     0.00
  MONTH TO DATE    1.29                      3.74  -2.45     1.58
  SINCE DEC 1     10.70                     12.36  -1.66     4.99
  SINCE JAN 1      8.65                      7.92   0.73     2.78

SNOWFALL (IN)
  YESTERDAY        0.0
  MONTH TO DATE    T
  SINCE DEC 1      T
  SINCE JUL 1      T
  SNOW DEPTH       0

DEGREE DAYS
 HEATING
  YESTERDAY       25                        10     15       20
  MONTH TO DATE  375                       344     31      356
  SINCE DEC 1   1204                      1317   -113     1433
  SINCE JUL 1   1500                      1624   -124     1789

 COOLING
  YESTERDAY        0                         1     -1        0
  MONTH TO DATE    5                         3      2       18
  SINCE DEC 1     18                        24     -6       34
  SINCE JAN 1      6                        11     -5       18
..................................................................


WIND (MPH)
  HIGHEST WIND SPEED    18   HIGHEST WIND DIRECTION     E (70)
  HIGHEST GUST SPEED    23   HIGHEST GUST DIRECTION    NE (60)
  AVERAGE WIND SPEED     8.6


SKY COVER
  POSSIBLE SUNSHINE  MM
  AVERAGE SKY COVER 0.7


WEATHER CONDITIONS
 THE FOLLOWING WEATHER WAS RECORDED YESTERDAY.
  HAZE


RELATIVE HUMIDITY (PERCENT)
 HIGHEST    82           200 AM
 LOWEST     45          1200 PM
 AVERAGE    64

..........................................................


THE LUFKIN CLIMATE NORMALS FOR TODAY
                         NORMAL    RECORD    YEAR
 MAXIMUM TEMPERATURE (F)   67        89      1940
 MINIMUM TEMPERATURE (F)   45        24      2002


SUNRISE AND SUNSET
FEBRUARY 28 2015......SUNRISE   647 AM CST   SUNSET   616 PM CST
MARCH  1 2015.........SUNRISE   646 AM CST   SUNSET   617 PM CST


-  INDICATES NEGATIVE NUMBERS.
R  INDICATES RECORD WAS SET OR TIED.
MM INDICATES DATA IS MISSING.
T  INDICATES TRACE AMOUNT.




$$
