000
CDUS44 KSHV 162135
CLILFK


CLIMATE REPORT
NATIONAL WEATHER SERVICE SHREVEPORT, LA
434 PM CDT MON OCT 16 2017


...................................

...THE LUFKIN CLIMATE SUMMARY FOR OCTOBER 16 2017...
VALID TODAY AS OF 0400 PM LOCAL TIME.

CLIMATE NORMAL PERIOD 1981 TO 2010
CLIMATE RECORD PERIOD 1906 TO 2017


WEATHER ITEM   OBSERVED TIME   RECORD YEAR NORMAL DEPARTURE LAST
                VALUE   (LST)  VALUE       VALUE  FROM      YEAR
                                                  NORMAL
..................................................................
TEMPERATURE (F)
 TODAY
  MAXIMUM         74    259 PM  94    1933  80     -6       89
  MINIMUM         53    650 AM  35    1954  56     -3       71
  AVERAGE         64                        68     -4       80

PRECIPITATION (IN)
  TODAY            0.00          7.47 1994   0.16  -0.16     0.00
  MONTH TO DATE    0.37                      2.21  -1.84     0.10
  SINCE DEC 1     53.31                     41.32  11.99    46.58
  SINCE JAN 1     48.40                     36.88  11.52    42.53

SNOWFALL (IN)
  TODAY            0.0
  MONTH TO DATE    0.0
  SINCE SEP 1      0.0
  SINCE JUL 1      0.0
  SNOW DEPTH       0

DEGREE DAYS
 HEATING
  TODAY            1                         2     -1        0
  MONTH TO DATE    1                        18    -17        1
  SINCE SEP 1      1                        22    -21        1
  SINCE JUL 1      1                        22    -21        1

 COOLING
  TODAY            0                         4     -4       15
  MONTH TO DATE  160                        97     63      139
  SINCE SEP 1    521                       471     50      586
  SINCE JAN 1   2544                      2494     50     2674
..................................................................


WIND (MPH)
  HIGHEST WIND SPEED    16   HIGHEST WIND DIRECTION    NE (40)
  HIGHEST GUST SPEED    25   HIGHEST GUST DIRECTION     E (70)
  AVERAGE WIND SPEED     8.8


SKY COVER
  POSSIBLE SUNSHINE  MM
  AVERAGE SKY COVER 0.0


WEATHER CONDITIONS
 THE FOLLOWING WEATHER WAS RECORDED TODAY.
  NO SIGNIFICANT WEATHER WAS OBSERVED.


RELATIVE HUMIDITY (PERCENT)
 HIGHEST    72           300 AM
 LOWEST     33           300 PM
 AVERAGE    53

..........................................................


THE LUFKIN CLIMATE NORMALS FOR TOMORROW
                         NORMAL    RECORD    YEAR
 MAXIMUM TEMPERATURE (F)   80        93      1932
 MINIMUM TEMPERATURE (F)   55        35      1952


SUNRISE AND SUNSET
OCTOBER 16 2017.......SUNRISE   723 AM CDT   SUNSET   646 PM CDT
OCTOBER 17 2017.......SUNRISE   723 AM CDT   SUNSET   645 PM CDT


-  INDICATES NEGATIVE NUMBERS.
R  INDICATES RECORD WAS SET OR TIED.
MM INDICATES DATA IS MISSING.
T  INDICATES TRACE AMOUNT.




$$
