000
CDUS44 KSHV 190841
CLILFK


CLIMATE REPORT
NATIONAL WEATHER SERVICE SHREVEPORT, LA
235 AM CST THU JAN 19 2017


...................................

...THE LUFKIN CLIMATE SUMMARY FOR JANUARY 18 2017...

CLIMATE NORMAL PERIOD 1981 TO 2010
CLIMATE RECORD PERIOD 1906 TO 2017


WEATHER ITEM   OBSERVED TIME   RECORD YEAR NORMAL DEPARTURE LAST
                VALUE   (LST)  VALUE       VALUE  FROM      YEAR
                                                  NORMAL
..................................................................
TEMPERATURE (F)
 YESTERDAY
  MAXIMUM         61    621 PM  82    1938  60      1       60
  MINIMUM         54   1159 PM  -2    1930  38     16       28
  AVERAGE         58                        49      9       44

PRECIPITATION (IN)
  YESTERDAY        3.00R         1.74 1945   0.14   2.86     0.00
  MONTH TO DATE    5.51                      2.36   3.15     1.98
  SINCE DEC 1     10.42                      6.80   3.62     6.03
  SINCE JAN 1      5.51                      2.36   3.15     1.98

SNOWFALL (IN)
  YESTERDAY        0.0
  MONTH TO DATE    T
  SINCE DEC 1      T
  SINCE JUL 1      T
  SNOW DEPTH       0

DEGREE DAYS
 HEATING
  YESTERDAY        7                        16     -9       21
  MONTH TO DATE  186                       300   -114      337
  SINCE DEC 1    558                       771   -213      660
  SINCE JUL 1    706                      1078   -372      845

 COOLING
  YESTERDAY        0                         0      0        0
  MONTH TO DATE   25                         0     25        0
  SINCE DEC 1     56                        13     43       33
  SINCE JAN 1     25                         0     25        0
..................................................................


WIND (MPH)
  HIGHEST WIND SPEED    14   HIGHEST WIND DIRECTION     W (290)
  HIGHEST GUST SPEED    19   HIGHEST GUST DIRECTION     W (290)
  AVERAGE WIND SPEED     5.3


SKY COVER
  POSSIBLE SUNSHINE  MM
  AVERAGE SKY COVER 1.0


WEATHER CONDITIONS
 THE FOLLOWING WEATHER WAS RECORDED YESTERDAY.
  THUNDERSTORM
  HEAVY RAIN
  RAIN
  LIGHT RAIN
  FOG


RELATIVE HUMIDITY (PERCENT)
 HIGHEST   100           400 AM
 LOWEST     93          1200 AM
 AVERAGE    97

..........................................................


THE LUFKIN CLIMATE NORMALS FOR TODAY
                         NORMAL    RECORD    YEAR
 MAXIMUM TEMPERATURE (F)   60        82      1933
 MINIMUM TEMPERATURE (F)   38         0      1930


SUNRISE AND SUNSET
JANUARY 19 2017.......SUNRISE   717 AM CST   SUNSET   543 PM CST
JANUARY 20 2017.......SUNRISE   717 AM CST   SUNSET   544 PM CST


-  INDICATES NEGATIVE NUMBERS.
R  INDICATES RECORD WAS SET OR TIED.
MM INDICATES DATA IS MISSING.
T  INDICATES TRACE AMOUNT.




$$
