000
CDUS44 KLCH 220847
CLILFT


CLIMATE REPORT
NATIONAL WEATHER SERVICE LAKE CHARLES, LA
346 AM CDT TUE JUL 22 2014


...................................

...THE LAFAYETTE CLIMATE SUMMARY FOR JULY 21 2014...

CLIMATE NORMAL PERIOD 1981 TO 2010
CLIMATE RECORD PERIOD 1893 TO 2014


WEATHER ITEM   OBSERVED TIME   RECORD YEAR NORMAL DEPARTURE LAST
                VALUE   (LST)  VALUE       VALUE  FROM      YEAR
                                                  NORMAL
..................................................................
TEMPERATURE (F)
 YESTERDAY
  MAXIMUM         91    327 PM 103    1924  92     -1       86
  MINIMUM         74    436 AM  65    1947  75     -1       75
                                      1923
  AVERAGE         83                        84     -1       81

PRECIPITATION (IN)
  YESTERDAY        0.00          1.84 1894   0.18  -0.18     0.04
  MONTH TO DATE    5.41                      4.58   0.83     3.37
  SINCE JUN 1     14.00                     11.66   2.34     6.53
  SINCE JAN 1     37.04                     34.28   2.76    38.65

DEGREE DAYS
 COOLING
  YESTERDAY       18                        19     -1       16
  MONTH TO DATE  348                       383    -35      344
  SINCE JUN 1    855                       881    -26      885
  SINCE JAN 1   1324                      1495   -171     1349
..................................................................


WIND (MPH)
  HIGHEST WIND SPEED    12   HIGHEST WIND DIRECTION    NE (30)
  HIGHEST GUST SPEED    14   HIGHEST GUST DIRECTION     N (10)
  AVERAGE WIND SPEED     3.2


SKY COVER
  POSSIBLE SUNSHINE  MM
  AVERAGE SKY COVER 0.4


WEATHER CONDITIONS
 THE FOLLOWING WEATHER WAS RECORDED YESTERDAY.
  FOG
  FOG W/VISIBILITY <= 1/4 MILE


RELATIVE HUMIDITY (PERCENT)
 HIGHEST   100           100 AM
 LOWEST     56           200 PM
 AVERAGE    78

..........................................................


THE LAFAYETTE CLIMATE NORMALS FOR TODAY
                         NORMAL    RECORD    YEAR
 MAXIMUM TEMPERATURE (F)   92       100      1924
 MINIMUM TEMPERATURE (F)   75        64      1921
                                             1915


SUNRISE AND SUNSET
JULY 22 2014..........SUNRISE   621 AM CDT   SUNSET   808 PM CDT
JULY 23 2014..........SUNRISE   621 AM CDT   SUNSET   807 PM CDT


-  INDICATES NEGATIVE NUMBERS.
R  INDICATES RECORD WAS SET OR TIED.
MM INDICATES DATA IS MISSING.
T  INDICATES TRACE AMOUNT.




$$
