000
CDUS44 KLCH 282208
CLILFT


CLIMATE REPORT
NATIONAL WEATHER SERVICE LAKE CHARLES, LA
508 PM CDT SAT MAR 28 2015


...................................

...THE LAFAYETTE CLIMATE SUMMARY FOR MARCH 28 2015...
VALID TODAY AS OF 0500 PM LOCAL TIME.

CLIMATE NORMAL PERIOD 1981 TO 2010
CLIMATE RECORD PERIOD 1893 TO 2015


WEATHER ITEM   OBSERVED TIME   RECORD YEAR NORMAL DEPARTURE LAST
                VALUE   (LST)  VALUE       VALUE  FROM      YEAR
                                                  NORMAL
..................................................................
TEMPERATURE (F)
 TODAY
  MAXIMUM         74    156 PM  87    1910  75     -1       82
  MINIMUM         48    643 AM  35    1937  54     -6       61
                                      1931
  AVERAGE         61                        65     -4       72

PRECIPITATION (IN)
  TODAY            0.00          2.73 2001   0.12  -0.12     0.86
  MONTH TO DATE    3.92                      3.45   0.47     2.85
  SINCE MAR 1      3.92                      3.45   0.47     2.85
  SINCE JAN 1     11.02                     13.57  -2.55    10.10

SNOWFALL (IN)
  TODAY            0.0           0.0    MM   0.0    0.0      0.0
  MONTH TO DATE    T                         0.0    0.0      0.0
  SINCE MAR 1      T                         0.0    0.0      0.0
  SINCE JUL 1      T                         T      0.0      0.8
  SNOW DEPTH       0

DEGREE DAYS
 HEATING
  TODAY            4                         3      1        0
  MONTH TO DATE   83                       141    -58      221
  SINCE MAR 1     83                       141    -58      221
  SINCE JUL 1   1526                      1371    155     1881

 COOLING
  TODAY            0                         3     -3        7
  MONTH TO DATE   75                        54     21       24
  SINCE MAR 1     75                        54     21       24
  SINCE JAN 1     80                        86     -6       38
..................................................................


WIND (MPH)
  HIGHEST WIND SPEED    16   HIGHEST WIND DIRECTION     S (200)
  HIGHEST GUST SPEED    22   HIGHEST GUST DIRECTION     S (200)
  AVERAGE WIND SPEED     4.9


SKY COVER
  POSSIBLE SUNSHINE  MM
  AVERAGE SKY COVER 0.0


WEATHER CONDITIONS
 THE FOLLOWING WEATHER WAS RECORDED TODAY.
  NO SIGNIFICANT WEATHER WAS OBSERVED.


RELATIVE HUMIDITY (PERCENT)
 HIGHEST    86           400 AM
 LOWEST     41           100 PM
 AVERAGE    64

..........................................................


THE LAFAYETTE CLIMATE NORMALS FOR TOMORROW
                         NORMAL    RECORD    YEAR
 MAXIMUM TEMPERATURE (F)   75        89      1909
 MINIMUM TEMPERATURE (F)   55        29      1955


SUNRISE AND SUNSET
MARCH 28 2015.........SUNRISE   702 AM CDT   SUNSET   724 PM CDT
MARCH 29 2015.........SUNRISE   701 AM CDT   SUNSET   725 PM CDT


-  INDICATES NEGATIVE NUMBERS.
R  INDICATES RECORD WAS SET OR TIED.
MM INDICATES DATA IS MISSING.
T  INDICATES TRACE AMOUNT.




$$
