000
CDUS44 KLCH 260902
CLILFT


CLIMATE REPORT
NATIONAL WEATHER SERVICE LAKE CHARLES, LA
401 AM CDT MON SEP 26 2016


...................................

...THE LAFAYETTE CLIMATE SUMMARY FOR SEPTEMBER 25 2016...

CLIMATE NORMAL PERIOD 1981 TO 2010
CLIMATE RECORD PERIOD 1893 TO 2016


WEATHER ITEM   OBSERVED TIME   RECORD YEAR NORMAL DEPARTURE LAST
                VALUE   (LST)  VALUE       VALUE  FROM      YEAR
                                                  NORMAL
..................................................................
TEMPERATURE (F)
 YESTERDAY
  MAXIMUM         90    109 PM  97    1921  87      3       90
                                      1912
  MINIMUM         72    457 AM  52    1928  67      5       69
                                      1914
                                      1909
  AVERAGE         81                        77      4       80

PRECIPITATION (IN)
  YESTERDAY        0.01          1.27 1941   0.16  -0.15     0.00
  MONTH TO DATE    2.82                      3.97  -1.15     3.18
  SINCE SEP 1      2.82                      3.97  -1.15     3.18
  SINCE JAN 1     67.91                     44.59  23.32    46.29

DEGREE DAYS
 HEATING
  YESTERDAY        0                         0      0        0
  MONTH TO DATE    0                         0      0        0
  SINCE SEP 1      0                         0      0        0
  SINCE JUL 1      0                         0      0        0

 COOLING
  YESTERDAY       16                        12      4       15
  MONTH TO DATE  461                       373     88      381
  SINCE SEP 1    461                       373     88      381
  SINCE JAN 1   2850                      2634    216     2807
..................................................................


WIND (MPH)
  HIGHEST WIND SPEED    15   HIGHEST WIND DIRECTION     S (190)
  HIGHEST GUST SPEED    20   HIGHEST GUST DIRECTION     S (170)
  AVERAGE WIND SPEED     3.4


SKY COVER
  POSSIBLE SUNSHINE  MM
  AVERAGE SKY COVER 0.2


WEATHER CONDITIONS
 THE FOLLOWING WEATHER WAS RECORDED YESTERDAY.
  NO SIGNIFICANT WEATHER WAS OBSERVED.


RELATIVE HUMIDITY (PERCENT)
 HIGHEST    94          1200 AM
 LOWEST     52           200 PM
 AVERAGE    73

..........................................................


THE LAFAYETTE CLIMATE NORMALS FOR TODAY
                         NORMAL    RECORD    YEAR
 MAXIMUM TEMPERATURE (F)   86        97      1931
 MINIMUM TEMPERATURE (F)   66        43      1899


SUNRISE AND SUNSET
SEPTEMBER 26 2016.....SUNRISE   659 AM CDT   SUNSET   659 PM CDT
SEPTEMBER 27 2016.....SUNRISE   659 AM CDT   SUNSET   658 PM CDT


-  INDICATES NEGATIVE NUMBERS.
R  INDICATES RECORD WAS SET OR TIED.
MM INDICATES DATA IS MISSING.
T  INDICATES TRACE AMOUNT.




$$
