364
CDUS44 KLCH 250823
CLILFT


CLIMATE REPORT
NATIONAL WEATHER SERVICE LAKE CHARLES, LA
322 AM CDT MON SEP 25 2017


...................................

...THE LAFAYETTE CLIMATE SUMMARY FOR SEPTEMBER 24 2017...

CLIMATE NORMAL PERIOD 1981 TO 2010
CLIMATE RECORD PERIOD 1893 TO 2017


WEATHER ITEM   OBSERVED TIME   RECORD YEAR NORMAL DEPARTURE LAST
                VALUE   (LST)  VALUE       VALUE  FROM      YEAR
                                                  NORMAL
..................................................................
TEMPERATURE (F)
 YESTERDAY
  MAXIMUM         91    321 PM  97    1931  87      4       92
  MINIMUM         70    626 AM  47    1897  67      3       72
  AVERAGE         81                        77      4       82

PRECIPITATION (IN)
  YESTERDAY        0.00          3.30 2005   0.14  -0.14     0.00
  MONTH TO DATE    0.33                      3.81  -3.48     2.81
  SINCE SEP 1      0.33                      3.81  -3.48     2.81
  SINCE JAN 1     53.17                     44.43   8.74    67.90

DEGREE DAYS
 HEATING
  YESTERDAY        0                         0      0        0
  MONTH TO DATE    0                         0      0        0
  SINCE SEP 1      0                         0      0        0
  SINCE JUL 1      0                         0      0        0

 COOLING
  YESTERDAY       16                        12      4       17
  MONTH TO DATE  348                       361    -13      445
  SINCE SEP 1    348                       361    -13      445
  SINCE JAN 1   2849                      2622    227     2834
..................................................................


WIND (MPH)
  HIGHEST WIND SPEED    13   HIGHEST WIND DIRECTION     S (160)
  HIGHEST GUST SPEED    17   HIGHEST GUST DIRECTION     S (160)
  AVERAGE WIND SPEED     3.8


SKY COVER
  POSSIBLE SUNSHINE  MM
  AVERAGE SKY COVER 0.1


WEATHER CONDITIONS
 THE FOLLOWING WEATHER WAS RECORDED YESTERDAY.
  NO SIGNIFICANT WEATHER WAS OBSERVED.


RELATIVE HUMIDITY (PERCENT)
 HIGHEST   100           200 AM
 LOWEST     50           300 PM
 AVERAGE    75

..........................................................


THE LAFAYETTE CLIMATE NORMALS FOR TODAY
                         NORMAL    RECORD    YEAR
 MAXIMUM TEMPERATURE (F)   87        97      1921
                                             1912
 MINIMUM TEMPERATURE (F)   67        52      1928
                                             1914
                                             1909


SUNRISE AND SUNSET
SEPTEMBER 25 2017.....SUNRISE   658 AM CDT   SUNSET   700 PM CDT
SEPTEMBER 26 2017.....SUNRISE   659 AM CDT   SUNSET   659 PM CDT


-  INDICATES NEGATIVE NUMBERS.
R  INDICATES RECORD WAS SET OR TIED.
MM INDICATES DATA IS MISSING.
T  INDICATES TRACE AMOUNT.




$$
