612
CDUS44 KLCH 282245
CLILFT


CLIMATE REPORT
NATIONAL WEATHER SERVICE LAKE CHARLES, LA
545 PM CDT SUN AUG 28 2016


...................................

...THE LAFAYETTE CLIMATE SUMMARY FOR AUGUST 28 2016...
VALID TODAY AS OF 0500 PM LOCAL TIME.

CLIMATE NORMAL PERIOD 1981 TO 2010
CLIMATE RECORD PERIOD 1893 TO 2016


WEATHER ITEM   OBSERVED TIME   RECORD YEAR NORMAL DEPARTURE LAST
                VALUE   (LST)  VALUE       VALUE  FROM      YEAR
                                                  NORMAL
..................................................................
TEMPERATURE (F)
 TODAY
  MAXIMUM         89   1109 AM 100    2011  92     -3       90
  MINIMUM         75    516 AM  61    1896  74      1       64
  AVERAGE         82                        83     -1       77

PRECIPITATION (IN)
  TODAY            0.05          4.32 1978   0.14  -0.09     0.00
  MONTH TO DATE   24.62                      4.17  20.45     2.87
  SINCE JUN 1     36.58                     17.55  19.03    12.51
  SINCE JAN 1     64.97                     40.17  24.80    43.11

DEGREE DAYS
 COOLING
  TODAY           17                        18     -1       12
  MONTH TO DATE  522                       526     -4      550
  SINCE JUN 1   1675                      1596     79     1691
  SINCE JAN 1   2332                      2210    122     2383
..................................................................


WIND (MPH)
  HIGHEST WIND SPEED    12   HIGHEST WIND DIRECTION     S (200)
  HIGHEST GUST SPEED    14   HIGHEST GUST DIRECTION     E (110)
  AVERAGE WIND SPEED     4.1


SKY COVER
  POSSIBLE SUNSHINE  MM
  AVERAGE SKY COVER 0.2


WEATHER CONDITIONS
 THE FOLLOWING WEATHER WAS RECORDED TODAY.
  THUNDERSTORM
  HEAVY RAIN
  LIGHT RAIN


RELATIVE HUMIDITY (PERCENT)
 HIGHEST    94          1200 AM
 LOWEST     68          1100 AM
 AVERAGE    81

..........................................................


THE LAFAYETTE CLIMATE NORMALS FOR TOMORROW
                         NORMAL    RECORD    YEAR
 MAXIMUM TEMPERATURE (F)   92        99      2011
 MINIMUM TEMPERATURE (F)   74        58      1906


SUNRISE AND SUNSET
AUGUST 28 2016........SUNRISE   643 AM CDT   SUNSET   735 PM CDT
AUGUST 29 2016........SUNRISE   643 AM CDT   SUNSET   733 PM CDT


-  INDICATES NEGATIVE NUMBERS.
R  INDICATES RECORD WAS SET OR TIED.
MM INDICATES DATA IS MISSING.
T  INDICATES TRACE AMOUNT.




$$
