000
CDUS44 KLCH 260813
CLILFT


CLIMATE REPORT
NATIONAL WEATHER SERVICE LAKE CHARLES, LA
312 AM CDT FRI MAY 26 2017


...................................

...THE LAFAYETTE CLIMATE SUMMARY FOR MAY 25 2017...

CLIMATE NORMAL PERIOD 1981 TO 2010
CLIMATE RECORD PERIOD 1893 TO 2017


WEATHER ITEM   OBSERVED TIME   RECORD YEAR NORMAL DEPARTURE LAST
                VALUE   (LST)  VALUE       VALUE  FROM      YEAR
                                                  NORMAL
..................................................................
TEMPERATURE (F)
 YESTERDAY
  MAXIMUM         83    344 PM  95    2010  88     -5       89
                                      1941
                                      1893
  MINIMUM         57    524 AM  52    1940  69    -12       75
  AVERAGE         70                        79     -9       82

PRECIPITATION (IN)
  YESTERDAY        0.00          1.44 1986   0.17  -0.17     0.00
  MONTH TO DATE    7.42                      3.74   3.68     5.21
  SINCE MAR 1     14.73                     11.46   3.27    17.76
  SINCE JAN 1     18.25                     21.58  -3.33    26.89

DEGREE DAYS
 COOLING
  YESTERDAY        5                        14     -9       17
  MONTH TO DATE  213                       275    -62      253
  SINCE MAR 1    659                       497    162      555
  SINCE JAN 1    843                       529    314      565
..................................................................


WIND (MPH)
  HIGHEST WIND SPEED    17   HIGHEST WIND DIRECTION    SW (210)
  HIGHEST GUST SPEED    22   HIGHEST GUST DIRECTION    SW (220)
  AVERAGE WIND SPEED     6.6


SKY COVER
  POSSIBLE SUNSHINE  MM
  AVERAGE SKY COVER 0.1


WEATHER CONDITIONS
 THE FOLLOWING WEATHER WAS RECORDED YESTERDAY.
  FOG


RELATIVE HUMIDITY (PERCENT)
 HIGHEST   100           200 AM
 LOWEST     47           400 PM
 AVERAGE    74

..........................................................


THE LAFAYETTE CLIMATE NORMALS FOR TODAY
                         NORMAL    RECORD    YEAR
 MAXIMUM TEMPERATURE (F)   88        97      1901
 MINIMUM TEMPERATURE (F)   69        50      1925


SUNRISE AND SUNSET
MAY 26 2017...........SUNRISE   609 AM CDT   SUNSET   802 PM CDT
MAY 27 2017...........SUNRISE   608 AM CDT   SUNSET   802 PM CDT


-  INDICATES NEGATIVE NUMBERS.
R  INDICATES RECORD WAS SET OR TIED.
MM INDICATES DATA IS MISSING.
T  INDICATES TRACE AMOUNT.




$$
