000
CDUS44 KLCH 260805
CLILFT


CLIMATE REPORT
NATIONAL WEATHER SERVICE LAKE CHARLES, LA
205 AM CST WED NOV 26 2014


...................................

...THE LAFAYETTE CLIMATE SUMMARY FOR NOVEMBER 25 2014...

CLIMATE NORMAL PERIOD 1981 TO 2010
CLIMATE RECORD PERIOD 1893 TO 2014


WEATHER ITEM   OBSERVED TIME   RECORD YEAR NORMAL DEPARTURE LAST
                VALUE   (LST)  VALUE       VALUE  FROM      YEAR
                                                  NORMAL
..................................................................
TEMPERATURE (F)
 YESTERDAY
  MAXIMUM         57   1153 AM  85    1921  69    -12       46
  MINIMUM         37   1159 PM  24    1938  48    -11       39
  AVERAGE         47                        59    -12       43

PRECIPITATION (IN)
  YESTERDAY        0.00          2.82 1944   0.15  -0.15     0.66
  MONTH TO DATE    2.65                      3.59  -0.94     0.97
  SINCE SEP 1     10.41                     13.54  -3.13    10.37
  SINCE JAN 1     56.50                     54.16   2.34    53.25

SNOWFALL (IN)
  YESTERDAY        0.0           0.0    MM   0.0    0.0     MM
  MONTH TO DATE    0.0                       0.0    0.0      0.0
  SINCE SEP 1      0.0                       0.0    0.0      0.0
  SINCE JUL 1      0.0                       0.0    0.0      0.0
  SNOW DEPTH       0

DEGREE DAYS
 HEATING
  YESTERDAY       18                         7     11       22
  MONTH TO DATE  255                       122    133      147
  SINCE SEP 1    260                       158    102      158
  SINCE JUL 1    260                       158    102      158
..................................................................


WIND (MPH)
  HIGHEST WIND SPEED    15   HIGHEST WIND DIRECTION     N (20)
  HIGHEST GUST SPEED    19   HIGHEST GUST DIRECTION     N (10)
  AVERAGE WIND SPEED     6.1


SKY COVER
  POSSIBLE SUNSHINE  MM
  AVERAGE SKY COVER 0.1


WEATHER CONDITIONS
 THE FOLLOWING WEATHER WAS RECORDED YESTERDAY.
  FOG


RELATIVE HUMIDITY (PERCENT)
 HIGHEST    93           900 PM
 LOWEST     35           300 PM
 AVERAGE    64

..........................................................


THE LAFAYETTE CLIMATE NORMALS FOR TODAY
                         NORMAL    RECORD    YEAR
 MAXIMUM TEMPERATURE (F)   69        84      1951
                                             1910
 MINIMUM TEMPERATURE (F)   48        29      1956
                                             1941


SUNRISE AND SUNSET
NOVEMBER 26 2014......SUNRISE   643 AM CST   SUNSET   508 PM CST
NOVEMBER 27 2014......SUNRISE   643 AM CST   SUNSET   508 PM CST


-  INDICATES NEGATIVE NUMBERS.
R  INDICATES RECORD WAS SET OR TIED.
MM INDICATES DATA IS MISSING.
T  INDICATES TRACE AMOUNT.




$$
