000
CDUS44 KLCH 292206
CLILFT


CLIMATE REPORT
NATIONAL WEATHER SERVICE LAKE CHARLES, LA
506 PM CDT WED MAR 29 2017


...................................

...THE LAFAYETTE CLIMATE SUMMARY FOR MARCH 29 2017...
VALID TODAY AS OF 0500 PM LOCAL TIME.

CLIMATE NORMAL PERIOD 1981 TO 2010
CLIMATE RECORD PERIOD 1893 TO 2017


WEATHER ITEM   OBSERVED TIME   RECORD YEAR NORMAL DEPARTURE LAST
                VALUE   (LST)  VALUE       VALUE  FROM      YEAR
                                                  NORMAL
..................................................................
TEMPERATURE (F)
 TODAY
  MAXIMUM         83    237 PM  89    1909  75      8       78
  MINIMUM         72    626 AM  29    1955  55     17       58
  AVERAGE         78                        65     13       68

PRECIPITATION (IN)
  TODAY            0.00          2.75 1995   0.11  -0.11      T
  MONTH TO DATE    1.22                      3.56  -2.34     5.30
  SINCE MAR 1      1.22                      3.56  -2.34     5.30
  SINCE JAN 1      4.74                     13.68  -8.94    14.43

SNOWFALL (IN)
  TODAY            0.0           0.0    MM   0.0    0.0      0.0
  MONTH TO DATE    0.0                       0.0    0.0      0.0
  SINCE MAR 1      0.0                       0.0    0.0      0.0
  SINCE JUL 1      0.0                       T      0.0      0.0
  SNOW DEPTH       0

DEGREE DAYS
 HEATING
  TODAY            0                         3     -3        0
  MONTH TO DATE   60                       144    -84       61
  SINCE MAR 1     60                       144    -84       61
  SINCE JUL 1    637                      1374   -737      979

 COOLING
  TODAY           13                         3     10        3
  MONTH TO DATE  151                        57     94       95
  SINCE MAR 1    151                        57     94       95
  SINCE JAN 1    335                        89    246      105
..................................................................


WIND (MPH)
  HIGHEST WIND SPEED    18   HIGHEST WIND DIRECTION     S (180)
  HIGHEST GUST SPEED    28   HIGHEST GUST DIRECTION     S (180)
  AVERAGE WIND SPEED     8.4


SKY COVER
  POSSIBLE SUNSHINE  MM
  AVERAGE SKY COVER 0.6


WEATHER CONDITIONS
 THE FOLLOWING WEATHER WAS RECORDED TODAY.
  NO SIGNIFICANT WEATHER WAS OBSERVED.


RELATIVE HUMIDITY (PERCENT)
 HIGHEST    87          1200 AM
 LOWEST     58          1100 AM
 AVERAGE    73

..........................................................


THE LAFAYETTE CLIMATE NORMALS FOR TOMORROW
                         NORMAL    RECORD    YEAR
 MAXIMUM TEMPERATURE (F)   76        90      1946
 MINIMUM TEMPERATURE (F)   55        34      1987


SUNRISE AND SUNSET
MARCH 29 2017.........SUNRISE   701 AM CDT   SUNSET   725 PM CDT
MARCH 30 2017.........SUNRISE   659 AM CDT   SUNSET   726 PM CDT


-  INDICATES NEGATIVE NUMBERS.
R  INDICATES RECORD WAS SET OR TIED.
MM INDICATES DATA IS MISSING.
T  INDICATES TRACE AMOUNT.




$$
