000
CDUS44 KLCH 260850
CLILFT


CLIMATE REPORT
NATIONAL WEATHER SERVICE LAKE CHARLES, LA
249 AM CST SUN FEB 26 2017


...................................

...THE LAFAYETTE CLIMATE SUMMARY FOR FEBRUARY 25 2017...

CLIMATE NORMAL PERIOD 1981 TO 2010
CLIMATE RECORD PERIOD 1893 TO 2017


WEATHER ITEM   OBSERVED TIME   RECORD YEAR NORMAL DEPARTURE LAST
                VALUE   (LST)  VALUE       VALUE  FROM      YEAR
                                                  NORMAL
..................................................................
TEMPERATURE (F)
 YESTERDAY
  MAXIMUM         70   1206 AM  82    1962  68      2       70
  MINIMUM         51   1159 PM  26    1914  49      2       40
  AVERAGE         61                        58      3       55

PRECIPITATION (IN)
  YESTERDAY        0.00          1.91 1993   0.14  -0.14     0.00
  MONTH TO DATE    0.12                      4.02  -3.90     4.46
  SINCE DEC 1     12.58                     15.27  -2.69    12.99
  SINCE JAN 1      3.49                      9.69  -6.20     9.13

SNOWFALL (IN)
  YESTERDAY        0.0           4.0  1914   0.0    0.0      0.0
  MONTH TO DATE    0.0                       0.0    0.0      0.0
  SINCE DEC 1      0.0                       0.0    0.0      0.0
  SINCE JUL 1      0.0                       0.0    0.0      0.0
  SNOW DEPTH       0

DEGREE DAYS
 HEATING
  YESTERDAY        4                         8     -4       10
  MONTH TO DATE   63                       253   -190      199
  SINCE DEC 1    487                      1010   -523      792
  SINCE JUL 1    573                      1209   -636      880
..................................................................


WIND (MPH)
  HIGHEST WIND SPEED    24   HIGHEST WIND DIRECTION     N (350)
  HIGHEST GUST SPEED    33   HIGHEST GUST DIRECTION    NW (320)
  AVERAGE WIND SPEED    10.5


SKY COVER
  POSSIBLE SUNSHINE  MM
  AVERAGE SKY COVER 0.1


WEATHER CONDITIONS
 THE FOLLOWING WEATHER WAS RECORDED YESTERDAY.
  NO SIGNIFICANT WEATHER WAS OBSERVED.


RELATIVE HUMIDITY (PERCENT)
 HIGHEST    73          1200 AM
 LOWEST     24           300 PM
 AVERAGE    49

..........................................................


THE LAFAYETTE CLIMATE NORMALS FOR TODAY
                         NORMAL    RECORD    YEAR
 MAXIMUM TEMPERATURE (F)   68        82      1962
 MINIMUM TEMPERATURE (F)   49        24      1914


SUNRISE AND SUNSET
FEBRUARY 26 2017......SUNRISE   637 AM CST   SUNSET   605 PM CST
FEBRUARY 27 2017......SUNRISE   636 AM CST   SUNSET   606 PM CST


-  INDICATES NEGATIVE NUMBERS.
R  INDICATES RECORD WAS SET OR TIED.
MM INDICATES DATA IS MISSING.
T  INDICATES TRACE AMOUNT.




$$
