000
CDUS44 KLCH 050834
CLILFT


CLIMATE REPORT
NATIONAL WEATHER SERVICE LAKE CHARLES, LA
334 AM CDT SAT SEP 5 2015


...................................

...THE LAFAYETTE CLIMATE SUMMARY FOR SEPTEMBER 4 2015...

CLIMATE NORMAL PERIOD 1981 TO 2010
CLIMATE RECORD PERIOD 1893 TO 2015


WEATHER ITEM   OBSERVED TIME   RECORD YEAR NORMAL DEPARTURE LAST
                VALUE   (LST)  VALUE       VALUE  FROM      YEAR
                                                  NORMAL
..................................................................
TEMPERATURE (F)
 YESTERDAY
  MAXIMUM         88   1028 AM 101    2000  91     -3       92
  MINIMUM         74    300 AM  56    1952  73      1       73
  AVERAGE         81                        82     -1       83

PRECIPITATION (IN)
  YESTERDAY        0.30          3.40 1934   0.17   0.13     0.00
  MONTH TO DATE    0.84                      0.67   0.17     0.27
  SINCE SEP 1      0.84                      0.67   0.17     0.27
  SINCE JAN 1     43.95                     41.29   2.66    46.36

DEGREE DAYS
 HEATING
  YESTERDAY        0                         0      0        0
  MONTH TO DATE    0                         0      0        0
  SINCE SEP 1      0                         0      0        0
  SINCE JUL 1      0                         0      0        0

 COOLING
  YESTERDAY       16                        17     -1       18
  MONTH TO DATE   67                        69     -2       74
  SINCE SEP 1     67                        69     -2       74
  SINCE JAN 1   2493                      2330    163     2131
..................................................................


WIND (MPH)
  HIGHEST WIND SPEED    23   HIGHEST WIND DIRECTION     W (260)
  HIGHEST GUST SPEED    29   HIGHEST GUST DIRECTION     W (250)
  AVERAGE WIND SPEED     1.4


SKY COVER
  POSSIBLE SUNSHINE  MM
  AVERAGE SKY COVER 0.3


WEATHER CONDITIONS
 THE FOLLOWING WEATHER WAS RECORDED YESTERDAY.
  THUNDERSTORM
  HEAVY RAIN
  LIGHT RAIN
  FOG


RELATIVE HUMIDITY (PERCENT)
 HIGHEST   100           700 AM
 LOWEST     70          1000 AM
 AVERAGE    85

..........................................................


THE LAFAYETTE CLIMATE NORMALS FOR TODAY
                         NORMAL    RECORD    YEAR
 MAXIMUM TEMPERATURE (F)   91       100      2000
 MINIMUM TEMPERATURE (F)   73        56      1952
                                             1934


SUNRISE AND SUNSET
SEPTEMBER  5 2015.....SUNRISE   647 AM CDT   SUNSET   726 PM CDT
SEPTEMBER  6 2015.....SUNRISE   647 AM CDT   SUNSET   725 PM CDT


-  INDICATES NEGATIVE NUMBERS.
R  INDICATES RECORD WAS SET OR TIED.
MM INDICATES DATA IS MISSING.
T  INDICATES TRACE AMOUNT.




$$
