000
CDUS44 KLCH 282207
CLILFT


CLIMATE REPORT
NATIONAL WEATHER SERVICE LAKE CHARLES, LA
507 PM CDT THU MAY 28 2015


...................................

...THE LAFAYETTE CLIMATE SUMMARY FOR MAY 28 2015...
VALID TODAY AS OF 0500 PM LOCAL TIME.

CLIMATE NORMAL PERIOD 1981 TO 2010
CLIMATE RECORD PERIOD 1893 TO 2015


WEATHER ITEM   OBSERVED TIME   RECORD YEAR NORMAL DEPARTURE LAST
                VALUE   (LST)  VALUE       VALUE  FROM      YEAR
                                                  NORMAL
..................................................................
TEMPERATURE (F)
 TODAY
  MAXIMUM         90    216 PM  96    1998  89      1       83
                                      1953
                                      1896
  MINIMUM         69    542 AM  51    1901  70     -1       69
  AVERAGE         80                        79      1       76

PRECIPITATION (IN)
  TODAY            0.00          6.87 2014   0.17  -0.17     6.87
  MONTH TO DATE    5.41                      4.25   1.16     8.98
  SINCE MAR 1     20.45                     11.97   8.48    13.74
  SINCE JAN 1     27.55                     22.09   5.46    20.99

DEGREE DAYS
 COOLING
  TODAY           15                        14      1       11
  MONTH TO DATE  323                       317      6      248
  SINCE MAR 1    629                       539     90      414
  SINCE JAN 1    634                       571     63      428
..................................................................


WIND (MPH)
  HIGHEST WIND SPEED     7   HIGHEST WIND DIRECTION    NE (50)
  HIGHEST GUST SPEED     9   HIGHEST GUST DIRECTION     S (180)
  AVERAGE WIND SPEED     1.2


SKY COVER
  POSSIBLE SUNSHINE  MM
  AVERAGE SKY COVER 0.2


WEATHER CONDITIONS
 THE FOLLOWING WEATHER WAS RECORDED TODAY.
  FOG


RELATIVE HUMIDITY (PERCENT)
 HIGHEST   100           100 AM
 LOWEST     55           100 PM
 AVERAGE    78

..........................................................


THE LAFAYETTE CLIMATE NORMALS FOR TOMORROW
                         NORMAL    RECORD    YEAR
 MAXIMUM TEMPERATURE (F)   89        98      1896
 MINIMUM TEMPERATURE (F)   70        54      1934


SUNRISE AND SUNSET
MAY 28 2015...........SUNRISE   608 AM CDT   SUNSET   803 PM CDT
MAY 29 2015...........SUNRISE   608 AM CDT   SUNSET   803 PM CDT


-  INDICATES NEGATIVE NUMBERS.
R  INDICATES RECORD WAS SET OR TIED.
MM INDICATES DATA IS MISSING.
T  INDICATES TRACE AMOUNT.




$$
