000
CDUS41 KOKX 042142
CLILGA


CLIMATE REPORT
NATIONAL WEATHER SERVICE NEW YORK NY
441 PM EST WED MAR 4 2015


...................................

...THE LAGUARDIA NY CLIMATE SUMMARY FOR MARCH 4 2015...
VALID TODAY AS OF 0400 PM LOCAL TIME.

CLIMATE NORMAL PERIOD 1981 TO 2010
CLIMATE RECORD PERIOD 1945 TO 2015


WEATHER ITEM   OBSERVED TIME   RECORD YEAR NORMAL DEPARTURE LAST
                VALUE   (LST)  VALUE       VALUE  FROM      YEAR
                                                  NORMAL
..................................................................
TEMPERATURE (F)
 TODAY
  MAXIMUM         47    153 PM  69    1946  46      1       30
  MINIMUM         36    657 AM   7    1943  31      5       13
  AVERAGE         42                        39      3       22

PRECIPITATION (IN)
  TODAY            0.04          1.53 1977   0.11  -0.07     0.00
  MONTH TO DATE    1.24                      0.46   0.78     0.01
  SINCE MAR 1      1.24                      0.46   0.78     0.01
  SINCE JAN 1      8.32                      6.39   1.93     7.30

SNOWFALL (IN)
  TODAY            0.0           2.3  1971   0.2   -0.2      0.0
  MONTH TO DATE    4.5                       0.9    3.6      0.4
  SINCE OCT 1     41.0                      22.9   18.1     52.1
  SINCE JUL 1     41.0                      22.9   18.1     52.1
  SNOW DEPTH       4

DEGREE DAYS
 HEATING
  TODAY           23                        26     -3       43
  MONTH TO DATE  128                       106     22      146
  SINCE MAR 1    128                       106     22      146
  SINCE JUL 1   3850                      3535    315     3803

 COOLING
  TODAY            0                         0      0        0
  MONTH TO DATE    0                         0      0        0
  SINCE MAR 1      0                         0      0        0
  SINCE JAN 1      0                         0      0        0
..................................................................


WIND (MPH)
  HIGHEST WIND SPEED    16   HIGHEST WIND DIRECTION    SW (220)
  HIGHEST GUST SPEED    22   HIGHEST GUST DIRECTION    SW (240)
  AVERAGE WIND SPEED     8.0


SKY COVER
  AVERAGE SKY COVER 0.9


WEATHER CONDITIONS
 THE FOLLOWING WEATHER WAS RECORDED TODAY.
  LIGHT RAIN
  FOG
  HAZE


RELATIVE HUMIDITY (PERCENT)
 HIGHEST    92           700 AM
 LOWEST     70          1200 PM
 AVERAGE    81

..........................................................


THE LAGUARDIA NY CLIMATE NORMALS FOR TOMORROW
                         NORMAL    RECORD    YEAR
 MAXIMUM TEMPERATURE (F)   46        72      1976
 MINIMUM TEMPERATURE (F)   32         9      1948


SUNRISE AND SUNSET
MARCH  4 2015.........SUNRISE   625 AM EST   SUNSET   550 PM EST
MARCH  5 2015.........SUNRISE   624 AM EST   SUNSET   551 PM EST


-  INDICATES NEGATIVE NUMBERS.
R  INDICATES RECORD WAS SET OR TIED.
MM INDICATES DATA IS MISSING.
T  INDICATES TRACE AMOUNT.




$$
