000
CDUS41 KOKX 230621
CLILGA


CLIMATE REPORT
NATIONAL WEATHER SERVICE NEW YORK NY
220 AM EDT TUE SEP 23 2014


...................................

...THE LAGUARDIA NY CLIMATE SUMMARY FOR SEPTEMBER 22 2014...

CLIMATE NORMAL PERIOD 1981 TO 2010
CLIMATE RECORD PERIOD 1945 TO 2014


WEATHER ITEM   OBSERVED TIME   RECORD YEAR NORMAL DEPARTURE LAST
                VALUE   (LST)  VALUE       VALUE  FROM      YEAR
                                                  NORMAL
..................................................................
TEMPERATURE (F)
 YESTERDAY
  MAXIMUM         72    139 PM  93    1970  74     -2       68
  MINIMUM         57   1159 PM  47    1962  60     -3       55
  AVERAGE         65                        67     -2       62

PRECIPITATION (IN)
  YESTERDAY        T             1.00 1996   0.12  -0.12     0.53
  MONTH TO DATE    1.03                      2.69  -1.66     3.29
  SINCE SEP 1      1.03                      2.69  -1.66     3.29
  SINCE JAN 1     36.09                     32.94   3.15    30.63

SNOWFALL (IN)
  YESTERDAY        0.0          MM      MM   0.0    0.0      0.0
  MONTH TO DATE    0.0                       0.0    0.0      0.0
  SINCE OCT 1     52.4                      26.9   25.5     22.2
  SINCE JUL 1      0.0                       0.0    0.0      0.0
  SNOW DEPTH       0

DEGREE DAYS
 HEATING
  YESTERDAY        0                         2     -2        3
  MONTH TO DATE    8                        12     -4       18
  SINCE SEP 1      8                        12     -4       18
  SINCE JUL 1      8                        13     -5       18

 COOLING
  YESTERDAY        0                         4     -4        0
  MONTH TO DATE  147                       138      9      130
  SINCE SEP 1    147                       138      9      130
  SINCE JAN 1   1134                      1171    -37     1349
..................................................................


WIND (MPH)
  HIGHEST WIND SPEED    24   HIGHEST WIND DIRECTION    NW (320)
  HIGHEST GUST SPEED    30   HIGHEST GUST DIRECTION    NW (320)
  AVERAGE WIND SPEED    14.4


SKY COVER
  AVERAGE SKY COVER 0.5


WEATHER CONDITIONS
 THE FOLLOWING WEATHER WAS RECORDED YESTERDAY.
  LIGHT RAIN


RELATIVE HUMIDITY (PERCENT)
 HIGHEST    70           200 AM
 LOWEST     40           300 PM
 AVERAGE    55

..........................................................


THE LAGUARDIA NY CLIMATE NORMALS FOR TODAY
                         NORMAL    RECORD    YEAR
 MAXIMUM TEMPERATURE (F)   74        93      1970
 MINIMUM TEMPERATURE (F)   59        42      1947


SUNRISE AND SUNSET
SEPTEMBER 23 2014.....SUNRISE   644 AM EDT   SUNSET   651 PM EDT
SEPTEMBER 24 2014.....SUNRISE   645 AM EDT   SUNSET   649 PM EDT


-  INDICATES NEGATIVE NUMBERS.
R  INDICATES RECORD WAS SET OR TIED.
MM INDICATES DATA IS MISSING.
T  INDICATES TRACE AMOUNT.




$$
