000
CDUS41 KOKX 030624
CLILGA


CLIMATE REPORT
NATIONAL WEATHER SERVICE NEW YORK NY
224 AM EDT TUE MAY 3 2016


...................................

...THE LAGUARDIA NY CLIMATE SUMMARY FOR MAY 2 2016...

CLIMATE NORMAL PERIOD 1981 TO 2010
CLIMATE RECORD PERIOD 1945 TO 2016


WEATHER ITEM   OBSERVED TIME   RECORD YEAR NORMAL DEPARTURE LAST
                VALUE   (LST)  VALUE       VALUE  FROM      YEAR
                                                  NORMAL
..................................................................
TEMPERATURE (F)
 YESTERDAY
  MAXIMUM         62    516 PM  90    2010  67     -5       69
                                      2001
  MINIMUM         45    409 AM  40    1978  50     -5       48
                                      1963
                                      1941
  AVERAGE         54                        58     -4       59

PRECIPITATION (IN)
  YESTERDAY        0.04          0.83 1989   0.12  -0.08     0.00
  MONTH TO DATE    0.19                      0.22  -0.03     0.00
  SINCE MAR 1      3.11                      8.19  -5.08     6.36
  SINCE JAN 1     11.64                     14.12  -2.48    13.44

SNOWFALL (IN)
  YESTERDAY        0.0          MM      MM   0.0    0.0      0.0
  MONTH TO DATE    0.0                       0.0    0.0      0.0
  SINCE OCT 1     36.2                      26.9    9.3     53.8
  SINCE JUL 1     36.2                      26.9    9.3     53.8
  SNOW DEPTH       0

DEGREE DAYS
 HEATING
  YESTERDAY       11                         7      4        6
  MONTH TO DATE   27                        15     12       17
  SINCE MAR 1    876                      1100   -224     1195
  SINCE JUL 1   3538                      4529   -991     4917

 COOLING
  YESTERDAY        0                         1     -1        0
  MONTH TO DATE    0                         2     -2        0
  SINCE MAR 1     13                        10      3        2
  SINCE JAN 1     13                        10      3        2
..................................................................


WIND (MPH)
  HIGHEST WIND SPEED    10   HIGHEST WIND DIRECTION    SW (210)
  HIGHEST GUST SPEED    14   HIGHEST GUST DIRECTION     E (80)
  AVERAGE WIND SPEED     5.3


SKY COVER
  AVERAGE SKY COVER 0.9


WEATHER CONDITIONS
 THE FOLLOWING WEATHER WAS RECORDED YESTERDAY.
  RAIN
  LIGHT RAIN
  FOG
  HAZE


RELATIVE HUMIDITY (PERCENT)
 HIGHEST    93           600 AM
 LOWEST     64           300 PM
 AVERAGE    79

..........................................................


THE LAGUARDIA NY CLIMATE NORMALS FOR TODAY
                         NORMAL    RECORD    YEAR
 MAXIMUM TEMPERATURE (F)   67        90      2001
 MINIMUM TEMPERATURE (F)   50        40      1957


SUNRISE AND SUNSET
MAY  3 2016...........SUNRISE   551 AM EDT   SUNSET   754 PM EDT
MAY  4 2016...........SUNRISE   550 AM EDT   SUNSET   755 PM EDT


-  INDICATES NEGATIVE NUMBERS.
R  INDICATES RECORD WAS SET OR TIED.
MM INDICATES DATA IS MISSING.
T  INDICATES TRACE AMOUNT.




$$
