000
CDUS41 KOKX 210616
CLILGA


CLIMATE REPORT
NATIONAL WEATHER SERVICE NEW YORK NY
215 AM EDT MON APR 21 2014


...................................

...THE LAGUARDIA NY CLIMATE SUMMARY FOR APRIL 20 2014...

CLIMATE NORMAL PERIOD 1981 TO 2010
CLIMATE RECORD PERIOD 1948 TO 2014


WEATHER ITEM   OBSERVED TIME   RECORD YEAR NORMAL DEPARTURE LAST
                VALUE   (LST)  VALUE       VALUE  FROM      YEAR
                                                  NORMAL
..................................................................
TEMPERATURE (F)
 YESTERDAY
  MAXIMUM         55    203 PM  85    2005  63     -8       60
  MINIMUM         44   1159 PM  35    1953  46     -2       45
  AVERAGE         50                        54     -4       53

PRECIPITATION (IN)
  YESTERDAY        0.00          1.89 2009   0.13  -0.13     0.06
  MONTH TO DATE    2.18                      2.75  -0.57     1.12
  SINCE MAR 1      5.84                      6.72  -0.88     3.55
  SINCE JAN 1     13.13                     12.65   0.48     9.39

SNOWFALL (IN)
  YESTERDAY        0.0          MM      MM   0.0    0.0      0.0
  MONTH TO DATE    0.3                       0.5   -0.2      0.0
  SINCE OCT 1     52.4                      26.9   25.5     22.2
  SINCE JUL 1     52.4                      26.9   25.5     22.2
  SNOW DEPTH       0

DEGREE DAYS
 HEATING
  YESTERDAY       15                        11      4       12
  MONTH TO DATE  287                       285      2      259
  SINCE MAR 1   1145                       992    153     1011
  SINCE JUL 1   4802                      4421    381     4206

 COOLING
  YESTERDAY        0                         0      0        0
  MONTH TO DATE    0                         0      0        0
  SINCE MAR 1      0                         0      0        0
  SINCE JAN 1      0                         0      0        0
..................................................................


WIND (MPH)
  HIGHEST WIND SPEED    20   HIGHEST WIND DIRECTION    NE (50)
  HIGHEST GUST SPEED    30   HIGHEST GUST DIRECTION     S (170)
  AVERAGE WIND SPEED     9.2


SKY COVER
  AVERAGE SKY COVER 0.5


WEATHER CONDITIONS
 THE FOLLOWING WEATHER WAS RECORDED YESTERDAY.
  NO SIGNIFICANT WEATHER WAS OBSERVED.


RELATIVE HUMIDITY (PERCENT)
 HIGHEST    65           400 AM
 LOWEST     27           100 PM
 AVERAGE    46

..........................................................


THE LAGUARDIA NY CLIMATE NORMALS FOR TODAY
                         NORMAL    RECORD    YEAR
 MAXIMUM TEMPERATURE (F)   63        86      1957
 MINIMUM TEMPERATURE (F)   46        33      1956


SUNRISE AND SUNSET
APRIL 21 2014.........SUNRISE   608 AM EDT   SUNSET   741 PM EDT
APRIL 22 2014.........SUNRISE   606 AM EDT   SUNSET   742 PM EDT


-  INDICATES NEGATIVE NUMBERS.
R  INDICATES RECORD WAS SET OR TIED.
MM INDICATES DATA IS MISSING.
T  INDICATES TRACE AMOUNT.




$$
