000
CDUS41 KOKX 290617
CLILGA


CLIMATE REPORT
NATIONAL WEATHER SERVICE NEW YORK NY
117 AM EST MON DEC 29 2014


...................................

...THE LAGUARDIA NY CLIMATE SUMMARY FOR DECEMBER 28 2014...

CLIMATE NORMAL PERIOD 1981 TO 2010
CLIMATE RECORD PERIOD 1945 TO 2014


WEATHER ITEM   OBSERVED TIME   RECORD YEAR NORMAL DEPARTURE LAST
                VALUE   (LST)  VALUE       VALUE  FROM      YEAR
                                                  NORMAL
..................................................................
TEMPERATURE (F)
 YESTERDAY
  MAXIMUM         52    330 PM  65    2008  41     11       55
  MINIMUM         42   1159 PM  12    1952  29     13       36
  AVERAGE         47                        35     12       46

PRECIPITATION (IN)
  YESTERDAY        0.10          1.01 1967   0.10   0.00     0.00
                                      1959
  MONTH TO DATE    6.20                      3.26   2.94     3.26
  SINCE DEC 1      6.20                      3.26   2.94     3.26
  SINCE JAN 1     50.31                     44.43   5.88    37.09

SNOWFALL (IN)
  YESTERDAY        0.0           6.7  1990   0.2   -0.2      0.0
  MONTH TO DATE    1.3                       4.4   -3.1      7.6
  SINCE OCT 1      1.7                       4.7   -3.0      7.8
  SINCE JUL 1      1.7                       4.7   -3.0      7.8
  SNOW DEPTH       0

DEGREE DAYS
 HEATING
  YESTERDAY       18                        30    -12       19
  MONTH TO DATE  656                       738    -82      735
  SINCE DEC 1    656                       738    -82      735
  SINCE JUL 1   1410                      1513   -103     1517

 COOLING
  YESTERDAY        0                         0      0        0
  MONTH TO DATE    0                         0      0        0
  SINCE DEC 1      0                         0      0        0
  SINCE JAN 1   1192                      1214    -22     1402
..................................................................


WIND (MPH)
  HIGHEST WIND SPEED    18   HIGHEST WIND DIRECTION    NW (320)
  HIGHEST GUST SPEED    24   HIGHEST GUST DIRECTION    NW (330)
  AVERAGE WIND SPEED     9.2


SKY COVER
  AVERAGE SKY COVER 0.9


WEATHER CONDITIONS
 THE FOLLOWING WEATHER WAS RECORDED YESTERDAY.
  LIGHT RAIN
  FOG


RELATIVE HUMIDITY (PERCENT)
 HIGHEST    89          1000 AM
 LOWEST     56          1200 AM
 AVERAGE    73

..........................................................


THE LAGUARDIA NY CLIMATE NORMALS FOR TODAY
                         NORMAL    RECORD    YEAR
 MAXIMUM TEMPERATURE (F)   41        68      1984
 MINIMUM TEMPERATURE (F)   28        15      1993
                                             1943


SUNRISE AND SUNSET
DECEMBER 29 2014......SUNRISE   719 AM EST   SUNSET   436 PM EST
DECEMBER 30 2014......SUNRISE   719 AM EST   SUNSET   437 PM EST


-  INDICATES NEGATIVE NUMBERS.
R  INDICATES RECORD WAS SET OR TIED.
MM INDICATES DATA IS MISSING.
T  INDICATES TRACE AMOUNT.




$$
