563
CDUS41 KOKX 090622
CLILGA


CLIMATE REPORT
NATIONAL WEATHER SERVICE NEW YORK NY
122 AM EST TUE FEB 9 2016


...................................

...THE LAGUARDIA NY CLIMATE SUMMARY FOR FEBRUARY 8 2016...

CLIMATE NORMAL PERIOD 1981 TO 2010
CLIMATE RECORD PERIOD 1945 TO 2016


WEATHER ITEM   OBSERVED TIME   RECORD YEAR NORMAL DEPARTURE LAST
                VALUE   (LST)  VALUE       VALUE  FROM      YEAR
                                                  NORMAL
..................................................................
TEMPERATURE (F)
 YESTERDAY
  MAXIMUM         41    628 AM  60    1965  41      0       36
  MINIMUM         28   1159 PM  -2    1963  28      0       30
  AVERAGE         35                        34      1       33

PRECIPITATION (IN)
  YESTERDAY        0.06          0.80 1994   0.10  -0.04     0.00
  MONTH TO DATE    1.11                      0.77   0.34     1.13
  SINCE DEC 1      9.61                      7.50   2.11    12.31
  SINCE JAN 1      5.28                      3.94   1.34     6.11

SNOWFALL (IN)
  YESTERDAY        1.0           9.2  1994   0.4    0.6      0.0
  MONTH TO DATE    3.4                       2.6    0.8      6.7
  SINCE OCT 1     32.2                      15.5   16.7     28.1
  SINCE JUL 1     32.2                      15.5   16.7     28.1
  SNOW DEPTH       0

DEGREE DAYS
 HEATING
  YESTERDAY       30                        31     -1       32
  MONTH TO DATE  174                       250    -76      304
  SINCE DEC 1   1509                      2074   -565     2136
  SINCE JUL 1   2071                      2849   -778     2890

 COOLING
  YESTERDAY        0                         0      0        0
  MONTH TO DATE    0                         0      0        0
  SINCE DEC 1      1                         0      1        0
  SINCE JAN 1      0                         0      0        0
..................................................................


WIND (MPH)
  HIGHEST WIND SPEED    24   HIGHEST WIND DIRECTION    NE (40)
  HIGHEST GUST SPEED    31   HIGHEST GUST DIRECTION    NE (50)
  AVERAGE WIND SPEED    14.4


SKY COVER
  AVERAGE SKY COVER 1.0


WEATHER CONDITIONS
 THE FOLLOWING WEATHER WAS RECORDED YESTERDAY.
  LT FREEZING RAIN
  HEAVY SNOW
  SNOW
  LIGHT SNOW
  FOG
  FOG W/VISIBILITY <= 1/4 MILE
  HAZE


RELATIVE HUMIDITY (PERCENT)
 HIGHEST    85          1100 AM
 LOWEST     50           200 AM
 AVERAGE    68

..........................................................


THE LAGUARDIA NY CLIMATE NORMALS FOR TODAY
                         NORMAL    RECORD    YEAR
 MAXIMUM TEMPERATURE (F)   41        62      1990
 MINIMUM TEMPERATURE (F)   28         7      1979


SUNRISE AND SUNSET
FEBRUARY  9 2016......SUNRISE   658 AM EST   SUNSET   522 PM EST
FEBRUARY 10 2016......SUNRISE   656 AM EST   SUNSET   524 PM EST


-  INDICATES NEGATIVE NUMBERS.
R  INDICATES RECORD WAS SET OR TIED.
MM INDICATES DATA IS MISSING.
T  INDICATES TRACE AMOUNT.




$$
