000
CDUS46 KLOX 110906
CLILGB


CLIMATE REPORT
NATIONAL WEATHER SERVICE LOS ANGELES/OXNARD CA
106 AM PST THU FEB 11 2016


...................................

...THE LONG BEACH AIRPORT CA CLIMATE SUMMARY FOR FEBRUARY 10 2016...

CLIMATE NORMAL PERIOD 1981 TO 2010
CLIMATE RECORD PERIOD 1958 TO 2016


WEATHER ITEM   OBSERVED TIME   RECORD YEAR NORMAL DEPARTURE LAST
                VALUE   (LST)  VALUE       VALUE  FROM      YEAR
                                                  NORMAL
..................................................................
TEMPERATURE (F)
 YESTERDAY
  MAXIMUM         85    128 PM  89    1988  67     18       78
  MINIMUM         54    712 AM  36    1965  48      6       50
  AVERAGE         70                        57     13       64

PRECIPITATION (IN)
  YESTERDAY        0.00          2.37 1963   0.11  -0.11     0.00
  MONTH TO DATE    0.00                      1.00  -1.00      T
  SINCE OCT 1      3.29                      7.18  -3.89     6.13
  SINCE JAN 1      2.29                      3.60  -1.31     0.87

SNOWFALL (IN)
  YESTERDAY        0.0
  MONTH TO DATE    0.0
  SINCE DEC 1      0.0
  SINCE JUL 1      0.0

DEGREE DAYS
 HEATING
  YESTERDAY        0                         8     -8        1
  MONTH TO DATE   54                        80    -26       19
  SINCE DEC 1    520                       610    -90      333
  SINCE JUL 1    612                       759   -147      369

 COOLING
  YESTERDAY        5                         0      5        0
  MONTH TO DATE   22                         0     22        5
  SINCE DEC 1     28                         4     24       18
  SINCE JAN 1     22                         3     19       13
..................................................................


WIND (MPH)
  HIGHEST WIND SPEED    14   HIGHEST WIND DIRECTION    NW (300)
  HIGHEST GUST SPEED    16   HIGHEST GUST DIRECTION    NW (300)
  AVERAGE WIND SPEED     2.7


SKY COVER
  POSSIBLE SUNSHINE  MM
  AVERAGE SKY COVER 0.0


WEATHER CONDITIONS
 THE FOLLOWING WEATHER WAS RECORDED YESTERDAY.
  HAZE


RELATIVE HUMIDITY (PERCENT)
 HIGHEST    57          1200 AM
 LOWEST     17           100 PM
 AVERAGE    37

..........................................................


THE LONG BEACH AIRPORT CA CLIMATE NORMALS FOR TODAY
                         NORMAL    RECORD    YEAR
 MAXIMUM TEMPERATURE (F)   67        87      2015
 MINIMUM TEMPERATURE (F)   48        34      1965


SUNRISE AND SUNSET
FEBRUARY 11 2016......SUNRISE   641 AM PST   SUNSET   533 PM PST
FEBRUARY 12 2016......SUNRISE   640 AM PST   SUNSET   534 PM PST


-  INDICATES NEGATIVE NUMBERS.
R  INDICATES RECORD WAS SET OR TIED.
MM INDICATES DATA IS MISSING.
T  INDICATES TRACE AMOUNT.




$$
