000
CDUS46 KLOX 120111
CLILGB


CLIMATE REPORT
NATIONAL WEATHER SERVICE LOS ANGELES/OXNARD CA
511 PM PST MON DEC 11 2017


...................................

...THE LONG BEACH AIRPORT CA CLIMATE SUMMARY FOR DECEMBER 11 2017...
VALID TODAY AS OF 0500 PM LOCAL TIME.

CLIMATE NORMAL PERIOD 1981 TO 2010
CLIMATE RECORD PERIOD 1958 TO 2017


WEATHER ITEM   OBSERVED TIME   RECORD YEAR NORMAL DEPARTURE LAST
                VALUE   (LST)  VALUE       VALUE  FROM      YEAR
                                                  NORMAL
..................................................................
TEMPERATURE (F)
 TODAY
  MAXIMUM         85R  1251 PM  84    1958  67     18       64
  MINIMUM         55    634 AM  34    1972  46      9       60
  AVERAGE         70                        56     14       62

PRECIPITATION (IN)
  TODAY            0.00          1.14 1996   0.05  -0.05     0.00
  MONTH TO DATE    0.00                      0.58  -0.58     0.00
  SINCE OCT 1      0.07                      2.21  -2.14     1.61
  SINCE JAN 1     14.97                     10.89   4.08     5.60

SNOWFALL (IN)
  TODAY            0.0
  MONTH TO DATE    0.0
  SINCE DEC 1      0.0
  SINCE JUL 1      0.0

DEGREE DAYS
 HEATING
  TODAY            0                         9     -9        3
  MONTH TO DATE   25                        90    -65       79
  SINCE DEC 1     25                        90    -65       79
  SINCE JUL 1     49                       239   -190      159

 COOLING
  TODAY            5                         0      5        0
  MONTH TO DATE   13                         0     13        0
  SINCE DEC 1     13                         0     13        0
  SINCE JAN 1   1542                      1125    417     1446
..................................................................


WIND (MPH)
  HIGHEST WIND SPEED    13   HIGHEST WIND DIRECTION    NW (300)
  HIGHEST GUST SPEED    17   HIGHEST GUST DIRECTION    NW (300)
  AVERAGE WIND SPEED     4.6


SKY COVER
  POSSIBLE SUNSHINE  MM
  AVERAGE SKY COVER 0.0


WEATHER CONDITIONS
 THE FOLLOWING WEATHER WAS RECORDED TODAY.
  NO SIGNIFICANT WEATHER WAS OBSERVED.


RELATIVE HUMIDITY (PERCENT)
 HIGHEST    27           100 AM
 LOWEST      6           300 PM
 AVERAGE    17

..........................................................


THE LONG BEACH AIRPORT CA CLIMATE NORMALS FOR TOMORROW
                         NORMAL    RECORD    YEAR
 MAXIMUM TEMPERATURE (F)   67        87      2010
 MINIMUM TEMPERATURE (F)   46        32      1972


SUNRISE AND SUNSET
DECEMBER 11 2017......SUNRISE   648 AM PST   SUNSET   444 PM PST
DECEMBER 12 2017......SUNRISE   648 AM PST   SUNSET   445 PM PST


-  INDICATES NEGATIVE NUMBERS.
R  INDICATES RECORD WAS SET OR TIED.
MM INDICATES DATA IS MISSING.
T  INDICATES TRACE AMOUNT.




$$
