000
CDUS46 KLOX 010113
CLILGB


CLIMATE REPORT
NATIONAL WEATHER SERVICE LOS ANGELES/OXNARD CA
613 PM PDT SAT APR 30 2016


...................................

...THE LONG BEACH AIRPORT CA CLIMATE SUMMARY FOR APRIL 30 2016...
VALID TODAY AS OF 0600 PM LOCAL TIME.

CLIMATE NORMAL PERIOD 1981 TO 2010
CLIMATE RECORD PERIOD 1958 TO 2016


WEATHER ITEM   OBSERVED TIME   RECORD YEAR NORMAL DEPARTURE LAST
                VALUE   (LST)  VALUE       VALUE  FROM      YEAR
                                                  NORMAL
..................................................................
TEMPERATURE (F)
 TODAY
  MAXIMUM         71    322 PM  93    2014  73     -2       89
  MINIMUM         55    650 AM  42    1967  55      0       60
  AVERAGE         63                        64     -1       75

PRECIPITATION (IN)
  TODAY            0.03          0.12 1983   0.01   0.02     0.00
  MONTH TO DATE    0.11                      0.60  -0.49     0.22
  SINCE OCT 1      4.93                     11.74  -6.81     7.08
  SINCE JAN 1      3.93                      8.16  -4.23     1.82

SNOWFALL (IN)
  TODAY            0.0
  MONTH TO DATE    0.0
  SINCE MAR 1      0.0
  SINCE JUL 1      0.0

DEGREE DAYS
 HEATING
  TODAY            2                         2      0        0
  MONTH TO DATE   34                       106    -72       36
  SINCE MAR 1    134                       285   -151       78
  SINCE JUL 1    777                      1176   -399      501

 COOLING
  TODAY            0                         2     -2       10
  MONTH TO DATE   62                        29     33       72
  SINCE MAR 1     69                        39     30      190
  SINCE JAN 1    116                        47     69      227
..................................................................


WIND (MPH)
  HIGHEST WIND SPEED    16   HIGHEST WIND DIRECTION    NW (300)
  HIGHEST GUST SPEED    21   HIGHEST GUST DIRECTION    NW (310)
  AVERAGE WIND SPEED     6.0


SKY COVER
  POSSIBLE SUNSHINE  MM
  AVERAGE SKY COVER 0.6


WEATHER CONDITIONS
 THE FOLLOWING WEATHER WAS RECORDED TODAY.
  LIGHT RAIN
  FOG


RELATIVE HUMIDITY (PERCENT)
 HIGHEST    80          1200 AM
 LOWEST     44           300 PM
 AVERAGE    62

..........................................................


THE LONG BEACH AIRPORT CA CLIMATE NORMALS FOR TOMORROW
                         NORMAL    RECORD    YEAR
 MAXIMUM TEMPERATURE (F)   73        94      2014
 MINIMUM TEMPERATURE (F)   56        42      1967


SUNRISE AND SUNSET
APRIL 30 2016.........SUNRISE   604 AM PDT   SUNSET   736 PM PDT
MAY  1 2016...........SUNRISE   603 AM PDT   SUNSET   737 PM PDT


-  INDICATES NEGATIVE NUMBERS.
R  INDICATES RECORD WAS SET OR TIED.
MM INDICATES DATA IS MISSING.
T  INDICATES TRACE AMOUNT.




$$
