000
CDUS46 KLOX 300130
CLILGB


CLIMATE REPORT
NATIONAL WEATHER SERVICE LOS ANGELES/OXNARD CA
630 PM PDT SUN MAY 29 2016


...................................

...THE LONG BEACH AIRPORT CA CLIMATE SUMMARY FOR MAY 29 2016...
VALID TODAY AS OF 0600 PM LOCAL TIME.

CLIMATE NORMAL PERIOD 1981 TO 2010
CLIMATE RECORD PERIOD 1958 TO 2016


WEATHER ITEM   OBSERVED TIME   RECORD YEAR NORMAL DEPARTURE LAST
                VALUE   (LST)  VALUE       VALUE  FROM      YEAR
                                                  NORMAL
..................................................................
TEMPERATURE (F)
 TODAY
  MAXIMUM         71    330 PM  99    1978  74     -3       75
  MINIMUM         61    437 AM  50    1964  59      2       60
  AVERAGE         66                        66      0       68

PRECIPITATION (IN)
  TODAY            0.00          0.04 2011   0.00   0.00     0.00
  MONTH TO DATE    0.05                      0.20  -0.15     0.77
  SINCE OCT 1      4.98                     11.94  -6.96     7.85
  SINCE JAN 1      3.98                      8.36  -4.38     2.59

SNOWFALL (IN)
  TODAY            0.0
  MONTH TO DATE    0.0
  SINCE MAR 1      0.0
  SINCE JUL 1      0.0

DEGREE DAYS
 HEATING
  TODAY            0                         1     -1        0
  MONTH TO DATE   17                        38    -21       33
  SINCE MAR 1    151                       323   -172      111
  SINCE JUL 1    794                      1214   -420      534

 COOLING
  TODAY            1                         2     -1        3
  MONTH TO DATE   20                        58    -38       26
  SINCE MAR 1     89                        97     -8      216
  SINCE JAN 1    136                       105     31      253
..................................................................


WIND (MPH)
  HIGHEST WIND SPEED    13   HIGHEST WIND DIRECTION     W (280)
  HIGHEST GUST SPEED    19   HIGHEST GUST DIRECTION     S (200)
  AVERAGE WIND SPEED     5.1


SKY COVER
  POSSIBLE SUNSHINE  MM
  AVERAGE SKY COVER 0.9


WEATHER CONDITIONS
 THE FOLLOWING WEATHER WAS RECORDED TODAY.
  NO SIGNIFICANT WEATHER WAS OBSERVED.


RELATIVE HUMIDITY (PERCENT)
 HIGHEST    84           200 AM
 LOWEST     53           200 PM
 AVERAGE    69

..........................................................


THE LONG BEACH AIRPORT CA CLIMATE NORMALS FOR TOMORROW
                         NORMAL    RECORD    YEAR
 MAXIMUM TEMPERATURE (F)   74        88      1972
 MINIMUM TEMPERATURE (F)   59        51      1961


SUNRISE AND SUNSET
MAY 29 2016...........SUNRISE   544 AM PDT   SUNSET   757 PM PDT
MAY 30 2016...........SUNRISE   543 AM PDT   SUNSET   757 PM PDT


-  INDICATES NEGATIVE NUMBERS.
R  INDICATES RECORD WAS SET OR TIED.
MM INDICATES DATA IS MISSING.
T  INDICATES TRACE AMOUNT.




$$
