826
CDHW41 PHFO 270314
CLILIH


CLIMATE REPORT
NATIONAL WEATHER SERVICE HONOLULU HI
508 PM HST TUE JUL 26 2016


...................................

...THE LIHUE HI CLIMATE SUMMARY FOR JULY 26 2016...
VALID TODAY AS OF 0500 PM LOCAL TIME.

CLIMATE NORMAL PERIOD 1981 TO 2010
CLIMATE RECORD PERIOD 1946 TO 2016


WEATHER ITEM   OBSERVED TIME   RECORD YEAR NORMAL DEPARTURE LAST
                VALUE   (LST)  VALUE       VALUE  FROM      YEAR
                                                  NORMAL
..................................................................
TEMPERATURE (F)
 TODAY
  MAXIMUM         85    127 PM  88    1982  84      1       86
                                      1957
  MINIMUM         77    301 PM  67    1961  74      3       72
  AVERAGE         81                        79      2       79

PRECIPITATION (IN)
  TODAY            T             0.46 1974   0.06  -0.06     0.00
  MONTH TO DATE    1.43                      1.52  -0.09     0.42
  SINCE JUN 1      2.51                      3.13  -0.62     1.40
  SINCE JAN 1      8.95                     18.97 -10.02     7.29

SNOWFALL (IN)
  TODAY            0.0
  MONTH TO DATE    0.0
  SINCE JUN 1      0.0
  SINCE JUL 1      0.0
  SNOW DEPTH       0

DEGREE DAYS
 HEATING
  TODAY            0                         0      0        0
  MONTH TO DATE    0                         0      0        0
  SINCE JUN 1      0                         0      0        0
  SINCE JUL 1      0                         0      0        0

 COOLING
  TODAY           16                        14      2       14
  MONTH TO DATE  338                       364    -26      361
  SINCE JUN 1    683                       758    -75      770
  SINCE JAN 1   2085                      1997     88     2189
..................................................................


WIND (MPH)
  HIGHEST WIND SPEED    16   HIGHEST WIND DIRECTION     E (80)
  HIGHEST GUST SPEED    19   HIGHEST GUST DIRECTION     E (70)
  AVERAGE WIND SPEED     9.3


SKY COVER
  POSSIBLE SUNSHINE  MM
  AVERAGE SKY COVER 0.7


WEATHER CONDITIONS
 THE FOLLOWING WEATHER WAS RECORDED TODAY.
  LIGHT RAIN
  FOG
  HAZE


RELATIVE HUMIDITY (PERCENT)
 HIGHEST    91          1200 AM
 LOWEST     70           100 PM
 AVERAGE    81

..........................................................


THE LIHUE HI CLIMATE NORMALS FOR TOMORROW
                         NORMAL    RECORD    YEAR
 MAXIMUM TEMPERATURE (F)   84        88      1981
                                             1969
 MINIMUM TEMPERATURE (F)   74        67      1955


SUNRISE AND SUNSET
JULY 26 2016..........SUNRISE   608 AM HST   SUNSET   720 PM HST
JULY 27 2016..........SUNRISE   608 AM HST   SUNSET   719 PM HST


-  INDICATES NEGATIVE NUMBERS.
R  INDICATES RECORD WAS SET OR TIED.
MM INDICATES DATA IS MISSING.
T  INDICATES TRACE AMOUNT.




$$
