000
CDHW41 PHFO 221245
CLILIH


CLIMATE REPORT
NATIONAL WEATHER SERVICE HONOLULU HI
245 AM HST TUE AUG 22 2017


...................................

...THE LIHUE HI CLIMATE SUMMARY FOR AUGUST 21 2017...

CLIMATE NORMAL PERIOD 1981 TO 2010
CLIMATE RECORD PERIOD 1946 TO 2017


WEATHER ITEM   OBSERVED TIME   RECORD YEAR NORMAL DEPARTURE LAST
                VALUE   (LST)  VALUE       VALUE  FROM      YEAR
                                                  NORMAL
..................................................................
TEMPERATURE (F)
 YESTERDAY
  MAXIMUM         88   1253 PM  90    1987  85      3       86
  MINIMUM         72    316 PM  67    1959  75     -3       73
  AVERAGE         80                        80      0       80

PRECIPITATION (IN)
  YESTERDAY        1.09          1.41 1989   0.07   1.02      T
  MONTH TO DATE    1.46                      1.51  -0.05     0.98
  SINCE JUN 1      3.11                      4.99  -1.88     3.76
  SINCE JAN 1     17.67                     20.83  -3.16    10.20

SNOWFALL (IN)
  YESTERDAY        0.0
  MONTH TO DATE    0.0
  SINCE JUN 1      0.0
  SINCE JUL 1      0.0
  SNOW DEPTH      MM

DEGREE DAYS
 HEATING
  YESTERDAY        0                         0      0        0
  MONTH TO DATE    0                         0      0        0
  SINCE JUN 1      0                         0      0        0
  SINCE JUL 1      0                         0      0        0

 COOLING
  YESTERDAY       15                        15      0       15
  MONTH TO DATE  377                       314     63      326
  SINCE JUN 1   1227                      1147     80     1090
  SINCE JAN 1   2695                      2386    309     2492
..................................................................


WIND (MPH)
  HIGHEST WIND SPEED    31   HIGHEST WIND DIRECTION    NW (320)
  HIGHEST GUST SPEED    39   HIGHEST GUST DIRECTION     N (10)
  AVERAGE WIND SPEED    11.6


SKY COVER
  POSSIBLE SUNSHINE  MM
  AVERAGE SKY COVER  MM


WEATHER CONDITIONS
 THE FOLLOWING WEATHER WAS RECORDED YESTERDAY.
  THUNDERSTORM
  FOG


RELATIVE HUMIDITY (PERCENT)
 HIGHEST    MM
 LOWEST     MM
 AVERAGE    MM

..........................................................


THE LIHUE HI CLIMATE NORMALS FOR TODAY
                         NORMAL    RECORD    YEAR
 MAXIMUM TEMPERATURE (F)   85        90      1981
 MINIMUM TEMPERATURE (F)   75        69      2005
                                             1959


SUNRISE AND SUNSET
AUGUST 22 2017........SUNRISE   618 AM HST   SUNSET   702 PM HST
AUGUST 23 2017........SUNRISE   618 AM HST   SUNSET   702 PM HST


-  INDICATES NEGATIVE NUMBERS.
R  INDICATES RECORD WAS SET OR TIED.
MM INDICATES DATA IS MISSING.
T  INDICATES TRACE AMOUNT.




$$
