109
CDHW41 PHFO 010249
CLILIH


CLIMATE REPORT
NATIONAL WEATHER SERVICE HONOLULU HI
449 PM HST SUN APR 30 2017


...................................

...THE LIHUE HI CLIMATE SUMMARY FOR APRIL 30 2017...
VALID TODAY AS OF 0400 PM LOCAL TIME.

CLIMATE NORMAL PERIOD 1981 TO 2010
CLIMATE RECORD PERIOD 1946 TO 2017


WEATHER ITEM   OBSERVED TIME   RECORD YEAR NORMAL DEPARTURE LAST
                VALUE   (LST)  VALUE       VALUE  FROM      YEAR
                                                  NORMAL
..................................................................
TEMPERATURE (F)
 TODAY
  MAXIMUM         78    121 PM  86    2016  80     -2       86
  MINIMUM         61    508 AM  59    1954  69     -8       74
  AVERAGE         70                        75     -5       80

PRECIPITATION (IN)
  TODAY            0.00          0.88 1966   0.07  -0.07     0.04
  MONTH TO DATE    2.38                      2.25   0.13     0.84
  SINCE MAR 1      6.49                      6.86  -0.37     3.46
  SINCE JAN 1     12.97                     13.77  -0.80     4.63

SNOWFALL (IN)
  TODAY            0.0
  MONTH TO DATE    0.0
  SINCE MAR 1      0.0
  SINCE JUL 1      0.0
  SNOW DEPTH      MM

DEGREE DAYS
 HEATING
  TODAY            0                         0      0        0
  MONTH TO DATE    0                         0      0        0
  SINCE MAR 1      0                         0      0        0
  SINCE JUL 1      0                         0      0        0

 COOLING
  TODAY            5                        10     -5       15
  MONTH TO DATE  341                       270     71      333
  SINCE MAR 1    621                       509    112      568
  SINCE JAN 1   1062                       904    158     1023
..................................................................


WIND (MPH)
  HIGHEST WIND SPEED    25   HIGHEST WIND DIRECTION    NE (40)
  HIGHEST GUST SPEED    29   HIGHEST GUST DIRECTION    NE (40)
  AVERAGE WIND SPEED    MM


SKY COVER
  POSSIBLE SUNSHINE  MM
  AVERAGE SKY COVER  MM


WEATHER CONDITIONS
 THE FOLLOWING WEATHER WAS RECORDED TODAY.
  NO SIGNIFICANT WEATHER WAS OBSERVED.


RELATIVE HUMIDITY (PERCENT)
 HIGHEST    MM
 LOWEST     MM
 AVERAGE    MM

..........................................................


THE LIHUE HI CLIMATE NORMALS FOR TOMORROW
                         NORMAL    RECORD    YEAR
 MAXIMUM TEMPERATURE (F)   80        85      2016
 MINIMUM TEMPERATURE (F)   69        58      1996


SUNRISE AND SUNSET
APRIL 30 2017.........SUNRISE   606 AM HST   SUNSET   703 PM HST
MAY  1 2017...........SUNRISE   605 AM HST   SUNSET   704 PM HST


-  INDICATES NEGATIVE NUMBERS.
R  INDICATES RECORD WAS SET OR TIED.
MM INDICATES DATA IS MISSING.
T  INDICATES TRACE AMOUNT.




$$
