000
CDHW41 PHFO 241245
CLILIH


CLIMATE REPORT
NATIONAL WEATHER SERVICE HONOLULU HI
245 AM HST MON NOV 24 2014


...................................

...THE LIHUE HI CLIMATE SUMMARY FOR NOVEMBER 23 2014...

CLIMATE NORMAL PERIOD 1981 TO 2010
CLIMATE RECORD PERIOD 1946 TO 2014


WEATHER ITEM   OBSERVED TIME   RECORD YEAR NORMAL DEPARTURE LAST
                VALUE   (LST)  VALUE       VALUE  FROM      YEAR
                                                  NORMAL
..................................................................
TEMPERATURE (F)
 YESTERDAY
  MAXIMUM         84    132 PM  85    1977  80      4       79
                                      1956
  MINIMUM         68    543 AM  63    1958  70     -2       66
  AVERAGE         76                        75      1       73

PRECIPITATION (IN)
  YESTERDAY        T             1.24 1974   0.14  -0.14     0.01
  MONTH TO DATE    2.06                      3.43  -1.37     3.18
  SINCE SEP 1      6.20                      9.37  -3.17    13.53
  SINCE JAN 1     30.37                     30.82  -0.45    30.74

SNOWFALL (IN)
  YESTERDAY        0.0
  MONTH TO DATE    0.0
  SINCE SEP 1      0.0
  SINCE JUL 1      0.0
  SNOW DEPTH       0

DEGREE DAYS
 HEATING
  YESTERDAY        0                         0      0        0
  MONTH TO DATE    0                         0      0        0
  SINCE SEP 1      0                         0      0        0
  SINCE JUL 1      0                         0      0        0

 COOLING
  YESTERDAY       11                        10      1        8
  MONTH TO DATE  275                       256     19      222
  SINCE SEP 1   1231                      1097    134     1072
  SINCE JAN 1   3749                      3623    126     3368
..................................................................


WIND (MPH)
  HIGHEST WIND SPEED    14   HIGHEST WIND DIRECTION    SW (240)
  HIGHEST GUST SPEED    20   HIGHEST GUST DIRECTION    SE (150)
  AVERAGE WIND SPEED     8.2


SKY COVER
  POSSIBLE SUNSHINE  MM
  AVERAGE SKY COVER 0.2


WEATHER CONDITIONS
 THE FOLLOWING WEATHER WAS RECORDED YESTERDAY.
  NO SIGNIFICANT WEATHER WAS OBSERVED.


RELATIVE HUMIDITY (PERCENT)
 HIGHEST    90           500 AM
 LOWEST     51           300 PM
 AVERAGE    71

..........................................................


THE LIHUE HI CLIMATE NORMALS FOR TODAY
                         NORMAL    RECORD    YEAR
 MAXIMUM TEMPERATURE (F)   80        85      1963
 MINIMUM TEMPERATURE (F)   70        60      1990
                                             1958


SUNRISE AND SUNSET
NOVEMBER 24 2014......SUNRISE   655 AM HST   SUNSET   553 PM HST
NOVEMBER 25 2014......SUNRISE   656 AM HST   SUNSET   553 PM HST


-  INDICATES NEGATIVE NUMBERS.
R  INDICATES RECORD WAS SET OR TIED.
MM INDICATES DATA IS MISSING.
T  INDICATES TRACE AMOUNT.




$$
