000
CDHW41 PHFO 211245
CLILIH


CLIMATE REPORT
NATIONAL WEATHER SERVICE HONOLULU HI
245 AM HST SAT OCT 21 2017


...................................

...THE LIHUE HI CLIMATE SUMMARY FOR OCTOBER 20 2017...

CLIMATE NORMAL PERIOD 1981 TO 2010
CLIMATE RECORD PERIOD 1946 TO 2017


WEATHER ITEM   OBSERVED TIME   RECORD YEAR NORMAL DEPARTURE LAST
                VALUE   (LST)  VALUE       VALUE  FROM      YEAR
                                                  NORMAL
..................................................................
TEMPERATURE (F)
 YESTERDAY
  MAXIMUM         86R   146 PM  86    2004  83      3       85
                                      1984
                                      1962
  MINIMUM         76    108 AM  62    1981  73      3       73
  AVERAGE         81                        78      3       79

PRECIPITATION (IN)
  YESTERDAY        T             2.95 1996   0.13  -0.13     0.02
  MONTH TO DATE    0.56                      2.25  -1.69     0.33
  SINCE SEP 1      1.10                      4.37  -3.27     0.97
  SINCE JAN 1     18.80                     25.82  -7.02    11.71

SNOWFALL (IN)
  YESTERDAY        0.0
  MONTH TO DATE    0.0
  SINCE SEP 1      0.0
  SINCE JUL 1      0.0
  SNOW DEPTH      MM

DEGREE DAYS
 HEATING
  YESTERDAY        0                         0      0        0
  MONTH TO DATE    0                         0      0        0
  SINCE SEP 1      0                         0      0        0
  SINCE JUL 1      0                         0      0        0

 COOLING
  YESTERDAY       16                        13      3       14
  MONTH TO DATE  268                       271     -3      292
  SINCE SEP 1    778                       704     74      792
  SINCE JAN 1   3651                      3230    421     3451
..................................................................


WIND (MPH)
  HIGHEST WIND SPEED    31   HIGHEST WIND DIRECTION    NE (50)
  HIGHEST GUST SPEED    39   HIGHEST GUST DIRECTION    NE (60)
  AVERAGE WIND SPEED    21.4


SKY COVER
  POSSIBLE SUNSHINE  MM
  AVERAGE SKY COVER  MM


WEATHER CONDITIONS
 THE FOLLOWING WEATHER WAS RECORDED YESTERDAY.
  NO SIGNIFICANT WEATHER WAS OBSERVED.


RELATIVE HUMIDITY (PERCENT)
 HIGHEST    MM
 LOWEST     MM
 AVERAGE    MM

..........................................................


THE LIHUE HI CLIMATE NORMALS FOR TODAY
                         NORMAL    RECORD    YEAR
 MAXIMUM TEMPERATURE (F)   83        88      1961
 MINIMUM TEMPERATURE (F)   73        63      1955


SUNRISE AND SUNSET
OCTOBER 21 2017.......SUNRISE   636 AM HST   SUNSET   607 PM HST
OCTOBER 22 2017.......SUNRISE   637 AM HST   SUNSET   607 PM HST


-  INDICATES NEGATIVE NUMBERS.
R  INDICATES RECORD WAS SET OR TIED.
MM INDICATES DATA IS MISSING.
T  INDICATES TRACE AMOUNT.




$$
