000
CDUS44 KLZK 232109
CLILIT


CLIMATE REPORT
NATIONAL WEATHER SERVICE LITTLE ROCK AR
406 PM CDT SUN APR 23 2017


...................................

...THE LITTLE ROCK ADAMS FIELD CLIMATE SUMMARY FOR APRIL 23 2017...
VALID TODAY AS OF 0400 PM LOCAL TIME.

CLIMATE NORMAL PERIOD 1981 TO 2010
CLIMATE RECORD PERIOD 1874 TO 2017


WEATHER ITEM   OBSERVED TIME   RECORD YEAR NORMAL DEPARTURE LAST
                VALUE   (LST)  VALUE       VALUE  FROM      YEAR
                                                  NORMAL
..................................................................
TEMPERATURE (F)
 TODAY
  MAXIMUM         71    255 PM  90    2009  75     -4       81
  MINIMUM         49    514 AM  40    1982  53     -4       53
  AVERAGE         60                        64     -4       67

PRECIPITATION (IN)
  TODAY            0.00          5.13 1878   0.19  -0.19     0.00
  MONTH TO DATE    3.28                      3.89  -0.61     1.95
  SINCE MAR 1      7.15                      8.57  -1.42    14.28
  SINCE JAN 1     12.15                     15.78  -3.63    19.97

SNOWFALL (IN)
  TODAY            0.0          MM      MM   0.0    0.0      0.0
  MONTH TO DATE    0.0                       0.0    0.0      0.0
  SINCE MAR 1      0.0                       0.4   -0.4      0.0
  SINCE JUL 1      0.2                       3.5   -3.3      5.7
  SNOW DEPTH       0

DEGREE DAYS
 HEATING
  TODAY            5                         3      2        0
  MONTH TO DATE   56                       128    -72       70
  SINCE MAR 1    336                       503   -167      294
  SINCE JUL 1   2250                      3016   -766     2183

 COOLING
  TODAY            0                         2     -2        2
  MONTH TO DATE   60                        36     24       23
  SINCE MAR 1     81                        50     31       44
  SINCE JAN 1     93                        52     41       50
..................................................................


WIND (MPH)
  HIGHEST WIND SPEED    21   HIGHEST WIND DIRECTION     N (340)
  HIGHEST GUST SPEED    25   HIGHEST GUST DIRECTION    NW (320)
  AVERAGE WIND SPEED    12.4


SKY COVER
  POSSIBLE SUNSHINE  MM
  AVERAGE SKY COVER 0.5


WEATHER CONDITIONS
 THE FOLLOWING WEATHER WAS RECORDED TODAY.
  NO SIGNIFICANT WEATHER WAS OBSERVED.


RELATIVE HUMIDITY (PERCENT)
 HIGHEST    93           100 AM
 LOWEST     33           200 PM
 AVERAGE    63

..........................................................


THE LITTLE ROCK ADAMS FIELD CLIMATE NORMALS FOR TOMORROW
                         NORMAL    RECORD    YEAR
 MAXIMUM TEMPERATURE (F)   75        89      1965
                                             1949
 MINIMUM TEMPERATURE (F)   54        36      1910


SUNRISE AND SUNSET
APRIL 23 2017.........SUNRISE   627 AM CDT   SUNSET   748 PM CDT
APRIL 24 2017.........SUNRISE   626 AM CDT   SUNSET   749 PM CDT


-  INDICATES NEGATIVE NUMBERS.
R  INDICATES RECORD WAS SET OR TIED.
MM INDICATES DATA IS MISSING.
T  INDICATES TRACE AMOUNT.




$$
