000
CDUS44 KLZK 290651
CLILIT


CLIMATE REPORT
NATIONAL WEATHER SERVICE LITTLE ROCK AR
150 AM CDT FRI APR 29 2016


...................................

...THE LITTLE ROCK ADAMS FIELD CLIMATE SUMMARY FOR APRIL 28 2016...

CLIMATE NORMAL PERIOD 1981 TO 2010
CLIMATE RECORD PERIOD 1874 TO 2016


WEATHER ITEM   OBSERVED TIME   RECORD YEAR NORMAL DEPARTURE LAST
                VALUE   (LST)  VALUE       VALUE  FROM      YEAR
                                                  NORMAL
..................................................................
TEMPERATURE (F)
 YESTERDAY
  MAXIMUM         84    343 PM  90    1989  76      8       59
                                      1887
  MINIMUM         57    531 AM  41    1992  55      2       52
  AVERAGE         71                        66      5       56

PRECIPITATION (IN)
  YESTERDAY        0.00          1.75 1958   0.17  -0.17     0.14
  MONTH TO DATE    2.14                      4.79  -2.65     5.43
  SINCE MAR 1     14.47                      9.47   5.00    13.53
  SINCE JAN 1     20.16                     16.68   3.48    20.34

SNOWFALL (IN)
  YESTERDAY        0.0          MM      MM   0.0    0.0      0.0
  MONTH TO DATE    0.0                       0.0    0.0       T
  SINCE MAR 1      0.0                       0.4   -0.4      5.7
  SINCE JUL 1      5.7                       3.5    2.2     11.1
  SNOW DEPTH       0

DEGREE DAYS
 HEATING
  YESTERDAY        0                         2     -2        9
  MONTH TO DATE   70                       141    -71       76
  SINCE MAR 1    294                       516   -222      471
  SINCE JUL 1   2183                      3029   -846     3117

 COOLING
  YESTERDAY        6                         3      3        0
  MONTH TO DATE   59                        50      9       75
  SINCE MAR 1     80                        64     16       89
  SINCE JAN 1     86                        66     20       89
..................................................................


WIND (MPH)
  HIGHEST WIND SPEED    13   HIGHEST WIND DIRECTION    NW (310)
  HIGHEST GUST SPEED    16   HIGHEST GUST DIRECTION    NW (320)
  AVERAGE WIND SPEED     4.6


SKY COVER
  POSSIBLE SUNSHINE  MM
  AVERAGE SKY COVER 0.2


WEATHER CONDITIONS
 THE FOLLOWING WEATHER WAS RECORDED YESTERDAY.
  NO SIGNIFICANT WEATHER WAS OBSERVED.


RELATIVE HUMIDITY (PERCENT)
 HIGHEST    87           600 AM
 LOWEST     31           400 PM
 AVERAGE    59

..........................................................


THE LITTLE ROCK ADAMS FIELD CLIMATE NORMALS FOR TODAY
                         NORMAL    RECORD    YEAR
 MAXIMUM TEMPERATURE (F)   77        90      1990
 MINIMUM TEMPERATURE (F)   55        38      1965


SUNRISE AND SUNSET
APRIL 29 2016.........SUNRISE   620 AM CDT   SUNSET   753 PM CDT
APRIL 30 2016.........SUNRISE   619 AM CDT   SUNSET   754 PM CDT


-  INDICATES NEGATIVE NUMBERS.
R  INDICATES RECORD WAS SET OR TIED.
MM INDICATES DATA IS MISSING.
T  INDICATES TRACE AMOUNT.




$$
