000
CDUS44 KLZK 042205
CLILIT


CLIMATE REPORT
NATIONAL WEATHER SERVICE LITTLE ROCK AR
405 PM CST WED MAR 4 2015


...................................

...THE LITTLE ROCK ADAMS FIELD CLIMATE SUMMARY FOR MARCH 4 2015...
VALID TODAY AS OF 0400 PM LOCAL TIME.

CLIMATE NORMAL PERIOD 1981 TO 2010
CLIMATE RECORD PERIOD 1874 TO 2015


WEATHER ITEM   OBSERVED TIME   RECORD YEAR NORMAL DEPARTURE LAST
                VALUE   (LST)  VALUE       VALUE  FROM      YEAR
                                                  NORMAL
..................................................................
TEMPERATURE (F)
 TODAY
  MAXIMUM         53        MM  84    1938  60     -7       32
  MINIMUM         37    355 PM  15    2002  39     -2       17
  AVERAGE         45                        50     -5       25

PRECIPITATION (IN)
  TODAY            1.01          1.91 1989   0.14   0.87     0.00
  MONTH TO DATE    1.38                      0.56   0.82     2.09
  SINCE MAR 1      1.38                      0.56   0.82     2.09
  SINCE JAN 1      8.19                      7.77   0.42     7.66

SNOWFALL (IN)
  TODAY            0.0           1.0  2008   0.0    0.0      0.0
  MONTH TO DATE    0.0                       0.1   -0.1      1.9
  SINCE MAR 1      0.0                       0.1   -0.1      1.9
  SINCE JUL 1      5.4                       3.2    2.2      5.9
  SNOW DEPTH       0

DEGREE DAYS
 HEATING
  TODAY           20                        15      5       40
  MONTH TO DATE   97                        63     34      118
  SINCE MAR 1     97                        63     34      118
  SINCE JUL 1   2743                      2576    167     2891

 COOLING
  TODAY            0                         0      0        0
  MONTH TO DATE    0                         0      0        0
  SINCE MAR 1      0                         0      0        0
  SINCE JAN 1      0                         2     -2        0
..................................................................


WIND (MPH)
  HIGHEST WIND SPEED    18   HIGHEST WIND DIRECTION     N (360)
  HIGHEST GUST SPEED    28   HIGHEST GUST DIRECTION     N (360)
  AVERAGE WIND SPEED    10.8


SKY COVER
  POSSIBLE SUNSHINE  MM
  AVERAGE SKY COVER 1.0


WEATHER CONDITIONS
 THE FOLLOWING WEATHER WAS RECORDED TODAY.
  HEAVY RAIN
  RAIN
  LIGHT RAIN
  FOG
  FOG W/VISIBILITY <= 1/4 MILE


RELATIVE HUMIDITY (PERCENT)
 HIGHEST    96          1200 AM
 LOWEST     86          1000 AM
 AVERAGE    91

..........................................................


THE LITTLE ROCK ADAMS FIELD CLIMATE NORMALS FOR TOMORROW
                         NORMAL    RECORD    YEAR
 MAXIMUM TEMPERATURE (F)   60        82      1918
 MINIMUM TEMPERATURE (F)   40        17      1960


SUNRISE AND SUNSET
MARCH  4 2015.........SUNRISE   635 AM CST   SUNSET   607 PM CST
MARCH  5 2015.........SUNRISE   633 AM CST   SUNSET   608 PM CST


-  INDICATES NEGATIVE NUMBERS.
R  INDICATES RECORD WAS SET OR TIED.
MM INDICATES DATA IS MISSING.
T  INDICATES TRACE AMOUNT.




$$
