730
CDUS44 KLZK 280639
CLILIT


CLIMATE REPORT
NATIONAL WEATHER SERVICE LITTLE ROCK AR
1239 AM CST TUE FEB 28 2017


...................................

...THE LITTLE ROCK ADAMS FIELD CLIMATE SUMMARY FOR FEBRUARY 27 2017...

CLIMATE NORMAL PERIOD 1981 TO 2010
CLIMATE RECORD PERIOD 1874 TO 2017


WEATHER ITEM   OBSERVED TIME   RECORD YEAR NORMAL DEPARTURE LAST
                VALUE   (LST)  VALUE       VALUE  FROM      YEAR
                                                  NORMAL
..................................................................
TEMPERATURE (F)
 YESTERDAY
  MAXIMUM         59    544 PM  81    1918  59      0       71
  MINIMUM         43    544 AM  15    1934  38      5       35
  AVERAGE         51                        48      3       53

PRECIPITATION (IN)
  YESTERDAY        T             2.61 1880   0.14  -0.14     0.00
  MONTH TO DATE    3.53                      3.51   0.02     2.14
  SINCE DEC 1      9.39                     12.03  -2.64    14.07
  SINCE JAN 1      5.00                      7.06  -2.06     5.69

SNOWFALL (IN)
  YESTERDAY        0.0           2.2  1925   0.1   -0.1      0.0
  MONTH TO DATE    0.0                       1.3   -1.3      0.0
  SINCE DEC 1      0.2                       3.1   -2.9      5.7
  SINCE JUL 1      0.2                       3.1   -2.9      5.7
  SNOW DEPTH       0

DEGREE DAYS
 HEATING
  YESTERDAY       14                        17     -3       12
  MONTH TO DATE  334                       551   -217      439
  SINCE DEC 1   1575                      1983   -408     1551
  SINCE JUL 1   1914                      2497   -583     1875

 COOLING
  YESTERDAY        0                         0      0        0
  MONTH TO DATE    8                         0      8        5
  SINCE DEC 1     10                         3      7       17
  SINCE JAN 1      8                         1      7        6
..................................................................


WIND (MPH)
  HIGHEST WIND SPEED    17   HIGHEST WIND DIRECTION    SE (130)
  HIGHEST GUST SPEED    19   HIGHEST GUST DIRECTION    SE (130)
  AVERAGE WIND SPEED     7.3


SKY COVER
  POSSIBLE SUNSHINE  MM
  AVERAGE SKY COVER 0.9


WEATHER CONDITIONS
 THE FOLLOWING WEATHER WAS RECORDED YESTERDAY.
  LIGHT RAIN
  FOG


RELATIVE HUMIDITY (PERCENT)
 HIGHEST   100           100 AM
 LOWEST     87           500 PM
 AVERAGE    94

..........................................................


THE LITTLE ROCK ADAMS FIELD CLIMATE NORMALS FOR TODAY
                         NORMAL    RECORD    YEAR
 MAXIMUM TEMPERATURE (F)   59        84      1980
 MINIMUM TEMPERATURE (F)   38        18      2002


SUNRISE AND SUNSET
FEBRUARY 28 2017......SUNRISE   639 AM CST   SUNSET   604 PM CST
MARCH  1 2017.........SUNRISE   638 AM CST   SUNSET   605 PM CST


-  INDICATES NEGATIVE NUMBERS.
R  INDICATES RECORD WAS SET OR TIED.
MM INDICATES DATA IS MISSING.
T  INDICATES TRACE AMOUNT.




$$
