000
CDUS45 KPIH 230732
CLILLJ


CLIMATE REPORT
NATIONAL WEATHER SERVICE POCATELLO ID
131 AM MDT THU OCT 23 2014


...................................

...THE CHALLIS ID CLIMATE SUMMARY FOR OCTOBER 22 2014...

CLIMATE NORMAL PERIOD 1981 TO 2010
CLIMATE RECORD PERIOD 1898 TO 2014


WEATHER ITEM   OBSERVED TIME   RECORD YEAR NORMAL DEPARTURE LAST
                VALUE   (LST)  VALUE       VALUE  FROM      YEAR
                                                  NORMAL
..................................................................
TEMPERATURE (F)
 YESTERDAY
  MAXIMUM         56    444 PM  73    2003  56      0       64
  MINIMUM         29    650 AM  17    2008  28      1       27
                                      1958
  AVERAGE         43                        42      1       46

PRECIPITATION (IN)
  YESTERDAY        0.00          0.30 1974   0.02  -0.02     0.00
  MONTH TO DATE    0.27                      0.44  -0.17     0.25
  SINCE OCT 1      0.27                      0.44  -0.17     0.25
  SINCE JAN 1      6.20                      8.57  -2.37     4.45

SNOWFALL (IN)
  YESTERDAY       MM
  MONTH TO DATE   MM
  SINCE SEP 1     MM
  SINCE JUL 1     MM
  SNOW DEPTH      MM

DEGREE DAYS
 HEATING
  YESTERDAY       22                        23     -1       19
  MONTH TO DATE  321                       418    -97      503
  SINCE SEP 1    473                       694   -221      721
  SINCE JUL 1    541                       767   -226      727

 COOLING
  YESTERDAY        0                         0      0        0
  MONTH TO DATE    0                         0      0        0
  SINCE SEP 1      5                         6     -1       30
  SINCE JAN 1    310                       248     62      420
..................................................................


WIND (MPH)
  HIGHEST WIND SPEED    16   HIGHEST WIND DIRECTION    SE (150)
  HIGHEST GUST SPEED    20   HIGHEST GUST DIRECTION    SE (150)
  AVERAGE WIND SPEED     2.4


SKY COVER
  POSSIBLE SUNSHINE  MM
  AVERAGE SKY COVER 0.2


WEATHER CONDITIONS
 THE FOLLOWING WEATHER WAS RECORDED YESTERDAY.
  NO SIGNIFICANT WEATHER WAS OBSERVED.


RELATIVE HUMIDITY (PERCENT)
 HIGHEST    96           100 AM
 LOWEST     35           400 PM
 AVERAGE    66

..........................................................


THE CHALLIS ID CLIMATE NORMALS FOR TODAY
                         NORMAL    RECORD    YEAR
 MAXIMUM TEMPERATURE (F)   55        71      1944
 MINIMUM TEMPERATURE (F)   28        11      1935


SUNRISE AND SUNSET
OCTOBER 23 2014.......SUNRISE   802 AM MDT   SUNSET   639 PM MDT
OCTOBER 24 2014.......SUNRISE   804 AM MDT   SUNSET   638 PM MDT


-  INDICATES NEGATIVE NUMBERS.
R  INDICATES RECORD WAS SET OR TIED.
MM INDICATES DATA IS MISSING.
T  INDICATES TRACE AMOUNT.




$$
