000
CDUS45 KPIH 280731
CLILLJ


CLIMATE REPORT
NATIONAL WEATHER SERVICE POCATELLO ID
131 AM MDT TUE MAR 28 2017


...................................

...THE CHALLIS ID CLIMATE SUMMARY FOR MARCH 27 2017...

CLIMATE NORMAL PERIOD 1981 TO 2010
CLIMATE RECORD PERIOD 1898 TO 2017


WEATHER ITEM   OBSERVED TIME   RECORD YEAR NORMAL DEPARTURE LAST
                VALUE   (LST)  VALUE       VALUE  FROM      YEAR
                                                  NORMAL
..................................................................
TEMPERATURE (F)
 YESTERDAY
  MAXIMUM         50    150 PM  73    2015  53     -3       49
  MINIMUM         32   1054 PM   5    1944  27      5       22
  AVERAGE         41                        40      1       36

PRECIPITATION (IN)
  YESTERDAY        T             0.50 2007   0.03  -0.03      T
  MONTH TO DATE    0.11                      0.61  -0.50     0.49
  SINCE OCT 1      6.00                      3.67   2.33     3.48
  SINCE JAN 1      2.59                      1.74   0.85     1.14

SNOWFALL (IN)
  YESTERDAY       MM
  MONTH TO DATE   MM
  SINCE MAR 1     MM
  SINCE JUL 1     MM
  SNOW DEPTH      MM

DEGREE DAYS
 HEATING
  YESTERDAY       24                        25     -1       29
  MONTH TO DATE  653                       796   -143      736
  SINCE MAR 1    653                       796   -143      736
  SINCE JUL 1   7098                      6845    253     6671

 COOLING
  YESTERDAY        0                         0      0        0
  MONTH TO DATE    0                         0      0        0
  SINCE MAR 1      0                         0      0        0
  SINCE JAN 1      0                         0      0        0
..................................................................


WIND (MPH)
  HIGHEST WIND SPEED    23   HIGHEST WIND DIRECTION    NE (30)
  HIGHEST GUST SPEED    28   HIGHEST GUST DIRECTION    NE (30)
  AVERAGE WIND SPEED     5.5


SKY COVER
  POSSIBLE SUNSHINE  MM
  AVERAGE SKY COVER 0.7


WEATHER CONDITIONS
 THE FOLLOWING WEATHER WAS RECORDED YESTERDAY.
  LIGHT RAIN


RELATIVE HUMIDITY (PERCENT)
 HIGHEST    85           600 AM
 LOWEST     39           200 PM
 AVERAGE    62

..........................................................


THE CHALLIS ID CLIMATE NORMALS FOR TODAY
                         NORMAL    RECORD    YEAR
 MAXIMUM TEMPERATURE (F)   53        72      1986
 MINIMUM TEMPERATURE (F)   27         3      1975


SUNRISE AND SUNSET
MARCH 28 2017.........SUNRISE   725 AM MDT   SUNSET   800 PM MDT
MARCH 29 2017.........SUNRISE   723 AM MDT   SUNSET   801 PM MDT


-  INDICATES NEGATIVE NUMBERS.
R  INDICATES RECORD WAS SET OR TIED.
MM INDICATES DATA IS MISSING.
T  INDICATES TRACE AMOUNT.




$$
