000
CDUS45 KPIH 260734
CLILLJ


CLIMATE REPORT
NATIONAL WEATHER SERVICE POCATELLO ID
132 AM MDT FRI AUG 26 2016


...................................

...THE CHALLIS ID CLIMATE SUMMARY FOR AUGUST 25 2016...

CLIMATE NORMAL PERIOD 1981 TO 2010
CLIMATE RECORD PERIOD 1898 TO 2016


WEATHER ITEM   OBSERVED TIME   RECORD YEAR NORMAL DEPARTURE LAST
                VALUE   (LST)  VALUE       VALUE  FROM      YEAR
                                                  NORMAL
..................................................................
TEMPERATURE (F)
 YESTERDAY
  MAXIMUM         77    430 PM  96    1981  82     -5       92
  MINIMUM         44    546 AM  32    1992  45     -1       49
  AVERAGE         61                        64     -3       71

PRECIPITATION (IN)
  YESTERDAY        0.00          0.44 1900   0.02  -0.02     0.00
  MONTH TO DATE    0.18                      0.62  -0.44     0.46
  SINCE OCT 1      5.82                      9.15  -3.33     5.74
  SINCE JAN 1      3.48                      7.22  -3.74     3.95

SNOWFALL (IN)
  YESTERDAY       MM
  MONTH TO DATE   MM
  SINCE JUN 1     MM
  SINCE JUL 1     MM
  SNOW DEPTH      MM

DEGREE DAYS
 HEATING
  YESTERDAY        4                         3      1        0
  MONTH TO DATE   31                        30      1       27
  SINCE JUN 1    132                       216    -84      107
  SINCE JUL 1     59                        51      8       60

 COOLING
  YESTERDAY        0                         1     -1        6
  MONTH TO DATE   66                        79    -13       85
  SINCE JUN 1    258                       233     25      284
  SINCE JAN 1    258                       235     23      287
..................................................................


WIND (MPH)
  HIGHEST WIND SPEED    12   HIGHEST WIND DIRECTION    NW (320)
  HIGHEST GUST SPEED    16   HIGHEST GUST DIRECTION     N (10)
  AVERAGE WIND SPEED     5.7


SKY COVER
  POSSIBLE SUNSHINE  MM
  AVERAGE SKY COVER 0.1


WEATHER CONDITIONS
 THE FOLLOWING WEATHER WAS RECORDED YESTERDAY.
  NO SIGNIFICANT WEATHER WAS OBSERVED.


RELATIVE HUMIDITY (PERCENT)
 HIGHEST    58           500 AM
 LOWEST     15           400 PM
 AVERAGE    37

..........................................................


THE CHALLIS ID CLIMATE NORMALS FOR TODAY
                         NORMAL    RECORD    YEAR
 MAXIMUM TEMPERATURE (F)   82        97      2011
                                             1988
 MINIMUM TEMPERATURE (F)   45        33      1992


SUNRISE AND SUNSET
AUGUST 26 2016........SUNRISE   653 AM MDT   SUNSET   823 PM MDT
AUGUST 27 2016........SUNRISE   654 AM MDT   SUNSET   821 PM MDT


-  INDICATES NEGATIVE NUMBERS.
R  INDICATES RECORD WAS SET OR TIED.
MM INDICATES DATA IS MISSING.
T  INDICATES TRACE AMOUNT.




$$
