000
CDUS45 KPIH 272322
CLILLJ


CLIMATE REPORT
NATIONAL WEATHER SERVICE POCATELLO ID
520 PM MDT FRI MAR 27 2015


...................................

...THE CHALLIS ID CLIMATE SUMMARY FOR MARCH 27 2015...
VALID TODAY AS OF 0500 PM LOCAL TIME.

CLIMATE NORMAL PERIOD 1981 TO 2010
CLIMATE RECORD PERIOD 1898 TO 2015


WEATHER ITEM   OBSERVED TIME   RECORD YEAR NORMAL DEPARTURE LAST
                VALUE   (LST)  VALUE       VALUE  FROM      YEAR
                                                  NORMAL
..................................................................
TEMPERATURE (F)
 TODAY
  MAXIMUM         73R   359 PM  69    1966  53     20       47
  MINIMUM         29    615 AM   5    1944  27      2       28
  AVERAGE         51                        40     11       38

PRECIPITATION (IN)
  TODAY            0.00          0.50 2007   0.03  -0.03     0.01
  MONTH TO DATE    0.18                      0.61  -0.43     0.56
  SINCE OCT 1      2.55                      3.67  -1.12     2.38
  SINCE JAN 1      0.76                      1.74  -0.98     1.65

SNOWFALL (IN)
  TODAY           MM
  MONTH TO DATE   MM
  SINCE MAR 1     MM
  SINCE JUL 1     MM
  SNOW DEPTH      MM

DEGREE DAYS
 HEATING
  TODAY           14                        25    -11       27
  MONTH TO DATE  631                       796   -165      746
  SINCE MAR 1    631                       796   -165      746
  SINCE JUL 1   5769                      6845  -1076     6495

 COOLING
  TODAY            0                         0      0        0
  MONTH TO DATE    0                         0      0        0
  SINCE MAR 1      0                         0      0        0
  SINCE JAN 1      0                         0      0        0
..................................................................


WIND (MPH)
  HIGHEST WIND SPEED    16   HIGHEST WIND DIRECTION    SW (240)
  HIGHEST GUST SPEED    21   HIGHEST GUST DIRECTION    SW (230)
  AVERAGE WIND SPEED     1.9


SKY COVER
  POSSIBLE SUNSHINE  MM
  AVERAGE SKY COVER 0.0


WEATHER CONDITIONS
 THE FOLLOWING WEATHER WAS RECORDED TODAY.
  NO SIGNIFICANT WEATHER WAS OBSERVED.


RELATIVE HUMIDITY (PERCENT)
 HIGHEST    85           600 AM
 LOWEST     17           400 PM
 AVERAGE    51

..........................................................


THE CHALLIS ID CLIMATE NORMALS FOR TOMORROW
                         NORMAL    RECORD    YEAR
 MAXIMUM TEMPERATURE (F)   53        72      1986
 MINIMUM TEMPERATURE (F)   27         3      1975


SUNRISE AND SUNSET
MARCH 27 2015.........SUNRISE   727 AM MDT   SUNSET   758 PM MDT
MARCH 28 2015.........SUNRISE   726 AM MDT   SUNSET   759 PM MDT


-  INDICATES NEGATIVE NUMBERS.
R  INDICATES RECORD WAS SET OR TIED.
MM INDICATES DATA IS MISSING.
T  INDICATES TRACE AMOUNT.




$$
