000
CDUS45 KPIH 260748
CLILLJ


CLIMATE REPORT
NATIONAL WEATHER SERVICE POCATELLO ID
1234 AM MST SUN FEB 26 2017


...................................

...THE CHALLIS ID CLIMATE SUMMARY FOR FEBRUARY 25 2017...

CLIMATE NORMAL PERIOD 1981 TO 2010
CLIMATE RECORD PERIOD 1898 TO 2017


WEATHER ITEM   OBSERVED TIME   RECORD YEAR NORMAL DEPARTURE LAST
                VALUE   (LST)  VALUE       VALUE  FROM      YEAR
                                                  NORMAL
..................................................................
TEMPERATURE (F)
 YESTERDAY
  MAXIMUM         27    534 PM  60    1995  40    -13       48
  MINIMUM         10    735 AM  -6    1952  17     -7       19
  AVERAGE         19                        28     -9       34

PRECIPITATION (IN)
  YESTERDAY        0.00          1.09 1917   0.02  -0.02     0.00
  MONTH TO DATE    0.98                      0.54   0.44     0.08
  SINCE OCT 1      5.89                      2.98   2.91     2.98
  SINCE JAN 1      2.48                      1.05   1.43     0.64

SNOWFALL (IN)
  YESTERDAY       MM
  MONTH TO DATE   MM
  SINCE DEC 1     MM
  SINCE JUL 1     MM
  SNOW DEPTH      MM

DEGREE DAYS
 HEATING
  YESTERDAY       46                        37      9       31
  MONTH TO DATE  925                      1020    -95      985
  SINCE DEC 1   4526                      3899    627     3957
  SINCE JUL 1   6313                      5942    371     5823

 COOLING
  YESTERDAY        0                         0      0        0
  MONTH TO DATE    0                         0      0        0
  SINCE DEC 1      0                         0      0        0
  SINCE JAN 1      0                         0      0        0
..................................................................


WIND (MPH)
  HIGHEST WIND SPEED    16   HIGHEST WIND DIRECTION     W (270)
  HIGHEST GUST SPEED    20   HIGHEST GUST DIRECTION     W (270)
  AVERAGE WIND SPEED     5.7


SKY COVER
  POSSIBLE SUNSHINE  MM
  AVERAGE SKY COVER 0.5


WEATHER CONDITIONS
 THE FOLLOWING WEATHER WAS RECORDED YESTERDAY.
  NO SIGNIFICANT WEATHER WAS OBSERVED.


RELATIVE HUMIDITY (PERCENT)
 HIGHEST    84          1200 AM
 LOWEST     49           400 AM
 AVERAGE    67

..........................................................


THE CHALLIS ID CLIMATE NORMALS FOR TODAY
                         NORMAL    RECORD    YEAR
 MAXIMUM TEMPERATURE (F)   40        65      1950
 MINIMUM TEMPERATURE (F)   18       -12      1962


SUNRISE AND SUNSET
FEBRUARY 26 2017......SUNRISE   719 AM MST   SUNSET   621 PM MST
FEBRUARY 27 2017......SUNRISE   717 AM MST   SUNSET   623 PM MST


-  INDICATES NEGATIVE NUMBERS.
R  INDICATES RECORD WAS SET OR TIED.
MM INDICATES DATA IS MISSING.
T  INDICATES TRACE AMOUNT.




$$
