000
CDUS45 KPIH 120732
CLILLJ


CLIMATE REPORT
NATIONAL WEATHER SERVICE POCATELLO ID
1230 AM MST TUE DEC 12 2017


...................................

...THE CHALLIS ID CLIMATE SUMMARY FOR DECEMBER 11 2017...

CLIMATE NORMAL PERIOD 1981 TO 2010
CLIMATE RECORD PERIOD 1898 TO 2017


WEATHER ITEM   OBSERVED TIME   RECORD YEAR NORMAL DEPARTURE LAST
                VALUE   (LST)  VALUE       VALUE  FROM      YEAR
                                                  NORMAL
..................................................................
TEMPERATURE (F)
 YESTERDAY
  MAXIMUM         31    307 PM  57    1933  27      4       29
  MINIMUM          5    830 AM -28    1932   9     -4        1
  AVERAGE         18                        18      0       15

PRECIPITATION (IN)
  YESTERDAY        0.00          0.90 1937   0.02  -0.02      T
  MONTH TO DATE    0.06                      0.27  -0.21     0.27
  SINCE OCT 1      1.02                      1.46  -0.44     2.35
  SINCE JAN 1      8.10                      9.59  -1.49     6.33

SNOWFALL (IN)
  YESTERDAY       MM
  MONTH TO DATE   MM
  SINCE DEC 1     MM
  SINCE JUL 1     MM
  SNOW DEPTH      MM

DEGREE DAYS
 HEATING
  YESTERDAY       47                        47      0       50
  MONTH TO DATE  477                       494    -17      510
  SINCE DEC 1    477                       494    -17      510
  SINCE JUL 1   2383                      2537   -154     2297

 COOLING
  YESTERDAY        0                         0      0        0
  MONTH TO DATE    0                         0      0        0
  SINCE DEC 1      0                         0      0        0
  SINCE JAN 1    378                       248    130      277
..................................................................


WIND (MPH)
  HIGHEST WIND SPEED     5   HIGHEST WIND DIRECTION     S (160)
  HIGHEST GUST SPEED     5   HIGHEST GUST DIRECTION    SW (210)
  AVERAGE WIND SPEED     0.1


SKY COVER
  POSSIBLE SUNSHINE  MM
  AVERAGE SKY COVER 0.0


WEATHER CONDITIONS
 THE FOLLOWING WEATHER WAS RECORDED YESTERDAY.
  NO SIGNIFICANT WEATHER WAS OBSERVED.


RELATIVE HUMIDITY (PERCENT)
 HIGHEST    88           200 AM
 LOWEST     49           300 PM
 AVERAGE    69

..........................................................


THE CHALLIS ID CLIMATE NORMALS FOR TODAY
                         NORMAL    RECORD    YEAR
 MAXIMUM TEMPERATURE (F)   27        52      2014
 MINIMUM TEMPERATURE (F)    9       -22      1932


SUNRISE AND SUNSET
DECEMBER 12 2017......SUNRISE   804 AM MST   SUNSET   457 PM MST
DECEMBER 13 2017......SUNRISE   805 AM MST   SUNSET   457 PM MST


-  INDICATES NEGATIVE NUMBERS.
R  INDICATES RECORD WAS SET OR TIED.
MM INDICATES DATA IS MISSING.
T  INDICATES TRACE AMOUNT.




$$
