000
CDUS45 KPIH 290730
CLILLJ


CLIMATE REPORT
NATIONAL WEATHER SERVICE POCATELLO ID
129 AM MDT FRI MAY 29 2015


...................................

...THE CHALLIS ID CLIMATE SUMMARY FOR MAY 28 2015...

CLIMATE NORMAL PERIOD 1981 TO 2010
CLIMATE RECORD PERIOD 1898 TO 2015


WEATHER ITEM   OBSERVED TIME   RECORD YEAR NORMAL DEPARTURE LAST
                VALUE   (LST)  VALUE       VALUE  FROM      YEAR
                                                  NORMAL
..................................................................
TEMPERATURE (F)
 YESTERDAY
  MAXIMUM         68    408 PM  96    2003  70     -2       81
  MINIMUM         41    501 AM  28    1955  41      0       44
  AVERAGE         55                        55      0       63

PRECIPITATION (IN)
  YESTERDAY        T             0.88 2010   0.06  -0.06     0.00
  MONTH TO DATE    0.94                      1.31  -0.37     0.11
  SINCE OCT 1      3.98                      5.90  -1.92     3.48
  SINCE JAN 1      2.19                      3.97  -1.78     2.75

SNOWFALL (IN)
  YESTERDAY       MM
  MONTH TO DATE   MM
  SINCE MAR 1     MM
  SINCE JUL 1     MM
  SNOW DEPTH      MM

DEGREE DAYS
 HEATING
  YESTERDAY       10                        10      0        2
  MONTH TO DATE  324                       377    -53      308
  SINCE MAR 1   1648                      1919   -271     1796
  SINCE JUL 1   6786                      7968  -1182     7545

 COOLING
  YESTERDAY        0                         0      0        0
  MONTH TO DATE    0                         0      0        0
  SINCE MAR 1      0                         0      0        0
  SINCE JAN 1      0                         0      0        0
..................................................................


WIND (MPH)
  HIGHEST WIND SPEED    18   HIGHEST WIND DIRECTION     N (350)
  HIGHEST GUST SPEED    23   HIGHEST GUST DIRECTION     N (350)
  AVERAGE WIND SPEED     5.2


SKY COVER
  POSSIBLE SUNSHINE  MM
  AVERAGE SKY COVER 0.5


WEATHER CONDITIONS
 THE FOLLOWING WEATHER WAS RECORDED YESTERDAY.
  LIGHT RAIN


RELATIVE HUMIDITY (PERCENT)
 HIGHEST    93           500 AM
 LOWEST     35           300 PM
 AVERAGE    64

..........................................................


THE CHALLIS ID CLIMATE NORMALS FOR TODAY
                         NORMAL    RECORD    YEAR
 MAXIMUM TEMPERATURE (F)   70        92      2003
 MINIMUM TEMPERATURE (F)   42        30      1914
                                             1951


SUNRISE AND SUNSET
MAY 29 2015...........SUNRISE   557 AM MDT   SUNSET   912 PM MDT
MAY 30 2015...........SUNRISE   556 AM MDT   SUNSET   913 PM MDT


-  INDICATES NEGATIVE NUMBERS.
R  INDICATES RECORD WAS SET OR TIED.
MM INDICATES DATA IS MISSING.
T  INDICATES TRACE AMOUNT.




$$
