000
CDUS45 KPIH 100732
CLILLJ


CLIMATE REPORT
NATIONAL WEATHER SERVICE POCATELLO ID
132 AM MDT THU JUL 10 2014


...................................

...THE CHALLIS ID CLIMATE SUMMARY FOR JULY 9 2014...

CLIMATE NORMAL PERIOD 1981 TO 2010
CLIMATE RECORD PERIOD 1898 TO 2014


WEATHER ITEM   OBSERVED TIME   RECORD YEAR NORMAL DEPARTURE LAST
                VALUE   (LST)  VALUE       VALUE  FROM      YEAR
                                                  NORMAL
..................................................................
TEMPERATURE (F)
 YESTERDAY
  MAXIMUM         90    115 PM  96    1939  85      5       93
  MINIMUM         58    446 AM  38    2009  51      7       50
  AVERAGE         74                        68      6       72

PRECIPITATION (IN)
  YESTERDAY        T             0.13 1980   0.02  -0.02     0.00
  MONTH TO DATE    T                         0.29  -0.29     0.28
  SINCE OCT 1      3.81                      7.99  -4.18     4.09
  SINCE JAN 1      3.08                      6.06  -2.98     2.02

SNOWFALL (IN)
  YESTERDAY       MM
  MONTH TO DATE   MM
  SINCE JUN 1     MM
  SINCE JUL 1     MM
  SNOW DEPTH      MM

DEGREE DAYS
 HEATING
  YESTERDAY        0                         1     -1        0
  MONTH TO DATE    0                        13    -13        0
  SINCE JUN 1    166                       178    -12      121
  SINCE JUL 1      0                        13    -13        0

 COOLING
  YESTERDAY        9                         4      5        7
  MONTH TO DATE   73                        25     48       72
  SINCE JUN 1     79                        47     32      135
  SINCE JAN 1     79                        49     30      137
..................................................................


WIND (MPH)
  HIGHEST WIND SPEED    21   HIGHEST WIND DIRECTION     N (340)
  HIGHEST GUST SPEED    26   HIGHEST GUST DIRECTION    NW (330)
  AVERAGE WIND SPEED     5.2


SKY COVER
  POSSIBLE SUNSHINE  MM
  AVERAGE SKY COVER 0.2


WEATHER CONDITIONS
 THE FOLLOWING WEATHER WAS RECORDED YESTERDAY.
  NO SIGNIFICANT WEATHER WAS OBSERVED.


RELATIVE HUMIDITY (PERCENT)
 HIGHEST    55           500 AM
 LOWEST     17           200 PM
 AVERAGE    36

..........................................................


THE CHALLIS ID CLIMATE NORMALS FOR TODAY
                         NORMAL    RECORD    YEAR
 MAXIMUM TEMPERATURE (F)   85        99      1973
 MINIMUM TEMPERATURE (F)   51        38      1983


SUNRISE AND SUNSET
JULY 10 2014..........SUNRISE   602 AM MDT   SUNSET   922 PM MDT
JULY 11 2014..........SUNRISE   603 AM MDT   SUNSET   922 PM MDT


-  INDICATES NEGATIVE NUMBERS.
R  INDICATES RECORD WAS SET OR TIED.
MM INDICATES DATA IS MISSING.
T  INDICATES TRACE AMOUNT.




$$
