000
CDUS46 KMFR 120844
CLILMT


CLIMATE REPORT
NATIONAL WEATHER SERVICE MEDFORD, OR
144 AM PDT SAT JUL 12 2014


...................................

...THE KLAMATH FALLS OR CLIMATE SUMMARY FOR JULY 11 2014...

CLIMATE NORMAL PERIOD 1981 TO 2010
CLIMATE RECORD PERIOD 1928 TO 2014


WEATHER ITEM   OBSERVED TIME   RECORD YEAR NORMAL DEPARTURE LAST
                VALUE   (LST)  VALUE       VALUE  FROM      YEAR
                                                  NORMAL
..................................................................
TEMPERATURE (F)
 YESTERDAY
  MAXIMUM         81    548 PM 100    2002  83     -2       86
  MINIMUM         58   1155 PM  36    1965  48     10       50
  AVERAGE         70                        66      4       68

PRECIPITATION (IN)
  YESTERDAY        0.03          0.31 1956   0.02   0.01     0.00
  MONTH TO DATE    0.09                      0.26  -0.17      T
  SINCE SEP 1      7.33                     14.31  -6.98     8.21
  SINCE JAN 1      6.59                      9.09  -2.50     4.55

SNOWFALL (IN)
  YESTERDAY       MM                        MM     MM       MM
  MONTH TO DATE   MM                        MM     MM       MM
  SINCE JUL 1     MM                        MM     MM       MM
  SNOW DEPTH      MM

DEGREE DAYS
 HEATING
  YESTERDAY        0                         2     -2        0
  MONTH TO DATE    0                        26    -26        0
  SINCE JUN 1    175                       243    -68      178
  SINCE JUL 1      0                        26    -26        0

 COOLING
  YESTERDAY        5                         2      3        3
  MONTH TO DATE   90                        19     71       74
  SINCE JUN 1     97                        30     67      120
  SINCE JAN 1     97                        31     66      120
..................................................................


WIND (MPH)
  HIGHEST WIND SPEED    20   HIGHEST WIND DIRECTION    NW (330)
  HIGHEST GUST SPEED    31   HIGHEST GUST DIRECTION    NW (330)
  AVERAGE WIND SPEED     6.8


SKY COVER
  POSSIBLE SUNSHINE  MM
  AVERAGE SKY COVER 0.3


WEATHER CONDITIONS
 THE FOLLOWING WEATHER WAS RECORDED YESTERDAY.
  LIGHT RAIN


RELATIVE HUMIDITY (PERCENT)
 HIGHEST    78           200 AM
 LOWEST     35           400 PM

..........................................................


THE KLAMATH FALLS OR CLIMATE NORMALS FOR TODAY
                         NORMAL    RECORD    YEAR
 MAXIMUM TEMPERATURE (F)   84       100      1999
 MINIMUM TEMPERATURE (F)   48        35      1993


SUNRISE AND SUNSET
JULY 12 2014..........SUNRISE   542 AM PDT   SUNSET   843 PM PDT
JULY 13 2014..........SUNRISE   543 AM PDT   SUNSET   842 PM PDT


-  INDICATES NEGATIVE NUMBERS.
R  INDICATES RECORD WAS SET OR TIED.
MM INDICATES DATA IS MISSING.
T  INDICATES TRACE AMOUNT.




$$
