780
CDUS46 KMFR 200836
CLILMT


CLIMATE REPORT
NATIONAL WEATHER SERVICE MEDFORD, OR
135 AM PDT WED SEP 20 2017


...................................

...THE KLAMATH FALLS OR CLIMATE SUMMARY FOR SEPTEMBER 19 2017...

CLIMATE NORMAL PERIOD 1981 TO 2010
CLIMATE RECORD PERIOD 1928 TO 2017


WEATHER ITEM   OBSERVED TIME   RECORD YEAR NORMAL DEPARTURE LAST
                VALUE   (LST)  VALUE       VALUE  FROM      YEAR
                                                  NORMAL
..................................................................
TEMPERATURE (F)
 YESTERDAY
  MAXIMUM         57    337 PM  91    1991  75    -18       80
  MINIMUM         43    552 AM  24    1978  38      5       40
  AVERAGE         50                        56     -6       60

PRECIPITATION (IN)
  YESTERDAY        0.01          0.81 1956   0.02  -0.01     0.00
  MONTH TO DATE    0.08                      0.36  -0.28      T
  SINCE OCT 1     12.60                     14.79  -2.19    11.64
  SINCE JAN 1      7.85                     10.10  -2.25     7.11

SNOWFALL (IN)
  YESTERDAY       MM                        MM     MM       MM
  MONTH TO DATE   MM                        MM     MM       MM
  SINCE JUL 1     MM                        MM     MM       MM
  SNOW DEPTH      MM

DEGREE DAYS
 HEATING
  YESTERDAY       15                         9      6        5
  MONTH TO DATE   70                       121    -51      161
  SINCE SEP 1     70                       121    -51      161
  SINCE JUL 1     74                       240   -166      268

 COOLING
  YESTERDAY        0                         0      0        0
  MONTH TO DATE   66                         9     57        0
  SINCE SEP 1     66                         9     57        0
  SINCE JAN 1    420                       168    252      215
..................................................................


WIND (MPH)
  HIGHEST WIND SPEED    26   HIGHEST WIND DIRECTION     W (260)
  HIGHEST GUST SPEED    31   HIGHEST GUST DIRECTION     W (260)
  AVERAGE WIND SPEED    11.5


SKY COVER
  POSSIBLE SUNSHINE  MM
  AVERAGE SKY COVER 0.8


WEATHER CONDITIONS
 THE FOLLOWING WEATHER WAS RECORDED YESTERDAY.
  LIGHT RAIN
  HAZE


RELATIVE HUMIDITY (PERCENT)
 HIGHEST    82           400 AM
 LOWEST     50           400 PM

..........................................................


THE KLAMATH FALLS OR CLIMATE NORMALS FOR TODAY
                         NORMAL    RECORD    YEAR
 MAXIMUM TEMPERATURE (F)   75        89      2014
 MINIMUM TEMPERATURE (F)   38        26      1978


SUNRISE AND SUNSET
SEPTEMBER 20 2017.....SUNRISE   653 AM PDT   SUNSET   707 PM PDT
SEPTEMBER 21 2017.....SUNRISE   654 AM PDT   SUNSET   705 PM PDT


-  INDICATES NEGATIVE NUMBERS.
R  INDICATES RECORD WAS SET OR TIED.
MM INDICATES DATA IS MISSING.
T  INDICATES TRACE AMOUNT.




$$
