000
CDUS46 KMFR 220847
CLILMT


CLIMATE REPORT
NATIONAL WEATHER SERVICE MEDFORD, OR
147 AM PDT FRI MAY 22 2015


...................................

...THE KLAMATH FALLS OR CLIMATE SUMMARY FOR MAY 21 2015...

CLIMATE NORMAL PERIOD 1981 TO 2010
CLIMATE RECORD PERIOD 1928 TO 2015


WEATHER ITEM   OBSERVED TIME   RECORD YEAR NORMAL DEPARTURE LAST
                VALUE   (LST)  VALUE       VALUE  FROM      YEAR
                                                  NORMAL
..................................................................
TEMPERATURE (F)
 YESTERDAY
  MAXIMUM         65    351 PM  86    1967  67     -2       75
  MINIMUM         48    551 AM  24    1962  38     10       43
  AVERAGE         57                        52      5       59

PRECIPITATION (IN)
  YESTERDAY        0.01          0.87 1946   0.04  -0.03     0.00
  MONTH TO DATE    1.42                      1.18   0.24     1.25
  SINCE OCT 1     11.48                     12.28  -0.80     6.67
  SINCE JAN 1      5.02                      7.59  -2.57     6.04

SNOWFALL (IN)
  YESTERDAY       MM                        MM     MM       MM
  MONTH TO DATE   MM                        MM     MM       MM
  SINCE JUL 1     MM                        MM     MM        0.0
  SNOW DEPTH      MM

DEGREE DAYS
 HEATING
  YESTERDAY        8                        13     -5        6
  MONTH TO DATE  322                       319      3      271
  SINCE MAR 1   1612                      1797   -185     1575
  SINCE JUL 1   5186                      6638  -1452     6358

 COOLING
  YESTERDAY        0                         0      0        0
  MONTH TO DATE    0                         0      0        0
  SINCE MAR 1      0                         0      0        0
  SINCE JAN 1      0                         0      0        0
..................................................................


WIND (MPH)
  HIGHEST WIND SPEED    17   HIGHEST WIND DIRECTION    NW (330)
  HIGHEST GUST SPEED    21   HIGHEST GUST DIRECTION    NW (320)
  AVERAGE WIND SPEED     5.6


SKY COVER
  POSSIBLE SUNSHINE  MM
  AVERAGE SKY COVER 0.6


WEATHER CONDITIONS
 THE FOLLOWING WEATHER WAS RECORDED YESTERDAY.
  NO SIGNIFICANT WEATHER WAS OBSERVED.


RELATIVE HUMIDITY (PERCENT)
 HIGHEST    93           100 AM
 LOWEST     44           300 PM

..........................................................


THE KLAMATH FALLS OR CLIMATE NORMALS FOR TODAY
                         NORMAL    RECORD    YEAR
 MAXIMUM TEMPERATURE (F)   67        87      2001
 MINIMUM TEMPERATURE (F)   38        23      2013
                                             1960


SUNRISE AND SUNSET
MAY 22 2015...........SUNRISE   540 AM PDT   SUNSET   828 PM PDT
MAY 23 2015...........SUNRISE   539 AM PDT   SUNSET   829 PM PDT


-  INDICATES NEGATIVE NUMBERS.
R  INDICATES RECORD WAS SET OR TIED.
MM INDICATES DATA IS MISSING.
T  INDICATES TRACE AMOUNT.




$$
