000
CDUS46 KMFR 290836
CLILMT


CLIMATE REPORT
NATIONAL WEATHER SERVICE MEDFORD, OR
1235 AM PST THU JAN 29 2015


...................................

...THE KLAMATH FALLS OR CLIMATE SUMMARY FOR JANUARY 28 2015...

CLIMATE NORMAL PERIOD 1981 TO 2010
CLIMATE RECORD PERIOD 1928 TO 2015


WEATHER ITEM   OBSERVED TIME   RECORD YEAR NORMAL DEPARTURE LAST
                VALUE   (LST)  VALUE       VALUE  FROM      YEAR
                                                  NORMAL
..................................................................
TEMPERATURE (F)
 YESTERDAY
  MAXIMUM         55    329 PM  56    1976  41     14       45
  MINIMUM         26    620 AM  -4    1972  21      5       34
  AVERAGE         41                        31     10       40

PRECIPITATION (IN)
  YESTERDAY        0.00          1.01 1958   0.04  -0.04     0.16
  MONTH TO DATE    0.40                      1.76  -1.36     0.26
  SINCE OCT 1      6.86                      6.45   0.41     0.89
  SINCE JAN 1      0.40                      1.76  -1.36     0.26

SNOWFALL (IN)
  YESTERDAY       MM                        MM     MM       MM
  MONTH TO DATE   MM                        MM     MM       MM
  SINCE JUL 1     MM                        MM     MM        0.0
  SNOW DEPTH      MM

DEGREE DAYS
 HEATING
  YESTERDAY       24                        34    -10       25
  MONTH TO DATE  782                       979   -197      885
  SINCE DEC 1   1433                      2078   -645     2187
  SINCE JUL 1   2823                      3880  -1057     3923

 COOLING
  YESTERDAY        0                         0      0        0
  MONTH TO DATE    0                         0      0        0
  SINCE DEC 1      0                         0      0        0
  SINCE JAN 1      0                         0      0        0
..................................................................


WIND (MPH)
  HIGHEST WIND SPEED     8   HIGHEST WIND DIRECTION     N (350)
  HIGHEST GUST SPEED    10   HIGHEST GUST DIRECTION     E (90)
  AVERAGE WIND SPEED     2.3


SKY COVER
  POSSIBLE SUNSHINE  MM
  AVERAGE SKY COVER 0.0


WEATHER CONDITIONS
 THE FOLLOWING WEATHER WAS RECORDED YESTERDAY.
  FOG


RELATIVE HUMIDITY (PERCENT)
 HIGHEST    92           400 AM
 LOWEST     38           300 PM

..........................................................


THE KLAMATH FALLS OR CLIMATE NORMALS FOR TODAY
                         NORMAL    RECORD    YEAR
 MAXIMUM TEMPERATURE (F)   41        55      1995
 MINIMUM TEMPERATURE (F)   22       -11      1950


SUNRISE AND SUNSET
JANUARY 29 2015.......SUNRISE   723 AM PST   SUNSET   517 PM PST
JANUARY 30 2015.......SUNRISE   722 AM PST   SUNSET   519 PM PST


-  INDICATES NEGATIVE NUMBERS.
R  INDICATES RECORD WAS SET OR TIED.
MM INDICATES DATA IS MISSING.
T  INDICATES TRACE AMOUNT.




$$
