000
CDUS46 KMFR 170849
CLILMT


CLIMATE REPORT
NATIONAL WEATHER SERVICE MEDFORD, OR
1248 AM PST SUN DEC 17 2017


...................................

...THE KLAMATH FALLS OR CLIMATE SUMMARY FOR DECEMBER 16 2017...

CLIMATE NORMAL PERIOD 1981 TO 2010
CLIMATE RECORD PERIOD 1928 TO 2017


WEATHER ITEM   OBSERVED TIME   RECORD YEAR NORMAL DEPARTURE LAST
                VALUE   (LST)  VALUE       VALUE  FROM      YEAR
                                                  NORMAL
..................................................................
TEMPERATURE (F)
 YESTERDAY
  MAXIMUM         42    303 PM  53    1950  38      4       31
  MINIMUM         18    557 AM  -3    2008  21     -3       21
  AVERAGE         30                        29      1       26

PRECIPITATION (IN)
  YESTERDAY        0.00          1.00 1941   0.05  -0.05     0.00
  MONTH TO DATE    0.21                      0.74  -0.53     1.47
  SINCE OCT 1      2.13                      3.98  -1.85     4.71
  SINCE JAN 1      9.99                     14.25  -4.26    11.94

SNOWFALL (IN)
  YESTERDAY       MM                        MM     MM       MM
  MONTH TO DATE   MM                        MM     MM       MM
  SINCE JUL 1     MM                        MM     MM       MM
  SNOW DEPTH      MM

DEGREE DAYS
 HEATING
  YESTERDAY       35                        36     -1       39
  MONTH TO DATE  572                       562     10      534
  SINCE DEC 1    572                       562     10      534
  SINCE JUL 1   2158                      2364   -206     2194

 COOLING
  YESTERDAY        0                         0      0        0
  MONTH TO DATE    0                         0      0        0
  SINCE DEC 1      0                         0      0        0
  SINCE JAN 1    420                       169    251      215
..................................................................


WIND (MPH)
  HIGHEST WIND SPEED    16   HIGHEST WIND DIRECTION    NW (320)
  HIGHEST GUST SPEED    18   HIGHEST GUST DIRECTION    NW (330)
  AVERAGE WIND SPEED     4.5


SKY COVER
  POSSIBLE SUNSHINE  MM
  AVERAGE SKY COVER 0.0


WEATHER CONDITIONS
 THE FOLLOWING WEATHER WAS RECORDED YESTERDAY.
  NO SIGNIFICANT WEATHER WAS OBSERVED.


RELATIVE HUMIDITY (PERCENT)
 HIGHEST    91           600 AM
 LOWEST     30           200 PM

..........................................................


THE KLAMATH FALLS OR CLIMATE NORMALS FOR TODAY
                         NORMAL    RECORD    YEAR
 MAXIMUM TEMPERATURE (F)   38        57      1979
 MINIMUM TEMPERATURE (F)   20        -6      2008


SUNRISE AND SUNSET
DECEMBER 17 2017......SUNRISE   730 AM PST   SUNSET   437 PM PST
DECEMBER 18 2017......SUNRISE   731 AM PST   SUNSET   437 PM PST


-  INDICATES NEGATIVE NUMBERS.
R  INDICATES RECORD WAS SET OR TIED.
MM INDICATES DATA IS MISSING.
T  INDICATES TRACE AMOUNT.




$$
