106
CDUS46 KMFR 220845
CLILMT


CLIMATE REPORT
NATIONAL WEATHER SERVICE MEDFORD, OR
145 AM PDT SAT JUL 22 2017


...................................

...THE KLAMATH FALLS OR CLIMATE SUMMARY FOR JULY 21 2017...

CLIMATE NORMAL PERIOD 1981 TO 2010
CLIMATE RECORD PERIOD 1928 TO 2017


WEATHER ITEM   OBSERVED TIME   RECORD YEAR NORMAL DEPARTURE LAST
                VALUE   (LST)  VALUE       VALUE  FROM      YEAR
                                                  NORMAL
..................................................................
TEMPERATURE (F)
 YESTERDAY
  MAXIMUM         86    318 PM  99    1994  85      1       84
  MINIMUM         45    423 AM  35    1993  49     -4       42
  AVERAGE         66                        67     -1       63

PRECIPITATION (IN)
  YESTERDAY        0.00          0.43 1987   0.01  -0.01     0.00
  MONTH TO DATE    0.00                      0.39  -0.39     0.42
  SINCE OCT 1     11.26                     13.91  -2.65    11.64
  SINCE JAN 1      6.51                      9.22  -2.71     7.11

SNOWFALL (IN)
  YESTERDAY       MM                        MM     MM       MM
  MONTH TO DATE   MM                        MM     MM       MM
  SINCE JUL 1     MM                        MM     MM       MM
  SNOW DEPTH      MM

DEGREE DAYS
 HEATING
  YESTERDAY        0                         1     -1        2
  MONTH TO DATE    1                        37    -36       69
  SINCE JUN 1    168                       254    -86      237
  SINCE JUL 1      1                        37    -36       69

 COOLING
  YESTERDAY        1                         3     -2        0
  MONTH TO DATE   69                        48     21       15
  SINCE JUN 1    132                        59     73       64
  SINCE JAN 1    135                        60     75       64
..................................................................


WIND (MPH)
  HIGHEST WIND SPEED    21   HIGHEST WIND DIRECTION    NW (330)
  HIGHEST GUST SPEED    25   HIGHEST GUST DIRECTION    NW (320)
  AVERAGE WIND SPEED     5.7


SKY COVER
  POSSIBLE SUNSHINE  MM
  AVERAGE SKY COVER 0.0


WEATHER CONDITIONS
 THE FOLLOWING WEATHER WAS RECORDED YESTERDAY.
  NO SIGNIFICANT WEATHER WAS OBSERVED.


RELATIVE HUMIDITY (PERCENT)
 HIGHEST    93           500 AM
 LOWEST     18           300 PM

..........................................................


THE KLAMATH FALLS OR CLIMATE NORMALS FOR TODAY
                         NORMAL    RECORD    YEAR
 MAXIMUM TEMPERATURE (F)   86       100      2003
 MINIMUM TEMPERATURE (F)   49        37      1973


SUNRISE AND SUNSET
JULY 22 2017..........SUNRISE   551 AM PDT   SUNSET   836 PM PDT
JULY 23 2017..........SUNRISE   552 AM PDT   SUNSET   835 PM PDT


-  INDICATES NEGATIVE NUMBERS.
R  INDICATES RECORD WAS SET OR TIED.
MM INDICATES DATA IS MISSING.
T  INDICATES TRACE AMOUNT.




$$
