000
CDUS45 KRIW 200735
CLILND


CLIMATE REPORT
NATIONAL WEATHER SERVICE RIVERTON WY
132 AM MDT MON OCT 20 2014


...................................

...THE LANDER WY CLIMATE SUMMARY FOR OCTOBER 19 2014...

CLIMATE NORMAL PERIOD 1981 TO 2010
CLIMATE RECORD PERIOD 1891 TO 2014


WEATHER ITEM   OBSERVED TIME   RECORD YEAR NORMAL DEPARTURE LAST
                VALUE   (LST)  VALUE       VALUE  FROM      YEAR
                                                  NORMAL
..................................................................
TEMPERATURE (F)
 YESTERDAY
  MAXIMUM         69    323 PM  77    1947  57     12       61
  MINIMUM         42    703 AM   7    1916  32     10       29
  AVERAGE         56                        45     11       45

PRECIPITATION (IN)
  YESTERDAY        0.00          0.93 1924   0.03  -0.03     0.00
  MONTH TO DATE    0.50                      0.84  -0.34     2.24
  SINCE SEP 1      2.29                      1.89   0.40     6.02
  SINCE JAN 1      9.31                     10.77  -1.46    13.88

SNOWFALL (IN)
  YESTERDAY        0.0                       0.3   -0.3      0.0
  MONTH TO DATE    T                         5.4   -5.4     14.9
  SINCE SEP 1      T                         8.1   -8.1     19.0
  SINCE JUL 1      T                         8.1   -8.1     19.0
  SNOW DEPTH       0

DEGREE DAYS
 HEATING
  YESTERDAY        9                        20    -11       20
  MONTH TO DATE  238                       325    -87      472
  SINCE SEP 1    391                       544   -153      664
  SINCE JUL 1    435                       584   -149      664

 COOLING
  YESTERDAY        0                         0      0        0
  MONTH TO DATE    0                         0      0        0
  SINCE SEP 1     39                        27     12       65
  SINCE JAN 1    445                       472    -27      743
..................................................................


WIND (MPH)
  HIGHEST WIND SPEED    14   HIGHEST WIND DIRECTION     W (250)
  HIGHEST GUST SPEED    15   HIGHEST GUST DIRECTION     W (250)
  AVERAGE WIND SPEED     4.0


SKY COVER
  POSSIBLE SUNSHINE  MM
  AVERAGE SKY COVER 0.0


WEATHER CONDITIONS
 THE FOLLOWING WEATHER WAS RECORDED YESTERDAY.
  NO SIGNIFICANT WEATHER WAS OBSERVED.


RELATIVE HUMIDITY (PERCENT)
 HIGHEST    62           700 AM
 LOWEST     24           400 PM
 AVERAGE    43

..........................................................


THE LANDER WY CLIMATE NORMALS FOR TODAY
                         NORMAL    RECORD    YEAR
 MAXIMUM TEMPERATURE (F)   57        81      1921
 MINIMUM TEMPERATURE (F)   31         5      1932


SUNRISE AND SUNSET
OCTOBER 20 2014.......SUNRISE   734 AM MDT   SUNSET   624 PM MDT
OCTOBER 21 2014.......SUNRISE   736 AM MDT   SUNSET   623 PM MDT


-  INDICATES NEGATIVE NUMBERS.
R  INDICATES RECORD WAS SET OR TIED.
MM INDICATES DATA IS MISSING.
T  INDICATES TRACE AMOUNT.




$$
