000
CDUS45 KRIW 270736
CLILND


CLIMATE REPORT
NATIONAL WEATHER SERVICE RIVERTON WY
126 AM MDT WED JUL 27 2016


...................................

...THE LANDER WY CLIMATE SUMMARY FOR JULY 26 2016...

CLIMATE NORMAL PERIOD 1981 TO 2010
CLIMATE RECORD PERIOD 1891 TO 2016


WEATHER ITEM   OBSERVED TIME   RECORD YEAR NORMAL DEPARTURE LAST
                VALUE   (LST)  VALUE       VALUE  FROM      YEAR
                                                  NORMAL
..................................................................
TEMPERATURE (F)
 YESTERDAY
  MAXIMUM         93    235 PM  97    2010  88      5       93
                                      1931
  MINIMUM         62    516 AM  41    1999  57      5       58
  AVERAGE         78                        72      6       76

PRECIPITATION (IN)
  YESTERDAY        0.00          0.71 1958   0.03  -0.03     0.00
  MONTH TO DATE    T                         0.62  -0.62     0.50
  SINCE JUN 1      0.57                      1.89  -1.32     1.30
  SINCE JAN 1     15.72                      8.11   7.61    11.82

SNOWFALL (IN)
  YESTERDAY        0.0                       0.0    0.0      0.0
  MONTH TO DATE    0.0                       0.0    0.0      0.0
  SINCE JUN 1      0.0                       0.1   -0.1      0.0
  SINCE JUL 1      0.0                       0.0    0.0      0.0
  SNOW DEPTH       0

DEGREE DAYS
 HEATING
  YESTERDAY        0                         0      0        0
  MONTH TO DATE    4                        11     -7       10
  SINCE JUN 1     26                       137   -111       41
  SINCE JUL 1      4                        11     -7       10

 COOLING
  YESTERDAY       13                         8      5       11
  MONTH TO DATE  194                       172     22      116
  SINCE JUN 1    322                       236     86      226
  SINCE JAN 1    322                       241     81      226
..................................................................


WIND (MPH)
  HIGHEST WIND SPEED    16   HIGHEST WIND DIRECTION    NE (30)
  HIGHEST GUST SPEED    23   HIGHEST GUST DIRECTION    NE (30)
  AVERAGE WIND SPEED     5.2


SKY COVER
  POSSIBLE SUNSHINE  MM
  AVERAGE SKY COVER 0.0


WEATHER CONDITIONS
 THE FOLLOWING WEATHER WAS RECORDED YESTERDAY.
  NO SIGNIFICANT WEATHER WAS OBSERVED.


RELATIVE HUMIDITY (PERCENT)
 HIGHEST    45           700 AM
 LOWEST     13           500 PM
 AVERAGE    29

..........................................................


THE LANDER WY CLIMATE NORMALS FOR TODAY
                         NORMAL    RECORD    YEAR
 MAXIMUM TEMPERATURE (F)   88       102      1935
 MINIMUM TEMPERATURE (F)   57        42      1894


SUNRISE AND SUNSET
JULY 27 2016..........SUNRISE   602 AM MDT   SUNSET   840 PM MDT
JULY 28 2016..........SUNRISE   603 AM MDT   SUNSET   839 PM MDT


-  INDICATES NEGATIVE NUMBERS.
R  INDICATES RECORD WAS SET OR TIED.
MM INDICATES DATA IS MISSING.
T  INDICATES TRACE AMOUNT.




$$
