000
CDUS45 KRIW 240734
CLILND


CLIMATE REPORT
NATIONAL WEATHER SERVICE RIVERTON WY
134 AM MDT SUN MAY 24 2015


...................................

...THE LANDER WY CLIMATE SUMMARY FOR MAY 23 2015...

CLIMATE NORMAL PERIOD 1981 TO 2010
CLIMATE RECORD PERIOD 1891 TO 2015


WEATHER ITEM   OBSERVED TIME   RECORD YEAR NORMAL DEPARTURE LAST
                VALUE   (LST)  VALUE       VALUE  FROM      YEAR
                                                  NORMAL
..................................................................
TEMPERATURE (F)
 YESTERDAY
  MAXIMUM         62    136 PM  85    1984  69     -7       73
  MINIMUM         44    504 AM  26    1916  42      2       50
  AVERAGE         53                        56     -3       62

PRECIPITATION (IN)
  YESTERDAY        0.13          1.46 1906   0.07   0.06     0.00
  MONTH TO DATE    4.31                      1.67   2.64     1.49
  SINCE MAR 1      7.17                      4.70   2.47     3.37
  SINCE JAN 1      8.73                      5.69   3.04     4.17

SNOWFALL (IN)
  YESTERDAY        0.0                       0.1   -0.1      0.0
  MONTH TO DATE    0.8                       4.6   -3.8      2.2
  SINCE MAR 1     20.0                      37.5  -17.5     20.4
  SINCE JUL 1     73.9                      91.1  -17.2     75.7
  SNOW DEPTH       0

DEGREE DAYS
 HEATING
  YESTERDAY       12                        10      2        3
  MONTH TO DATE  380                       300     80      317
  SINCE MAR 1   1738                      1850   -112     1833
  SINCE JUL 1   6862                      7554   -692     7569

 COOLING
  YESTERDAY        0                         0      0        0
  MONTH TO DATE    0                         0      0        2
  SINCE MAR 1      0                         0      0        2
  SINCE JAN 1      0                         0      0        2
..................................................................


WIND (MPH)
  HIGHEST WIND SPEED    20   HIGHEST WIND DIRECTION     W (260)
  HIGHEST GUST SPEED    25   HIGHEST GUST DIRECTION     W (260)
  AVERAGE WIND SPEED     6.9


SKY COVER
  POSSIBLE SUNSHINE  MM
  AVERAGE SKY COVER 0.9


WEATHER CONDITIONS
 THE FOLLOWING WEATHER WAS RECORDED YESTERDAY.
  THUNDERSTORM
  RAIN
  LIGHT RAIN
  FOG


RELATIVE HUMIDITY (PERCENT)
 HIGHEST    93          1200 AM
 LOWEST     57           200 PM
 AVERAGE    75

..........................................................


THE LANDER WY CLIMATE NORMALS FOR TODAY
                         NORMAL    RECORD    YEAR
 MAXIMUM TEMPERATURE (F)   69        85      1985
 MINIMUM TEMPERATURE (F)   42        29      2007


SUNRISE AND SUNSET
MAY 24 2015...........SUNRISE   544 AM MDT   SUNSET   840 PM MDT
MAY 25 2015...........SUNRISE   544 AM MDT   SUNSET   841 PM MDT


-  INDICATES NEGATIVE NUMBERS.
R  INDICATES RECORD WAS SET OR TIED.
MM INDICATES DATA IS MISSING.
T  INDICATES TRACE AMOUNT.




$$
