000
CDUS45 KRIW 290755
CLILND


CLIMATE REPORT
NATIONAL WEATHER SERVICE RIVERTON WY
128 AM MDT SUN MAR 29 2015


...................................

...THE LANDER WY CLIMATE SUMMARY FOR MARCH 28 2015...

CLIMATE NORMAL PERIOD 1981 TO 2010
CLIMATE RECORD PERIOD 1891 TO 2015


WEATHER ITEM   OBSERVED TIME   RECORD YEAR NORMAL DEPARTURE LAST
                VALUE   (LST)  VALUE       VALUE  FROM      YEAR
                                                  NORMAL
..................................................................
TEMPERATURE (F)
 YESTERDAY
  MAXIMUM         73R   125 PM  72    1986  51     22       51
  MINIMUM         40    643 AM  -3    1944  27     13       23
  AVERAGE         57                        39     18       37

PRECIPITATION (IN)
  YESTERDAY        0.00          1.02 2007   0.04  -0.04     0.00
  MONTH TO DATE    0.55                      1.01  -0.46     0.82
  SINCE MAR 1      0.55                      1.01  -0.46     0.82
  SINCE JAN 1      2.11                      2.00   0.11     1.62

SNOWFALL (IN)
  YESTERDAY        0.0                       0.6   -0.6      0.0
  MONTH TO DATE    8.9                      14.3   -5.4     11.3
  SINCE MAR 1      8.9                      14.3   -5.4     11.3
  SINCE JUL 1     62.8                      67.9   -5.1     66.6
  SNOW DEPTH       0

DEGREE DAYS
 HEATING
  YESTERDAY        8                        26    -18       28
  MONTH TO DATE  727                       839   -112      825
  SINCE MAR 1    727                       839   -112      825
  SINCE JUL 1   5851                      6543   -692     6561

 COOLING
  YESTERDAY        0                         0      0        0
  MONTH TO DATE    0                         0      0        0
  SINCE MAR 1      0                         0      0        0
  SINCE JAN 1      0                         0      0        0
..................................................................


WIND (MPH)
  HIGHEST WIND SPEED    54   HIGHEST WIND DIRECTION     W (260)
  HIGHEST GUST SPEED    71   HIGHEST GUST DIRECTION     W (260)
  AVERAGE WIND SPEED    15.8


SKY COVER
  POSSIBLE SUNSHINE  MM
  AVERAGE SKY COVER 0.0


WEATHER CONDITIONS
 THE FOLLOWING WEATHER WAS RECORDED YESTERDAY.
  NO SIGNIFICANT WEATHER WAS OBSERVED.


RELATIVE HUMIDITY (PERCENT)
 HIGHEST    46           300 AM
 LOWEST     12           500 PM
 AVERAGE    29

..........................................................


THE LANDER WY CLIMATE NORMALS FOR TODAY
                         NORMAL    RECORD    YEAR
 MAXIMUM TEMPERATURE (F)   52        72      1943
 MINIMUM TEMPERATURE (F)   27        -4      1987


SUNRISE AND SUNSET
MARCH 29 2015.........SUNRISE   703 AM MDT   SUNSET   737 PM MDT
MARCH 30 2015.........SUNRISE   701 AM MDT   SUNSET   739 PM MDT


-  INDICATES NEGATIVE NUMBERS.
R  INDICATES RECORD WAS SET OR TIED.
MM INDICATES DATA IS MISSING.
T  INDICATES TRACE AMOUNT.




$$
