000
CDUS45 KRIW 290740
CLILND


CLIMATE REPORT
NATIONAL WEATHER SERVICE RIVERTON WY
129 AM MDT SUN MAY 29 2016


...................................

...THE LANDER WY CLIMATE SUMMARY FOR MAY 28 2016...

CLIMATE NORMAL PERIOD 1981 TO 2010
CLIMATE RECORD PERIOD 1891 TO 2016


WEATHER ITEM   OBSERVED TIME   RECORD YEAR NORMAL DEPARTURE LAST
                VALUE   (LST)  VALUE       VALUE  FROM      YEAR
                                                  NORMAL
..................................................................
TEMPERATURE (F)
 YESTERDAY
  MAXIMUM         71    324 PM  90    2003  70      1       66
  MINIMUM         39    456 AM  27    1947  43     -4       46
  AVERAGE         55                        57     -2       56

PRECIPITATION (IN)
  YESTERDAY        0.00          1.24 1956   0.06  -0.06     0.15
  MONTH TO DATE    5.03                      2.01   3.02     6.09
  SINCE MAR 1     14.23                      5.04   9.19     8.95
  SINCE JAN 1     15.15                      6.03   9.12    10.51

SNOWFALL (IN)
  YESTERDAY        0.0                       0.1   -0.1      0.0
  MONTH TO DATE    T                         4.8   -4.8      0.8
  SINCE MAR 1     38.2                      37.7    0.5     20.0
  SINCE JUL 1     75.2                      91.3  -16.1     73.9
  SNOW DEPTH       0

DEGREE DAYS
 HEATING
  YESTERDAY       10                         8      2        9
  MONTH TO DATE  396                       344     52      439
  SINCE MAR 1   1822                      1894    -72     1797
  SINCE JUL 1   6973                      7598   -625     6921

 COOLING
  YESTERDAY        0                         0      0        0
  MONTH TO DATE    0                         0      0        0
  SINCE MAR 1      0                         0      0        0
  SINCE JAN 1      0                         0      0        0
..................................................................


WIND (MPH)
  HIGHEST WIND SPEED    20   HIGHEST WIND DIRECTION    NW (300)
  HIGHEST GUST SPEED    25   HIGHEST GUST DIRECTION    NW (310)
  AVERAGE WIND SPEED     6.9


SKY COVER
  POSSIBLE SUNSHINE  MM
  AVERAGE SKY COVER 0.1


WEATHER CONDITIONS
 THE FOLLOWING WEATHER WAS RECORDED YESTERDAY.
  NO SIGNIFICANT WEATHER WAS OBSERVED.


RELATIVE HUMIDITY (PERCENT)
 HIGHEST    79           500 AM
 LOWEST     20           400 PM
 AVERAGE    50

..........................................................


THE LANDER WY CLIMATE NORMALS FOR TODAY
                         NORMAL    RECORD    YEAR
 MAXIMUM TEMPERATURE (F)   71        93      2003
 MINIMUM TEMPERATURE (F)   44        24      1947


SUNRISE AND SUNSET
MAY 29 2016...........SUNRISE   540 AM MDT   SUNSET   845 PM MDT
MAY 30 2016...........SUNRISE   540 AM MDT   SUNSET   846 PM MDT


-  INDICATES NEGATIVE NUMBERS.
R  INDICATES RECORD WAS SET OR TIED.
MM INDICATES DATA IS MISSING.
T  INDICATES TRACE AMOUNT.




$$
