000
CDUS45 KRIW 020731
CLILND


CLIMATE REPORT
NATIONAL WEATHER SERVICE RIVERTON WY
131 AM MDT THU OCT 2 2014


...................................

...THE LANDER WY CLIMATE SUMMARY FOR OCTOBER 1 2014...

CLIMATE NORMAL PERIOD 1981 TO 2010
CLIMATE RECORD PERIOD 1891 TO 2014


WEATHER ITEM   OBSERVED TIME   RECORD YEAR NORMAL DEPARTURE LAST
                VALUE   (LST)  VALUE       VALUE  FROM      YEAR
                                                  NORMAL
..................................................................
TEMPERATURE (F)
 YESTERDAY
  MAXIMUM         48   1012 AM  85    2011  65    -17       69
                                      1963
  MINIMUM         34   1136 PM  24    1950  38     -4       38
                                      1944
  AVERAGE         41                        51    -10       54

PRECIPITATION (IN)
  YESTERDAY        0.18          1.50 1891   0.05   0.13     0.00
  MONTH TO DATE    0.18                      0.05   0.13     0.00
  SINCE SEP 1      1.97                      1.10   0.87     3.78
  SINCE JAN 1      8.99                      9.98  -0.99    11.64

SNOWFALL (IN)
  YESTERDAY        0.0                       0.2   -0.2      0.0
  MONTH TO DATE    0.0                       0.2   -0.2      0.0
  SINCE SEP 1      T                         2.9   -2.9      4.1
  SINCE JUL 1      T                         2.9   -2.9      4.1
  SNOW DEPTH       0

DEGREE DAYS
 HEATING
  YESTERDAY       24                        14     10       11
  MONTH TO DATE   24                        14     10       11
  SINCE SEP 1    177                       233    -56      203
  SINCE JUL 1    221                       273    -52      203

 COOLING
  YESTERDAY        0                         0      0        0
  MONTH TO DATE    0                         0      0        0
  SINCE SEP 1     39                        27     12       65
  SINCE JAN 1    445                       472    -27      743
..................................................................


WIND (MPH)
  HIGHEST WIND SPEED    21   HIGHEST WIND DIRECTION     N (20)
  HIGHEST GUST SPEED    26   HIGHEST GUST DIRECTION     N (20)
  AVERAGE WIND SPEED     5.6


SKY COVER
  POSSIBLE SUNSHINE  MM
  AVERAGE SKY COVER 0.5


WEATHER CONDITIONS
 THE FOLLOWING WEATHER WAS RECORDED YESTERDAY.
  LIGHT RAIN
  FOG


RELATIVE HUMIDITY (PERCENT)
 HIGHEST    92           200 PM
 LOWEST     64          1100 PM
 AVERAGE    78

..........................................................


THE LANDER WY CLIMATE NORMALS FOR TODAY
                         NORMAL    RECORD    YEAR
 MAXIMUM TEMPERATURE (F)   64        83      2011
 MINIMUM TEMPERATURE (F)   38        20      1891


SUNRISE AND SUNSET
OCTOBER  2 2014.......SUNRISE   713 AM MDT   SUNSET   654 PM MDT
OCTOBER  3 2014.......SUNRISE   714 AM MDT   SUNSET   653 PM MDT


-  INDICATES NEGATIVE NUMBERS.
R  INDICATES RECORD WAS SET OR TIED.
MM INDICATES DATA IS MISSING.
T  INDICATES TRACE AMOUNT.




$$
