000
CDUS45 KRIW 240039
CLILND


CLIMATE REPORT
NATIONAL WEATHER SERVICE RIVERTON WY
631 PM MDT WED JUL 23 2014


...................................

...THE LANDER WY CLIMATE SUMMARY FOR JULY 23 2014...
VALID TODAY AS OF 0500 PM LOCAL TIME.

CLIMATE NORMAL PERIOD 1981 TO 2010
CLIMATE RECORD PERIOD 1891 TO 2014


WEATHER ITEM   OBSERVED TIME   RECORD YEAR NORMAL DEPARTURE LAST
                VALUE   (LST)  VALUE       VALUE  FROM      YEAR
                                                  NORMAL
..................................................................
TEMPERATURE (F)
 TODAY
  MAXIMUM         99        MM 100    2003  88     11       90
  MINIMUM         61        MM  40    1899  57      4       60
  AVERAGE         80                        72      8       75

PRECIPITATION (IN)
  TODAY            0.00          0.95 1984   0.03  -0.03     0.00
  MONTH TO DATE    0.28                      0.53  -0.25     0.27
  SINCE JUN 1      0.88                      1.80  -0.92     0.32
  SINCE JAN 1      5.07                      8.02  -2.95     7.84

DEGREE DAYS
 HEATING
  TODAY            0                         0      0        0
  MONTH TO DATE    3                        11     -8        0
  SINCE JUN 1    139                       137      2       54
  SINCE JUL 1      3                        11     -8        0

 COOLING
  TODAY           15                         8      7       10
  MONTH TO DATE  184                       148     36      245
  SINCE JUN 1    207                       212     -5      359
  SINCE JAN 1    225                       217      8      368
..................................................................


WIND (MPH)
  HIGHEST WIND SPEED    16   HIGHEST WIND DIRECTION     W (250)
  HIGHEST GUST SPEED    48   HIGHEST GUST DIRECTION     S (200)
  AVERAGE WIND SPEED     6.0


SKY COVER
  POSSIBLE SUNSHINE  MM
  AVERAGE SKY COVER 0.0


WEATHER CONDITIONS
 THE FOLLOWING WEATHER WAS RECORDED TODAY.
  NO SIGNIFICANT WEATHER WAS OBSERVED.


RELATIVE HUMIDITY (PERCENT)
 HIGHEST    53           800 AM
 LOWEST     11           300 PM
 AVERAGE    32

..........................................................


THE LANDER WY CLIMATE NORMALS FOR TOMORROW
                         NORMAL    RECORD    YEAR
 MAXIMUM TEMPERATURE (F)   88       100      2003
 MINIMUM TEMPERATURE (F)   57        43      1924


SUNRISE AND SUNSET
JULY 23 2014..........SUNRISE   557 AM MDT   SUNSET   845 PM MDT
JULY 24 2014..........SUNRISE   558 AM MDT   SUNSET   844 PM MDT


-  INDICATES NEGATIVE NUMBERS.
R  INDICATES RECORD WAS SET OR TIED.
MM INDICATES DATA IS MISSING.
T  INDICATES TRACE AMOUNT.




$$
