000
CDUS45 KRIW 260735
CLILND


CLIMATE REPORT
NATIONAL WEATHER SERVICE RIVERTON WY
134 AM MDT WED APR 26 2017


...................................

...THE LANDER WY CLIMATE SUMMARY FOR APRIL 25 2017...

CLIMATE NORMAL PERIOD 1981 TO 2010
CLIMATE RECORD PERIOD 1891 TO 2017


WEATHER ITEM   OBSERVED TIME   RECORD YEAR NORMAL DEPARTURE LAST
                VALUE   (LST)  VALUE       VALUE  FROM      YEAR
                                                  NORMAL
..................................................................
TEMPERATURE (F)
 YESTERDAY
  MAXIMUM         45    535 PM  81    1946  59    -14       51
  MINIMUM         31   1159 PM  12    1907  34     -3       36
  AVERAGE         38                        47     -9       44

PRECIPITATION (IN)
  YESTERDAY        0.09          2.15 1971   0.06   0.03     1.26
  MONTH TO DATE    1.78                      1.49   0.29     2.49
  SINCE MAR 1      6.43                      2.65   3.78     7.08
  SINCE JAN 1      8.81                      3.64   5.17     8.00

SNOWFALL (IN)
  YESTERDAY        T                         0.5   -0.5      0.0
  MONTH TO DATE   10.7                      14.3   -3.6      0.9
  SINCE MAR 1     16.4                      30.4  -14.0     34.2
  SINCE JUL 1     77.4                      84.0   -6.6     71.2
  SNOW DEPTH       0

DEGREE DAYS
 HEATING
  YESTERDAY       27                        18      9       21
  MONTH TO DATE  527                       547    -20      457
  SINCE MAR 1   1239                      1462   -223     1278
  SINCE JUL 1   6942                      7166   -224     6429

 COOLING
  YESTERDAY        0                         0      0        0
  MONTH TO DATE    0                         0      0        0
  SINCE MAR 1      0                         0      0        0
  SINCE JAN 1      0                         0      0        0
..................................................................


WIND (MPH)
  HIGHEST WIND SPEED    21   HIGHEST WIND DIRECTION     N (360)
  HIGHEST GUST SPEED    26   HIGHEST GUST DIRECTION     N (360)
  AVERAGE WIND SPEED     6.1


SKY COVER
  POSSIBLE SUNSHINE  MM
  AVERAGE SKY COVER 0.7


WEATHER CONDITIONS
 THE FOLLOWING WEATHER WAS RECORDED YESTERDAY.
  LIGHT RAIN
  LIGHT SNOW
  FOG


RELATIVE HUMIDITY (PERCENT)
 HIGHEST    92          1100 AM
 LOWEST     53           600 PM
 AVERAGE    73

..........................................................


THE LANDER WY CLIMATE NORMALS FOR TODAY
                         NORMAL    RECORD    YEAR
 MAXIMUM TEMPERATURE (F)   60        79      1910
 MINIMUM TEMPERATURE (F)   34        15      1924


SUNRISE AND SUNSET
APRIL 26 2017.........SUNRISE   616 AM MDT   SUNSET   810 PM MDT
APRIL 27 2017.........SUNRISE   614 AM MDT   SUNSET   811 PM MDT


-  INDICATES NEGATIVE NUMBERS.
R  INDICATES RECORD WAS SET OR TIED.
MM INDICATES DATA IS MISSING.
T  INDICATES TRACE AMOUNT.




$$
