000
CDUS45 KRIW 020736
CLILND


CLIMATE REPORT
NATIONAL WEATHER SERVICE RIVERTON WY
134 AM MDT TUE SEP 2 2014


...................................

...THE LANDER WY CLIMATE SUMMARY FOR SEPTEMBER 1 2014...

CLIMATE NORMAL PERIOD 1981 TO 2010
CLIMATE RECORD PERIOD 1891 TO 2014


WEATHER ITEM   OBSERVED TIME   RECORD YEAR NORMAL DEPARTURE LAST
                VALUE   (LST)  VALUE       VALUE  FROM      YEAR
                                                  NORMAL
..................................................................
TEMPERATURE (F)
 YESTERDAY
  MAXIMUM         75    414 PM  94    1983  80     -5       87
  MINIMUM         46    548 AM  33    1905  50     -4       56
  AVERAGE         61                        65     -4       72

PRECIPITATION (IN)
  YESTERDAY        0.00          1.21 1973   0.02  -0.02     0.00
  MONTH TO DATE    0.00                      0.02  -0.02     0.00
  SINCE SEP 1      0.00                      0.02  -0.02     0.00
  SINCE JAN 1      7.02                      8.90  -1.88     7.86

SNOWFALL (IN)
  YESTERDAY        0.0                       0.0    0.0      0.0
  MONTH TO DATE    0.0                       0.0    0.0      0.0
  SINCE SEP 1      0.0                       0.0    0.0      0.0
  SINCE JUL 1      0.0                       0.0    0.0      0.0
  SNOW DEPTH       0

DEGREE DAYS
 HEATING
  YESTERDAY        4                         2      2        0
  MONTH TO DATE    4                         2      2        0
  SINCE SEP 1      4                         2      2        0
  SINCE JUL 1     48                        42      6        0

 COOLING
  YESTERDAY        0                         3     -3        7
  MONTH TO DATE    0                         3     -3        7
  SINCE SEP 1      0                         3     -3        7
  SINCE JAN 1    406                       448    -42      685
..................................................................


WIND (MPH)
  HIGHEST WIND SPEED    14   HIGHEST WIND DIRECTION    SW (230)
  HIGHEST GUST SPEED    16   HIGHEST GUST DIRECTION    SW (230)
  AVERAGE WIND SPEED     4.5


SKY COVER
  POSSIBLE SUNSHINE  MM
  AVERAGE SKY COVER 0.0


WEATHER CONDITIONS
 THE FOLLOWING WEATHER WAS RECORDED YESTERDAY.
  NO SIGNIFICANT WEATHER WAS OBSERVED.


RELATIVE HUMIDITY (PERCENT)
 HIGHEST    77           300 AM
 LOWEST     16           500 PM
 AVERAGE    47

..........................................................


THE LANDER WY CLIMATE NORMALS FOR TODAY
                         NORMAL    RECORD    YEAR
 MAXIMUM TEMPERATURE (F)   80        92      2007
                                             1950
                                             1947
 MINIMUM TEMPERATURE (F)   50        34      1914
                                             1905


SUNRISE AND SUNSET
SEPTEMBER  2 2014.....SUNRISE   641 AM MDT   SUNSET   748 PM MDT
SEPTEMBER  3 2014.....SUNRISE   642 AM MDT   SUNSET   746 PM MDT


-  INDICATES NEGATIVE NUMBERS.
R  INDICATES RECORD WAS SET OR TIED.
MM INDICATES DATA IS MISSING.
T  INDICATES TRACE AMOUNT.




$$
