000
CDUS45 KRIW 220735
CLILND


CLIMATE REPORT
NATIONAL WEATHER SERVICE RIVERTON WY
1233 AM MST THU FEB 22 2018


...................................

...THE LANDER WY CLIMATE SUMMARY FOR FEBRUARY 21 2018...

CLIMATE NORMAL PERIOD 1981 TO 2010
CLIMATE RECORD PERIOD 1891 TO 2018


WEATHER ITEM   OBSERVED TIME   RECORD YEAR NORMAL DEPARTURE LAST
                VALUE   (LST)  VALUE       VALUE  FROM      YEAR
                                                  NORMAL
..................................................................
TEMPERATURE (F)
 YESTERDAY
  MAXIMUM         14    411 PM  65    1982  38    -24       53
  MINIMUM        -13    747 AM -16    1939  16    -29       32
  AVERAGE          1                        27    -26       43

PRECIPITATION (IN)
  YESTERDAY        0.00          0.38 2015   0.02  -0.02     0.23
  MONTH TO DATE    0.94                      0.40   0.54     0.36
  SINCE DEC 1      2.85                      1.39   1.46     2.53
  SINCE JAN 1      1.62                      0.81   0.81     1.63

SNOWFALL (IN)
  YESTERDAY        0.0                       0.4   -0.4      0.6
  MONTH TO DATE    9.3                       7.5    1.8      4.0
  SINCE DEC 1     39.2                      25.2   14.0     31.4
  SINCE JUL 1     47.2                      50.8   -3.6     45.4
  SNOW DEPTH       4

DEGREE DAYS
 HEATING
  YESTERDAY       64                        38     26       22
  MONTH TO DATE  900                       858     42      704
  SINCE DEC 1   3520                      3575    -55     3823
  SINCE JUL 1   5120                      5448   -328     5379

 COOLING
  YESTERDAY        0                         0      0        0
  MONTH TO DATE    0                         0      0        0
  SINCE DEC 1      0                         0      0        0
  SINCE JAN 1      0                         0      0        0
..................................................................


WIND (MPH)
  HIGHEST WIND SPEED    12   HIGHEST WIND DIRECTION     W (250)
  HIGHEST GUST SPEED    13   HIGHEST GUST DIRECTION     W (250)
  AVERAGE WIND SPEED     3.2


SKY COVER
  POSSIBLE SUNSHINE  MM
  AVERAGE SKY COVER 0.0


WEATHER CONDITIONS
 THE FOLLOWING WEATHER WAS RECORDED YESTERDAY.
  FOG


RELATIVE HUMIDITY (PERCENT)
 HIGHEST    92           200 AM
 LOWEST     58           400 PM
 AVERAGE    75

..........................................................


THE LANDER WY CLIMATE NORMALS FOR TODAY
                         NORMAL    RECORD    YEAR
 MAXIMUM TEMPERATURE (F)   39        61      1982
                                             1958
 MINIMUM TEMPERATURE (F)   16       -18      1913


SUNRISE AND SUNSET
FEBRUARY 22 2018......SUNRISE   702 AM MST   SUNSET   556 PM MST
FEBRUARY 23 2018......SUNRISE   700 AM MST   SUNSET   557 PM MST


-  INDICATES NEGATIVE NUMBERS.
R  INDICATES RECORD WAS SET OR TIED.
MM INDICATES DATA IS MISSING.
T  INDICATES TRACE AMOUNT.




$$
