000
CDUS45 KRIW 290733
CLILND


CLIMATE REPORT
NATIONAL WEATHER SERVICE RIVERTON WY
132 AM MDT TUE JUL 29 2014


...................................

...THE LANDER WY CLIMATE SUMMARY FOR JULY 28 2014...

CLIMATE NORMAL PERIOD 1981 TO 2010
CLIMATE RECORD PERIOD 1891 TO 2014


WEATHER ITEM   OBSERVED TIME   RECORD YEAR NORMAL DEPARTURE LAST
                VALUE   (LST)  VALUE       VALUE  FROM      YEAR
                                                  NORMAL
..................................................................
TEMPERATURE (F)
 YESTERDAY
  MAXIMUM         95    233 PM  99    2006  88      7       88
  MINIMUM         58    613 AM  42    1911  57      1       54
                                      1909
                                      1894
  AVERAGE         77                        72      5       71

PRECIPITATION (IN)
  YESTERDAY        0.00          0.95 1997   0.03  -0.03     0.00
  MONTH TO DATE    0.28                      0.68  -0.40     0.27
  SINCE JUN 1      0.88                      1.95  -1.07     0.32
  SINCE JAN 1      5.07                      8.17  -3.10     7.84

SNOWFALL (IN)
  YESTERDAY        0.0                       0.0    0.0      0.0
  MONTH TO DATE    0.0                       0.0    0.0      0.0
  SINCE JUN 1      0.0                       0.1   -0.1      0.0
  SINCE JUL 1      0.0                       0.0    0.0      0.0
  SNOW DEPTH       0

DEGREE DAYS
 HEATING
  YESTERDAY        0                         0      0        0
  MONTH TO DATE    3                        11     -8        0
  SINCE JUN 1    139                       137      2       54
  SINCE JUL 1      3                        11     -8        0

 COOLING
  YESTERDAY       12                         8      4        6
  MONTH TO DATE  238                       188     50      283
  SINCE JUN 1    261                       252      9      397
  SINCE JAN 1    279                       257     22      406
..................................................................


WIND (MPH)
  HIGHEST WIND SPEED    18   HIGHEST WIND DIRECTION     E (100)
  HIGHEST GUST SPEED    29   HIGHEST GUST DIRECTION     E (70)
  AVERAGE WIND SPEED     6.5


SKY COVER
  POSSIBLE SUNSHINE  MM
  AVERAGE SKY COVER 0.0


WEATHER CONDITIONS
 THE FOLLOWING WEATHER WAS RECORDED YESTERDAY.
  NO SIGNIFICANT WEATHER WAS OBSERVED.


RELATIVE HUMIDITY (PERCENT)
 HIGHEST    37           600 AM
 LOWEST     13           200 PM
 AVERAGE    25

..........................................................


THE LANDER WY CLIMATE NORMALS FOR TODAY
                         NORMAL    RECORD    YEAR
 MAXIMUM TEMPERATURE (F)   88       101      2006
 MINIMUM TEMPERATURE (F)   57        43      1909
                                             1892


SUNRISE AND SUNSET
JULY 29 2014..........SUNRISE   603 AM MDT   SUNSET   839 PM MDT
JULY 30 2014..........SUNRISE   604 AM MDT   SUNSET   838 PM MDT


-  INDICATES NEGATIVE NUMBERS.
R  INDICATES RECORD WAS SET OR TIED.
MM INDICATES DATA IS MISSING.
T  INDICATES TRACE AMOUNT.




$$
