000
CDUS45 KRIW 030731
CLILND


CLIMATE REPORT
NATIONAL WEATHER SERVICE RIVERTON WY
1230 AM MST SAT DEC 3 2016


...................................

...THE LANDER WY CLIMATE SUMMARY FOR DECEMBER 2 2016...

CLIMATE NORMAL PERIOD 1981 TO 2010
CLIMATE RECORD PERIOD 1891 TO 2016


WEATHER ITEM   OBSERVED TIME   RECORD YEAR NORMAL DEPARTURE LAST
                VALUE   (LST)  VALUE       VALUE  FROM      YEAR
                                                  NORMAL
..................................................................
TEMPERATURE (F)
 YESTERDAY
  MAXIMUM         31    313 PM  62    2012  34     -3       20
  MINIMUM         14    957 PM -12    1985  12      2       -2
  AVERAGE         23                        23      0        9

PRECIPITATION (IN)
  YESTERDAY        0.01          0.98 1955   0.02  -0.01     0.00
  MONTH TO DATE    0.01                      0.04  -0.03     0.00
  SINCE DEC 1      0.01                      0.04  -0.03     0.00
  SINCE JAN 1     20.40                     12.12   8.28    14.65

SNOWFALL (IN)
  YESTERDAY        0.1                       0.4   -0.3      0.0
  MONTH TO DATE    0.1                       0.8   -0.7      0.0
  SINCE DEC 1      0.1                       0.8   -0.7      0.0
  SINCE JUL 1     14.1                      26.4  -12.3     19.0
  SNOW DEPTH       1

DEGREE DAYS
 HEATING
  YESTERDAY       42                        42      0       56
  MONTH TO DATE   85                        84      1      107
  SINCE DEC 1     85                        84      1      107
  SINCE JUL 1   1641                      1957   -316     1619

 COOLING
  YESTERDAY        0                         0      0        0
  MONTH TO DATE    0                         0      0        0
  SINCE DEC 1      0                         0      0        0
  SINCE JAN 1    562                       472     90      519
..................................................................


WIND (MPH)
  HIGHEST WIND SPEED    13   HIGHEST WIND DIRECTION    SW (240)
  HIGHEST GUST SPEED    14   HIGHEST GUST DIRECTION     W (250)
  AVERAGE WIND SPEED     4.8


SKY COVER
  POSSIBLE SUNSHINE  MM
  AVERAGE SKY COVER 0.4


WEATHER CONDITIONS
 THE FOLLOWING WEATHER WAS RECORDED YESTERDAY.
  LIGHT SNOW
  FOG


RELATIVE HUMIDITY (PERCENT)
 HIGHEST    84           900 AM
 LOWEST     50          1200 PM
 AVERAGE    67

..........................................................


THE LANDER WY CLIMATE NORMALS FOR TODAY
                         NORMAL    RECORD    YEAR
 MAXIMUM TEMPERATURE (F)   33        61      1941
 MINIMUM TEMPERATURE (F)   12       -18      1897


SUNRISE AND SUNSET
DECEMBER  3 2016......SUNRISE   729 AM MST   SUNSET   441 PM MST
DECEMBER  4 2016......SUNRISE   730 AM MST   SUNSET   441 PM MST


-  INDICATES NEGATIVE NUMBERS.
R  INDICATES RECORD WAS SET OR TIED.
MM INDICATES DATA IS MISSING.
T  INDICATES TRACE AMOUNT.




$$
