000
CDUS45 KRIW 110741
CLILND


CLIMATE REPORT
NATIONAL WEATHER SERVICE RIVERTON WY
1231 AM MST THU FEB 11 2016


...................................

...THE LANDER WY CLIMATE SUMMARY FOR FEBRUARY 10 2016...

CLIMATE NORMAL PERIOD 1981 TO 2010
CLIMATE RECORD PERIOD 1891 TO 2016


WEATHER ITEM   OBSERVED TIME   RECORD YEAR NORMAL DEPARTURE LAST
                VALUE   (LST)  VALUE       VALUE  FROM      YEAR
                                                  NORMAL
..................................................................
TEMPERATURE (F)
 YESTERDAY
  MAXIMUM         52    238 PM  68    1951  35     17       53
  MINIMUM         19    747 AM -31    1933  12      7       29
  AVERAGE         36                        24     12       41

PRECIPITATION (IN)
  YESTERDAY        0.00          0.49 1897   0.02  -0.02     0.06
  MONTH TO DATE    0.43                      0.17   0.26     0.37
  SINCE DEC 1      1.33                      1.16   0.17     2.19
  SINCE JAN 1      0.85                      0.58   0.27     0.37

SNOWFALL (IN)
  YESTERDAY        0.0                       0.4   -0.4       T
  MONTH TO DATE    3.9                       3.3    0.6      3.4
  SINCE DEC 1     18.0                      21.0   -3.0     24.8
  SINCE JUL 1     37.0                      46.6   -9.6     33.7
  SNOW DEPTH       7

DEGREE DAYS
 HEATING
  YESTERDAY       29                        41    -12       24
  MONTH TO DATE  419                       422     -3      283
  SINCE DEC 1   3138                      3139     -1     2881
  SINCE JUL 1   4650                      5012   -362     4422

 COOLING
  YESTERDAY        0                         0      0        0
  MONTH TO DATE    0                         0      0        0
  SINCE DEC 1      0                         0      0        0
  SINCE JAN 1      0                         0      0        0
..................................................................


WIND (MPH)
  HIGHEST WIND SPEED    13   HIGHEST WIND DIRECTION    SW (240)
  HIGHEST GUST SPEED    15   HIGHEST GUST DIRECTION     W (270)
  AVERAGE WIND SPEED     4.0


SKY COVER
  POSSIBLE SUNSHINE  MM
  AVERAGE SKY COVER 0.0


WEATHER CONDITIONS
 THE FOLLOWING WEATHER WAS RECORDED YESTERDAY.
  NO SIGNIFICANT WEATHER WAS OBSERVED.


RELATIVE HUMIDITY (PERCENT)
 HIGHEST    77           500 AM
 LOWEST     37           900 AM
 AVERAGE    57

..........................................................


THE LANDER WY CLIMATE NORMALS FOR TODAY
                         NORMAL    RECORD    YEAR
 MAXIMUM TEMPERATURE (F)   35        56      1962
 MINIMUM TEMPERATURE (F)   13       -27      1895


SUNRISE AND SUNSET
FEBRUARY 11 2016......SUNRISE   718 AM MST   SUNSET   541 PM MST
FEBRUARY 12 2016......SUNRISE   717 AM MST   SUNSET   542 PM MST


-  INDICATES NEGATIVE NUMBERS.
R  INDICATES RECORD WAS SET OR TIED.
MM INDICATES DATA IS MISSING.
T  INDICATES TRACE AMOUNT.




$$
