000
CDUS45 KRIW 290728
CLILND


CLIMATE REPORT
NATIONAL WEATHER SERVICE RIVERTON WY
127 AM MDT MON MAY 29 2017


...................................

...THE LANDER WY CLIMATE SUMMARY FOR MAY 28 2017...

CLIMATE NORMAL PERIOD 1981 TO 2010
CLIMATE RECORD PERIOD 1891 TO 2017


WEATHER ITEM   OBSERVED TIME   RECORD YEAR NORMAL DEPARTURE LAST
                VALUE   (LST)  VALUE       VALUE  FROM      YEAR
                                                  NORMAL
..................................................................
TEMPERATURE (F)
 YESTERDAY
  MAXIMUM         70    403 PM  90    2003  70      0       71
  MINIMUM         42    529 AM  27    1947  43     -1       39
  AVERAGE         56                        57     -1       55

PRECIPITATION (IN)
  YESTERDAY        0.01          1.24 1956   0.06  -0.05     0.00
  MONTH TO DATE    2.20                      2.01   0.19     5.03
  SINCE MAR 1     10.11                      5.04   5.07    14.23
  SINCE JAN 1     12.49                      6.03   6.46    15.15

SNOWFALL (IN)
  YESTERDAY        0.0                       0.1   -0.1      0.0
  MONTH TO DATE    6.8                       4.8    2.0       T
  SINCE MAR 1     29.9                      37.7   -7.8     38.2
  SINCE JUL 1     90.9                      91.3   -0.4     75.2
  SNOW DEPTH       0

DEGREE DAYS
 HEATING
  YESTERDAY        9                         8      1       10
  MONTH TO DATE  365                       344     21      396
  SINCE MAR 1   1747                      1894   -147     1822
  SINCE JUL 1   7450                      7598   -148     6973

 COOLING
  YESTERDAY        0                         0      0        0
  MONTH TO DATE    0                         0      0        0
  SINCE MAR 1      0                         0      0        0
  SINCE JAN 1      0                         0      0        0
..................................................................


WIND (MPH)
  HIGHEST WIND SPEED    23   HIGHEST WIND DIRECTION     N (20)
  HIGHEST GUST SPEED    30   HIGHEST GUST DIRECTION     N (10)
  AVERAGE WIND SPEED     5.4


SKY COVER
  POSSIBLE SUNSHINE  MM
  AVERAGE SKY COVER 0.2


WEATHER CONDITIONS
 THE FOLLOWING WEATHER WAS RECORDED YESTERDAY.
  LIGHT RAIN


RELATIVE HUMIDITY (PERCENT)
 HIGHEST    80           900 PM
 LOWEST     28           200 PM
 AVERAGE    54

..........................................................


THE LANDER WY CLIMATE NORMALS FOR TODAY
                         NORMAL    RECORD    YEAR
 MAXIMUM TEMPERATURE (F)   71        93      2003
 MINIMUM TEMPERATURE (F)   44        24      1947


SUNRISE AND SUNSET
MAY 29 2017...........SUNRISE   541 AM MDT   SUNSET   845 PM MDT
MAY 30 2017...........SUNRISE   540 AM MDT   SUNSET   845 PM MDT


-  INDICATES NEGATIVE NUMBERS.
R  INDICATES RECORD WAS SET OR TIED.
MM INDICATES DATA IS MISSING.
T  INDICATES TRACE AMOUNT.




$$
