638
CDUS43 KOAX 190623
CLILNK


CLIMATE REPORT
NATIONAL WEATHER SERVICE OMAHA NEBRASKA
123 AM CDT THU OCT 19 2017


...................................

...THE LINCOLN, NEBRASKA CLIMATE SUMMARY FOR OCTOBER 18 2017...

CLIMATE NORMAL PERIOD 1981 TO 2010
CLIMATE RECORD PERIOD 1887 TO 2017


WEATHER ITEM   OBSERVED TIME   RECORD YEAR NORMAL DEPARTURE LAST
                VALUE   (LST)  VALUE       VALUE  FROM      YEAR
                                                  NORMAL
..................................................................
TEMPERATURE (F)
 YESTERDAY
  MAXIMUM         80    433 PM  87    2005  65     15       71
                                      1945
  MINIMUM         46   1159 PM  21    1972  40      6       49
  AVERAGE         63                        52     11       60

PRECIPITATION (IN)
  YESTERDAY        0.00          1.27 1971   0.06  -0.06     0.00
  MONTH TO DATE    4.89                      1.23   3.66     1.58
  SINCE SEP 1      6.74                      4.25   2.49     4.96
  SINCE JAN 1     36.57                     25.83  10.74    26.35

SNOWFALL (IN)
  YESTERDAY        0.0                       0.0    0.0      0.0
  MONTH TO DATE    0.0                       0.2   -0.2      0.0
  SINCE JUL 1      0.0                       0.2   -0.2      0.0
  SNOW DEPTH       0

DEGREE DAYS
 HEATING
  YESTERDAY        2                        13    -11        5
  MONTH TO DATE  120                       179    -59      121
  SINCE SEP 1    154                       271   -117      160
  SINCE JUL 1    154                       277   -123      161

 COOLING
  YESTERDAY        0                         0      0        0
  MONTH TO DATE   18                        12      6       13
  SINCE SEP 1    220                       135     85      216
  SINCE JAN 1   1250                      1170     80     1445
..................................................................


WIND (MPH)
  HIGHEST WIND SPEED    17   HIGHEST WIND DIRECTION    SW (210)
  HIGHEST GUST SPEED    21   HIGHEST GUST DIRECTION    SW (220)
  AVERAGE WIND SPEED     7.2


SKY COVER
  POSSIBLE SUNSHINE  MM
  AVERAGE SKY COVER 0.0


WEATHER CONDITIONS
 THE FOLLOWING WEATHER WAS RECORDED YESTERDAY.
  NO SIGNIFICANT WEATHER WAS OBSERVED.


RELATIVE HUMIDITY (PERCENT)
 HIGHEST    86           500 AM
 LOWEST     35           200 PM
 AVERAGE    61

..........................................................


THE LINCOLN, NEBRASKA CLIMATE NORMALS FOR TODAY
                         NORMAL    RECORD    YEAR
 MAXIMUM TEMPERATURE (F)   65        88      2003
 MINIMUM TEMPERATURE (F)   40        12      1972


SUNRISE AND SUNSET
OCTOBER 19 2017.......SUNRISE   743 AM CDT   SUNSET   640 PM CDT
OCTOBER 20 2017.......SUNRISE   744 AM CDT   SUNSET   639 PM CDT


-  INDICATES NEGATIVE NUMBERS.
R  INDICATES RECORD WAS SET OR TIED.
MM INDICATES DATA IS MISSING.
T  INDICATES TRACE AMOUNT.




$$
