000
CDUS43 KOAX 060703
CLILNK


CLIMATE REPORT
NATIONAL WEATHER SERVICE OMAHA NEBRASKA
102 AM CST SAT FEB 6 2016


...................................

...THE LINCOLN, NEBRASKA CLIMATE SUMMARY FOR FEBRUARY 5 2016...

CLIMATE NORMAL PERIOD 1981 TO 2010
CLIMATE RECORD PERIOD 1887 TO 2016


WEATHER ITEM   OBSERVED TIME   RECORD YEAR NORMAL DEPARTURE LAST
                VALUE   (LST)  VALUE       VALUE  FROM      YEAR
                                                  NORMAL
..................................................................
TEMPERATURE (F)
 YESTERDAY
  MAXIMUM         35    502 PM  67    1938  37     -2       26
  MINIMUM         10   1231 AM -20    1936  15     -5      -16
  AVERAGE         23                        26     -3        5

PRECIPITATION (IN)
  YESTERDAY        0.06          0.38 2004   0.03   0.03     0.00
  MONTH TO DATE    0.75                      0.13   0.62     0.82
  SINCE DEC 1      6.00                      1.72   4.28     2.95
  SINCE JAN 1      1.58                      0.77   0.81     1.73

SNOWFALL (IN)
  YESTERDAY        0.9                       0.2    0.7      0.0
  MONTH TO DATE    7.3                       1.1    6.2     11.5
  SINCE JUL 1     20.5                      15.2    5.3     20.5
  SNOW DEPTH       3

DEGREE DAYS
 HEATING
  YESTERDAY       42                        39      3       60
  MONTH TO DATE  200                       195      5      267
  SINCE DEC 1   2350                      2631   -281     2437
  SINCE JUL 1   3250                      3892   -642     3746

 COOLING
  YESTERDAY        0                         0      0        0
  MONTH TO DATE    0                         0      0        0
  SINCE DEC 1      0                         0      0        0
  SINCE JAN 1      0                         0      0        0
..................................................................


WIND (MPH)
  HIGHEST WIND SPEED    14   HIGHEST WIND DIRECTION     S (190)
  HIGHEST GUST SPEED    18   HIGHEST GUST DIRECTION     S (190)
  AVERAGE WIND SPEED     4.9


SKY COVER
  POSSIBLE SUNSHINE  MM
  AVERAGE SKY COVER 0.7


WEATHER CONDITIONS
 THE FOLLOWING WEATHER WAS RECORDED YESTERDAY.
  LIGHT SNOW
  FOG


RELATIVE HUMIDITY (PERCENT)
 HIGHEST    92          1200 AM
 LOWEST     80           500 AM
 AVERAGE    86

..........................................................


THE LINCOLN, NEBRASKA CLIMATE NORMALS FOR TODAY
                         NORMAL    RECORD    YEAR
 MAXIMUM TEMPERATURE (F)   38        65      2009
 MINIMUM TEMPERATURE (F)   16       -17      1889


SUNRISE AND SUNSET
FEBRUARY  6 2016......SUNRISE   733 AM CST   SUNSET   550 PM CST
FEBRUARY  7 2016......SUNRISE   731 AM CST   SUNSET   551 PM CST


-  INDICATES NEGATIVE NUMBERS.
R  INDICATES RECORD WAS SET OR TIED.
MM INDICATES DATA IS MISSING.
T  INDICATES TRACE AMOUNT.




$$
