000
CDUS43 KOAX 240633
CLILNK


CLIMATE REPORT
NATIONAL WEATHER SERVICE OMAHA NEBRASKA
132 AM CDT THU APR 24 2014


...................................

...THE LINCOLN, NEBRASKA CLIMATE SUMMARY FOR APRIL 23 2014...

CLIMATE NORMAL PERIOD 1981 TO 2010
CLIMATE RECORD PERIOD 1887 TO 2014


WEATHER ITEM   OBSERVED TIME   RECORD YEAR NORMAL DEPARTURE LAST
                VALUE   (LST)  VALUE       VALUE  FROM      YEAR
                                                  NORMAL
..................................................................
TEMPERATURE (F)
 YESTERDAY
  MAXIMUM         69    421 PM  89    2009  67      2       39
                                      1921
  MINIMUM         52    810 AM  26    1996  42     10       27
  AVERAGE         61                        54      7       33

PRECIPITATION (IN)
  YESTERDAY        0.13          1.73 1897   0.11   0.02     0.00
  MONTH TO DATE    2.26                      1.92   0.34     3.99
  SINCE MAR 1      2.39                      3.85  -1.46     6.11
  SINCE JAN 1      3.25                      5.26  -2.01     7.38

SNOWFALL (IN)
  YESTERDAY        0.0                       0.1   -0.1      0.0
  MONTH TO DATE    0.5                       1.3   -0.8      0.6
  SINCE JUL 1     18.2                      25.8   -7.6     24.8
  SNOW DEPTH       0

DEGREE DAYS
 HEATING
  YESTERDAY        4                        11     -7       32
  MONTH TO DATE  317                       346    -29      505
  SINCE MAR 1   1174                      1119     55     1434
  SINCE JUL 1   6291                      5822    469     6062

 COOLING
  YESTERDAY        0                         1     -1        0
  MONTH TO DATE   13                         6      7        0
  SINCE MAR 1     13                         7      6        0
  SINCE JAN 1     13                         7      6        0
..................................................................


WIND (MPH)
  HIGHEST WIND SPEED    30   HIGHEST WIND DIRECTION     S (160)
  HIGHEST GUST SPEED    40   HIGHEST GUST DIRECTION    SE (150)
  AVERAGE WIND SPEED    17.1


SKY COVER
  POSSIBLE SUNSHINE  MM
  AVERAGE SKY COVER 0.7


WEATHER CONDITIONS
 THE FOLLOWING WEATHER WAS RECORDED YESTERDAY.
  THUNDERSTORM
  LIGHT RAIN


RELATIVE HUMIDITY (PERCENT)
 HIGHEST    77           900 PM
 LOWEST     36          1200 AM
 AVERAGE    57

..........................................................


THE LINCOLN, NEBRASKA CLIMATE NORMALS FOR TODAY
                         NORMAL    RECORD    YEAR
 MAXIMUM TEMPERATURE (F)   67        94      1989
 MINIMUM TEMPERATURE (F)   42        22      2013


SUNRISE AND SUNSET
APRIL 24 2014.........SUNRISE   635 AM CDT   SUNSET   816 PM CDT
APRIL 25 2014.........SUNRISE   633 AM CDT   SUNSET   817 PM CDT


-  INDICATES NEGATIVE NUMBERS.
R  INDICATES RECORD WAS SET OR TIED.
MM INDICATES DATA IS MISSING.
T  INDICATES TRACE AMOUNT.




$$
