000
CDUS43 KOAX 290626
CLILNK


CLIMATE REPORT
NATIONAL WEATHER SERVICE OMAHA NEBRASKA
124 AM CDT WED JUL 29 2015


...................................

...THE LINCOLN, NEBRASKA CLIMATE SUMMARY FOR JULY 28 2015...

CLIMATE NORMAL PERIOD 1981 TO 2010
CLIMATE RECORD PERIOD 1887 TO 2015


WEATHER ITEM   OBSERVED TIME   RECORD YEAR NORMAL DEPARTURE LAST
                VALUE   (LST)  VALUE       VALUE  FROM      YEAR
                                                  NORMAL
..................................................................
TEMPERATURE (F)
 YESTERDAY
  MAXIMUM         93    256 PM 106    1940  89      4       81
  MINIMUM         67   1156 PM  47    2013  66      1       57
                                      1994
  AVERAGE         80                        78      2       69

PRECIPITATION (IN)
  YESTERDAY        0.02          1.97 1892   0.10  -0.08     0.00
  MONTH TO DATE    2.39                      3.08  -0.69     0.51
  SINCE JUN 1     10.05                      7.43   2.62     6.41
  SINCE JAN 1     25.55                     17.77   7.78    16.16

SNOWFALL (IN)
  YESTERDAY        0.0                       0.0    0.0      0.0
  MONTH TO DATE    0.0                       0.0    0.0      0.0
  SINCE JUL 1      0.0                       0.0    0.0      0.0
  SNOW DEPTH       0

DEGREE DAYS
 HEATING
  YESTERDAY        0                         0      0        0
  MONTH TO DATE    1                         0      1        2
  SINCE JUN 1      1                        16    -15        4
  SINCE JUL 1      1                         0      1        2

 COOLING
  YESTERDAY       15                        13      2        4
  MONTH TO DATE  348                       357     -9      306
  SINCE JUN 1    611                       599     12      584
  SINCE JAN 1    663                       678    -15      744
..................................................................


WIND (MPH)
  HIGHEST WIND SPEED    26   HIGHEST WIND DIRECTION     N (360)
  HIGHEST GUST SPEED    31   HIGHEST GUST DIRECTION     N (350)
  AVERAGE WIND SPEED    10.7


SKY COVER
  POSSIBLE SUNSHINE  MM
  AVERAGE SKY COVER 0.3


WEATHER CONDITIONS
 THE FOLLOWING WEATHER WAS RECORDED YESTERDAY.
  THUNDERSTORM
  LIGHT RAIN


RELATIVE HUMIDITY (PERCENT)
 HIGHEST    91          1200 AM
 LOWEST     52           300 PM
 AVERAGE    72

..........................................................


THE LINCOLN, NEBRASKA CLIMATE NORMALS FOR TODAY
                         NORMAL    RECORD    YEAR
 MAXIMUM TEMPERATURE (F)   89       105      1947
                                             1917
 MINIMUM TEMPERATURE (F)   66        49      1994


SUNRISE AND SUNSET
JULY 29 2015..........SUNRISE   620 AM CDT   SUNSET   846 PM CDT
JULY 30 2015..........SUNRISE   621 AM CDT   SUNSET   845 PM CDT


-  INDICATES NEGATIVE NUMBERS.
R  INDICATES RECORD WAS SET OR TIED.
MM INDICATES DATA IS MISSING.
T  INDICATES TRACE AMOUNT.


$$

BCM
