000
CDUS43 KOAX 250626
CLILNK


CLIMATE REPORT
NATIONAL WEATHER SERVICE OMAHA NEBRASKA
124 AM CDT SAT MAR 25 2017


...................................

...THE LINCOLN, NEBRASKA CLIMATE SUMMARY FOR MARCH 24 2017...

CLIMATE NORMAL PERIOD 1981 TO 2010
CLIMATE RECORD PERIOD 1887 TO 2017


WEATHER ITEM   OBSERVED TIME   RECORD YEAR NORMAL DEPARTURE LAST
                VALUE   (LST)  VALUE       VALUE  FROM      YEAR
                                                  NORMAL
..................................................................
TEMPERATURE (F)
 YESTERDAY
  MAXIMUM         69   1220 AM  83    1967  56     13       48
  MINIMUM         42   1159 PM   7    1965  31     11       24
  AVERAGE         56                        43     13       36

PRECIPITATION (IN)
  YESTERDAY        0.15          1.64 1957   0.07   0.08      T
  MONTH TO DATE    0.22                      1.38  -1.16     0.58
  SINCE MAR 1      0.22                      1.38  -1.16     0.58
  SINCE JAN 1      1.87                      2.79  -0.92     2.17

SNOWFALL (IN)
  YESTERDAY        0.0                       0.1   -0.1       T
  MONTH TO DATE    0.6                       3.9   -3.3       T
  SINCE JUL 1      7.5                      23.6  -16.1     20.5
  SNOW DEPTH       0

DEGREE DAYS
 HEATING
  YESTERDAY        9                        22    -13       29
  MONTH TO DATE  508                       630   -122      426
  SINCE MAR 1    508                       630   -122      426
  SINCE JUL 1   4391                      5333   -942     4343

 COOLING
  YESTERDAY        0                         0      0        0
  MONTH TO DATE    1                         0      1        1
  SINCE MAR 1      1                         0      1        1
  SINCE JAN 1      1                         0      1        1
..................................................................


WIND (MPH)
  HIGHEST WIND SPEED    25   HIGHEST WIND DIRECTION     N (20)
  HIGHEST GUST SPEED    32   HIGHEST GUST DIRECTION     N (20)
  AVERAGE WIND SPEED    15.4


SKY COVER
  POSSIBLE SUNSHINE  MM
  AVERAGE SKY COVER 0.9


WEATHER CONDITIONS
 THE FOLLOWING WEATHER WAS RECORDED YESTERDAY.
  RAIN
  LIGHT RAIN
  FOG


RELATIVE HUMIDITY (PERCENT)
 HIGHEST    93           700 AM
 LOWEST     51          1200 AM
 AVERAGE    72

..........................................................


THE LINCOLN, NEBRASKA CLIMATE NORMALS FOR TODAY
                         NORMAL    RECORD    YEAR
 MAXIMUM TEMPERATURE (F)   56        91      1907
 MINIMUM TEMPERATURE (F)   31         5      1965


SUNRISE AND SUNSET
MARCH 25 2017.........SUNRISE   722 AM CDT   SUNSET   745 PM CDT
MARCH 26 2017.........SUNRISE   720 AM CDT   SUNSET   746 PM CDT


-  INDICATES NEGATIVE NUMBERS.
R  INDICATES RECORD WAS SET OR TIED.
MM INDICATES DATA IS MISSING.
T  INDICATES TRACE AMOUNT.




$$
