000
CDUS43 KOAX 270656
CLILNK


CLIMATE REPORT
NATIONAL WEATHER SERVICE OMAHA NEBRASKA
155 AM CDT FRI MAY 27 2016


...................................

...THE LINCOLN, NEBRASKA CLIMATE SUMMARY FOR MAY 26 2016...

CLIMATE NORMAL PERIOD 1981 TO 2010
CLIMATE RECORD PERIOD 1887 TO 2016


WEATHER ITEM   OBSERVED TIME   RECORD YEAR NORMAL DEPARTURE LAST
                VALUE   (LST)  VALUE       VALUE  FROM      YEAR
                                                  NORMAL
..................................................................
TEMPERATURE (F)
 YESTERDAY
  MAXIMUM         83   1253 PM  98    1912  77      6       72
  MINIMUM         55    503 AM  38    1901  54      1       59
  AVERAGE         69                        66      3       66

PRECIPITATION (IN)
  YESTERDAY        0.65          2.43 1973   0.13   0.52     0.15
  MONTH TO DATE    4.21                      3.59   0.62    10.83
  SINCE MAR 1      9.51                      8.23   1.28    13.59
  SINCE JAN 1     11.10                      9.64   1.46    15.43

SNOWFALL (IN)
  YESTERDAY        0.0                       0.0    0.0      0.0
  MONTH TO DATE    0.0                       0.1   -0.1      0.0
  SINCE JUL 1     20.5                      26.0   -5.5     21.9
  SNOW DEPTH       0

DEGREE DAYS
 HEATING
  YESTERDAY        0                         2     -2        0
  MONTH TO DATE  127                       138    -11      133
  SINCE MAR 1    963                      1328   -365     1129
  SINCE JUL 1   4880                      6031  -1151     5816

 COOLING
  YESTERDAY        4                         3      1        1
  MONTH TO DATE   36                        46    -10       37
  SINCE MAR 1     45                        60    -15       42
  SINCE JAN 1     45                        60    -15       42
..................................................................


WIND (MPH)
  HIGHEST WIND SPEED    31   HIGHEST WIND DIRECTION    SE (140)
  HIGHEST GUST SPEED    44   HIGHEST GUST DIRECTION    SE (130)
  AVERAGE WIND SPEED    10.2


SKY COVER
  POSSIBLE SUNSHINE  MM
  AVERAGE SKY COVER 0.2


WEATHER CONDITIONS
 THE FOLLOWING WEATHER WAS RECORDED YESTERDAY.
  THUNDERSTORM
  HEAVY RAIN
  RAIN
  LIGHT RAIN
  FOG


RELATIVE HUMIDITY (PERCENT)
 HIGHEST    93           600 PM
 LOWEST     51          1200 PM
 AVERAGE    72

..........................................................


THE LINCOLN, NEBRASKA CLIMATE NORMALS FOR TODAY
                         NORMAL    RECORD    YEAR
 MAXIMUM TEMPERATURE (F)   78        95      1966
 MINIMUM TEMPERATURE (F)   54        36      1907


SUNRISE AND SUNSET
MAY 27 2016...........SUNRISE   600 AM CDT   SUNSET   849 PM CDT
MAY 28 2016...........SUNRISE   559 AM CDT   SUNSET   850 PM CDT


-  INDICATES NEGATIVE NUMBERS.
R  INDICATES RECORD WAS SET OR TIED.
MM INDICATES DATA IS MISSING.
T  INDICATES TRACE AMOUNT.




$$
