000
CDUS43 KOAX 020629
CLILNK


CLIMATE REPORT
NATIONAL WEATHER SERVICE OMAHA NEBRASKA
127 AM CDT MON MAY 2 2016


...................................

...THE LINCOLN, NEBRASKA CLIMATE SUMMARY FOR MAY 1 2016...

CLIMATE NORMAL PERIOD 1981 TO 2010
CLIMATE RECORD PERIOD 1887 TO 2016


WEATHER ITEM   OBSERVED TIME   RECORD YEAR NORMAL DEPARTURE LAST
                VALUE   (LST)  VALUE       VALUE  FROM      YEAR
                                                  NORMAL
..................................................................
TEMPERATURE (F)
 YESTERDAY
  MAXIMUM         51    538 PM  93    1959  69    -18       76
  MINIMUM         44    840 AM  24    1994  45     -1       50
  AVERAGE         48                        57     -9       63

PRECIPITATION (IN)
  YESTERDAY        0.06          2.10 1983   0.12  -0.06     0.01
  MONTH TO DATE    0.06                      0.12  -0.06     0.01
  SINCE MAR 1      5.36                      4.76   0.60     2.77
  SINCE JAN 1      6.95                      6.17   0.78     4.61

SNOWFALL (IN)
  YESTERDAY        0.0                       0.0    0.0      0.0
  MONTH TO DATE    0.0                       0.0    0.0      0.0
  SINCE JUL 1     20.5                      25.9   -5.4     21.9
  SNOW DEPTH       0

DEGREE DAYS
 HEATING
  YESTERDAY       17                         9      8        2
  MONTH TO DATE   17                         9      8        2
  SINCE MAR 1    853                      1199   -346      998
  SINCE JUL 1   4770                      5902  -1132     5685

 COOLING
  YESTERDAY        0                         1     -1        0
  MONTH TO DATE    0                         1     -1        0
  SINCE MAR 1      9                        15     -6        5
  SINCE JAN 1      9                        15     -6        5
..................................................................


WIND (MPH)
  HIGHEST WIND SPEED    24   HIGHEST WIND DIRECTION    NE (30)
  HIGHEST GUST SPEED    30   HIGHEST GUST DIRECTION     N (20)
  AVERAGE WIND SPEED    12.4


SKY COVER
  POSSIBLE SUNSHINE  MM
  AVERAGE SKY COVER 1.0


WEATHER CONDITIONS
 THE FOLLOWING WEATHER WAS RECORDED YESTERDAY.
  LIGHT RAIN
  FOG


RELATIVE HUMIDITY (PERCENT)
 HIGHEST   100           100 AM
 LOWEST     74           100 PM
 AVERAGE    87

..........................................................


THE LINCOLN, NEBRASKA CLIMATE NORMALS FOR TODAY
                         NORMAL    RECORD    YEAR
 MAXIMUM TEMPERATURE (F)   70        91      1968
 MINIMUM TEMPERATURE (F)   45        26      1909


SUNRISE AND SUNSET
MAY  2 2016...........SUNRISE   623 AM CDT   SUNSET   825 PM CDT
MAY  3 2016...........SUNRISE   622 AM CDT   SUNSET   826 PM CDT


-  INDICATES NEGATIVE NUMBERS.
R  INDICATES RECORD WAS SET OR TIED.
MM INDICATES DATA IS MISSING.
T  INDICATES TRACE AMOUNT.




$$
