000
CDUS43 KOAX 280627
CLILNK


CLIMATE REPORT
NATIONAL WEATHER SERVICE OMAHA NEBRASKA
125 AM CDT FRI AUG 28 2015


...................................

...THE LINCOLN, NEBRASKA CLIMATE SUMMARY FOR AUGUST 27 2015...

CLIMATE NORMAL PERIOD 1981 TO 2010
CLIMATE RECORD PERIOD 1887 TO 2015


WEATHER ITEM   OBSERVED TIME   RECORD YEAR NORMAL DEPARTURE LAST
                VALUE   (LST)  VALUE       VALUE  FROM      YEAR
                                                  NORMAL
..................................................................
TEMPERATURE (F)
 YESTERDAY
  MAXIMUM         87    239 PM 104    1913  85      2       77
  MINIMUM         66    638 AM  47    1906  62      4       67
  AVERAGE         77                        73      4       72

PRECIPITATION (IN)
  YESTERDAY        0.31          1.34 1998   0.11   0.20     0.65
  MONTH TO DATE    3.04                      3.02   0.02     4.17
  SINCE JUN 1     13.09                     10.77   2.32    10.58
  SINCE JAN 1     28.59                     21.11   7.48    20.33

SNOWFALL (IN)
  YESTERDAY        0.0                       0.0    0.0      0.0
  MONTH TO DATE    0.0                       0.0    0.0      0.0
  SINCE JUL 1      0.0                       0.0    0.0      0.0
  SNOW DEPTH       0

DEGREE DAYS
 HEATING
  YESTERDAY        0                         0      0        0
  MONTH TO DATE    3                         0      3        0
  SINCE JUN 1      4                        17    -13        4
  SINCE JUL 1      4                         1      3        2

 COOLING
  YESTERDAY       12                         9      3        7
  MONTH TO DATE  258                       292    -34      310
  SINCE JUN 1    904                       924    -20      909
  SINCE JAN 1    956                      1003    -47     1069
..................................................................


WIND (MPH)
  HIGHEST WIND SPEED    33   HIGHEST WIND DIRECTION     S (160)
  HIGHEST GUST SPEED    42   HIGHEST GUST DIRECTION     S (160)
  AVERAGE WIND SPEED    14.8


SKY COVER
  POSSIBLE SUNSHINE  MM
  AVERAGE SKY COVER 0.2


WEATHER CONDITIONS
 THE FOLLOWING WEATHER WAS RECORDED YESTERDAY.
  THUNDERSTORM
  HEAVY RAIN
  LIGHT RAIN
  FOG


RELATIVE HUMIDITY (PERCENT)
 HIGHEST    87           800 AM
 LOWEST     55           300 PM
 AVERAGE    71

..........................................................


THE LINCOLN, NEBRASKA CLIMATE NORMALS FOR TODAY
                         NORMAL    RECORD    YEAR
 MAXIMUM TEMPERATURE (F)   85       103      1984
 MINIMUM TEMPERATURE (F)   61        41      1988


SUNRISE AND SUNSET
AUGUST 28 2015........SUNRISE   650 AM CDT   SUNSET   806 PM CDT
AUGUST 29 2015........SUNRISE   651 AM CDT   SUNSET   804 PM CDT


-  INDICATES NEGATIVE NUMBERS.
R  INDICATES RECORD WAS SET OR TIED.
MM INDICATES DATA IS MISSING.
T  INDICATES TRACE AMOUNT.




$$
