000
CDUS43 KOAX 200625
CLILNK


CLIMATE REPORT
NATIONAL WEATHER SERVICE OMAHA NEBRASKA
123 AM CDT MON OCT 20 2014


...................................

...THE LINCOLN, NEBRASKA CLIMATE SUMMARY FOR OCTOBER 19 2014...

CLIMATE NORMAL PERIOD 1981 TO 2010
CLIMATE RECORD PERIOD 1887 TO 2014


WEATHER ITEM   OBSERVED TIME   RECORD YEAR NORMAL DEPARTURE LAST
                VALUE   (LST)  VALUE       VALUE  FROM      YEAR
                                                  NORMAL
..................................................................
TEMPERATURE (F)
 YESTERDAY
  MAXIMUM         74    326 PM  88    2003  65      9       64
  MINIMUM         36    140 AM  12    1972  40     -4       30
  AVERAGE         55                        52      3       47

PRECIPITATION (IN)
  YESTERDAY        0.00          1.02 1962   0.06  -0.06     0.00
  MONTH TO DATE    1.80                      1.29   0.51     2.59
  SINCE SEP 1      8.69                      4.31   4.38     4.58
  SINCE JAN 1     32.39                     25.89   6.50    25.03

SNOWFALL (IN)
  YESTERDAY        0.0                       0.0    0.0      0.0
  MONTH TO DATE    0.0                       0.2   -0.2      0.0
  SINCE JUL 1      0.0                       0.2   -0.2      0.0
  SNOW DEPTH       0

DEGREE DAYS
 HEATING
  YESTERDAY       10                        13     -3       18
  MONTH TO DATE  195                       192      3      171
  SINCE SEP 1    288                       284      4      199
  SINCE JUL 1    290                       290      0      202

 COOLING
  YESTERDAY        0                         0      0        0
  MONTH TO DATE    4                        12     -8       18
  SINCE SEP 1    120                       135    -15      221
  SINCE JAN 1   1231                      1170     61     1236
..................................................................


WIND (MPH)
  HIGHEST WIND SPEED    22   HIGHEST WIND DIRECTION    SW (220)
  HIGHEST GUST SPEED    26   HIGHEST GUST DIRECTION    SW (220)
  AVERAGE WIND SPEED     8.6


SKY COVER
  POSSIBLE SUNSHINE  MM
  AVERAGE SKY COVER 0.0


WEATHER CONDITIONS
 THE FOLLOWING WEATHER WAS RECORDED YESTERDAY.
  NO SIGNIFICANT WEATHER WAS OBSERVED.


RELATIVE HUMIDITY (PERCENT)
 HIGHEST    92           600 AM
 LOWEST     38           300 PM
 AVERAGE    65

..........................................................


THE LINCOLN, NEBRASKA CLIMATE NORMALS FOR TODAY
                         NORMAL    RECORD    YEAR
 MAXIMUM TEMPERATURE (F)   64        90      1947
 MINIMUM TEMPERATURE (F)   39        18      1916


SUNRISE AND SUNSET
OCTOBER 20 2014.......SUNRISE   744 AM CDT   SUNSET   639 PM CDT
OCTOBER 21 2014.......SUNRISE   745 AM CDT   SUNSET   638 PM CDT


-  INDICATES NEGATIVE NUMBERS.
R  INDICATES RECORD WAS SET OR TIED.
MM INDICATES DATA IS MISSING.
T  INDICATES TRACE AMOUNT.




$$
