000
CDUS43 KOAX 262136
CLILNK


CLIMATE REPORT
NATIONAL WEATHER SERVICE OMAHA NEBRASKA
434 PM CDT MON SEP 26 2016


...................................

...THE LINCOLN, NEBRASKA CLIMATE SUMMARY FOR SEPTEMBER 26 2016...
VALID TODAY AS OF 0400 PM LOCAL TIME.

CLIMATE NORMAL PERIOD 1981 TO 2010
CLIMATE RECORD PERIOD 1887 TO 2016


WEATHER ITEM   OBSERVED TIME   RECORD YEAR NORMAL DEPARTURE LAST
                VALUE   (LST)  VALUE       VALUE  FROM      YEAR
                                                  NORMAL
..................................................................
TEMPERATURE (F)
 TODAY
  MAXIMUM         78    259 PM  95    1990  74      4       81
  MINIMUM         42    516 AM  28    1984  48     -6       51
  AVERAGE         60                        61     -1       66

PRECIPITATION (IN)
  TODAY            0.00          1.60 1936   0.08  -0.08     0.00
  MONTH TO DATE    3.38                      2.67   0.71     4.13
  SINCE SEP 1      3.38                      2.67   0.71     4.13
  SINCE JAN 1     24.77                     24.25   0.52    33.46

SNOWFALL (IN)
  TODAY            0.0                       0.0    0.0      0.0
  MONTH TO DATE    0.0                       0.0    0.0      0.0
  SINCE JUL 1      0.0                       0.0    0.0      0.0
  SNOW DEPTH       0

DEGREE DAYS
 HEATING
  TODAY            5                         6     -1        0
  MONTH TO DATE   18                        68    -50       20
  SINCE SEP 1     18                        68    -50       20
  SINCE JUL 1     19                        74    -55       24

 COOLING
  TODAY            0                         2     -2        1
  MONTH TO DATE  203                       116     87      218
  SINCE SEP 1    203                       116     87      218
  SINCE JAN 1   1432                      1151    281     1199
..................................................................


WIND (MPH)
  HIGHEST WIND SPEED    21   HIGHEST WIND DIRECTION     W (270)
  HIGHEST GUST SPEED    27   HIGHEST GUST DIRECTION    NW (320)
  AVERAGE WIND SPEED     7.0


SKY COVER
  POSSIBLE SUNSHINE  MM
  AVERAGE SKY COVER 0.0


WEATHER CONDITIONS
 THE FOLLOWING WEATHER WAS RECORDED TODAY.
  NO SIGNIFICANT WEATHER WAS OBSERVED.


RELATIVE HUMIDITY (PERCENT)
 HIGHEST    76          1200 AM
 LOWEST     23           100 PM
 AVERAGE    50

..........................................................


THE LINCOLN, NEBRASKA CLIMATE NORMALS FOR TOMORROW
                         NORMAL    RECORD    YEAR
 MAXIMUM TEMPERATURE (F)   74        93      1956
 MINIMUM TEMPERATURE (F)   48        32      1942


SUNRISE AND SUNSET
SEPTEMBER 26 2016.....SUNRISE   719 AM CDT   SUNSET   716 PM CDT
SEPTEMBER 27 2016.....SUNRISE   720 AM CDT   SUNSET   715 PM CDT


-  INDICATES NEGATIVE NUMBERS.
R  INDICATES RECORD WAS SET OR TIED.
MM INDICATES DATA IS MISSING.
T  INDICATES TRACE AMOUNT.




$$
