000
CDUS43 KLOT 160637
CLILOT


CLIMATE REPORT
NATIONAL WEATHER SERVICE CHICAGO IL
136 AM CDT WED AUG 16 2017


...................................

...THE ROMEOVILLE  WFO CLIMATE SUMMARY FOR AUGUST 15 2017...

CLIMATE NORMAL PERIOD 1981 TO 2010
CLIMATE RECORD PERIOD 1992 TO 2017


WEATHER ITEM   OBSERVED RECORD YEAR NORMAL DEPARTURE LAST
                VALUE   VALUE       VALUE  FROM      YEAR
                                           NORMAL
...........................................................
TEMPERATURE (F)
 YESTERDAY
  MAXIMUM         86     89    2015  82      4       76
                               2000
  MINIMUM         66     48    2004  63      3       68
  AVERAGE         76                 73      3       72

PRECIPITATION (IN)
  YESTERDAY        0.00   1.94 1993   0.14  -0.14     0.30
  MONTH TO DATE    0.57               2.03  -1.46     4.08
  SINCE JUN 1      9.37              11.08  -1.71    13.84
  SINCE JAN 1     31.59              25.78   5.81    26.07

DEGREE DAYS
 HEATING
  YESTERDAY        0                  0      0
  MONTH TO DATE    4                  0      4
  SINCE JUN 1     14                 35    -21
  SINCE JUL 1      4                  2      2

 COOLING
  YESTERDAY       11                  8      3
  MONTH TO DATE   72                120    -48
  SINCE JUN 1    576                582     -6
  SINCE JAN 1    613                640    -27
...........................................................







THE ROMEOVILLE  WFO CLIMATE NORMALS FOR TODAY
                         NORMAL    RECORD    YEAR
 MAXIMUM TEMPERATURE (F)   82        96      1995
 MINIMUM TEMPERATURE (F)   63        50      2004
                                             1992


SUNRISE AND SUNSET
AUGUST 16 2017........SUNRISE   602 AM CDT   SUNSET   750 PM CDT
AUGUST 17 2017........SUNRISE   603 AM CDT   SUNSET   749 PM CDT


-  INDICATES NEGATIVE NUMBERS.
R  INDICATES RECORD WAS SET OR TIED.
MM INDICATES DATA IS MISSING.
T  INDICATES TRACE AMOUNT.




$$
