000
CDUS43 KLOT 010638
CLILOT


CLIMATE REPORT
NATIONAL WEATHER SERVICE CHICAGO IL
137 AM CDT WED OCT 1 2014


...................................

...THE ROMEOVILLE  WFO CLIMATE SUMMARY FOR SEPTEMBER 30 2014...

CLIMATE NORMAL PERIOD 1981 TO 2010
CLIMATE RECORD PERIOD 1992 TO 2014


WEATHER ITEM   OBSERVED RECORD YEAR NORMAL DEPARTURE LAST
                VALUE   VALUE       VALUE  FROM      YEAR
                                           NORMAL
...........................................................
TEMPERATURE (F)
 YESTERDAY
  MAXIMUM         59     90    2005  70    -11       76
  MINIMUM         49     31    1993  48      1       45
  AVERAGE         54                 59     -5       61

PRECIPITATION (IN)
  YESTERDAY        T      0.24 2007   0.09  -0.09     0.00
  MONTH TO DATE    3.00               3.13  -0.13     1.57
  SINCE SEP 1      3.00               3.13  -0.13     1.57
  SINCE JAN 1     41.66              30.95  10.71    30.89

DEGREE DAYS
 HEATING
  YESTERDAY       11                  7      4
  MONTH TO DATE  122                 92     30
  SINCE SEP 1    122                 91     31
  SINCE JUL 1    134                 99     35

 COOLING
  YESTERDAY        0                  1     -1
  MONTH TO DATE   73                 94    -21
  SINCE SEP 1     73                 94    -21
  SINCE JAN 1    744                847   -103
...........................................................







THE ROMEOVILLE  WFO CLIMATE NORMALS FOR TODAY
                         NORMAL    RECORD    YEAR
 MAXIMUM TEMPERATURE (F)   69        83      2002
                                             2000
 MINIMUM TEMPERATURE (F)   48        32      2003


SUNRISE AND SUNSET
OCTOBER  1 2014.......SUNRISE   649 AM CDT   SUNSET   634 PM CDT
OCTOBER  2 2014.......SUNRISE   650 AM CDT   SUNSET   632 PM CDT


-  INDICATES NEGATIVE NUMBERS.
R  INDICATES RECORD WAS SET OR TIED.
MM INDICATES DATA IS MISSING.
T  INDICATES TRACE AMOUNT.




$$
