000
CDUS43 KLOT 280632
CLILOT


CLIMATE REPORT
NATIONAL WEATHER SERVICE CHICAGO IL
131 AM CDT SAT MAY 28 2016


...................................

...THE ROMEOVILLE  WFO CLIMATE SUMMARY FOR MAY 27 2016...

CLIMATE NORMAL PERIOD 1981 TO 2010
CLIMATE RECORD PERIOD 1992 TO 2016


WEATHER ITEM   OBSERVED RECORD YEAR NORMAL DEPARTURE LAST
                VALUE   VALUE       VALUE  FROM      YEAR
                                           NORMAL
...........................................................
TEMPERATURE (F)
 YESTERDAY
  MAXIMUM         82     96    2012  74      8       76
  MINIMUM         66     33    1992  53     13       59
  AVERAGE         74                 64     10       68

PRECIPITATION (IN)
  YESTERDAY        0.15   1.29 2000   0.14   0.01     0.01
  MONTH TO DATE    2.98               3.70  -0.72     3.96
  SINCE MAR 1      9.61              10.43  -0.82     8.21
  SINCE JAN 1     11.68              14.14  -2.46    11.05

DEGREE DAYS
 HEATING
  YESTERDAY        0                  4     -4
  MONTH TO DATE  213                179     34
  SINCE MAR 1   1312               1445   -133
  SINCE JUL 1   5345               6173   -828

 COOLING
  YESTERDAY        9                  3      6
  MONTH TO DATE   44                 41      3
  SINCE MAR 1     55                 46      9
  SINCE JAN 1     55                 46      9
...........................................................







THE ROMEOVILLE  WFO CLIMATE NORMALS FOR TODAY
                         NORMAL    RECORD    YEAR
 MAXIMUM TEMPERATURE (F)   75        93      2012
 MINIMUM TEMPERATURE (F)   54        33      1992


SUNRISE AND SUNSET
MAY 28 2016...........SUNRISE   522 AM CDT   SUNSET   817 PM CDT
MAY 29 2016...........SUNRISE   522 AM CDT   SUNSET   818 PM CDT


-  INDICATES NEGATIVE NUMBERS.
R  INDICATES RECORD WAS SET OR TIED.
MM INDICATES DATA IS MISSING.
T  INDICATES TRACE AMOUNT.




$$
