000
CDUS43 KLOT 240632
CLILOT


CLIMATE REPORT
NATIONAL WEATHER SERVICE CHICAGO IL
132 AM CDT SAT SEP 24 2016


...................................

...THE ROMEOVILLE  WFO CLIMATE SUMMARY FOR SEPTEMBER 23 2016...

CLIMATE NORMAL PERIOD 1981 TO 2010
CLIMATE RECORD PERIOD 1992 TO 2016


WEATHER ITEM   OBSERVED RECORD YEAR NORMAL DEPARTURE LAST
                VALUE   VALUE       VALUE  FROM      YEAR
                                           NORMAL
...........................................................
TEMPERATURE (F)
 YESTERDAY
  MAXIMUM         75     90    2010  73      2       80
  MINIMUM         67     29    1995  51     16       56
  AVERAGE         71                 62      9       68

PRECIPITATION (IN)
  YESTERDAY        T      0.62 2001   0.10  -0.10     0.00
  MONTH TO DATE    0.80               2.48  -1.68     5.46
  SINCE SEP 1      0.80               2.48  -1.68     5.46
  SINCE JAN 1     30.71              30.30   0.41    33.12

DEGREE DAYS
 HEATING
  YESTERDAY        0                  5     -5
  MONTH TO DATE    1                 49    -48
  SINCE SEP 1      1                 49    -48
  SINCE JUL 1      3                 57    -54

 COOLING
  YESTERDAY        6                  2      4
  MONTH TO DATE  154                 83     71
  SINCE SEP 1    154                 83     71
  SINCE JAN 1   1098                836    262
...........................................................







THE ROMEOVILLE  WFO CLIMATE NORMALS FOR TODAY
                         NORMAL    RECORD    YEAR
 MAXIMUM TEMPERATURE (F)   72        91      2007
 MINIMUM TEMPERATURE (F)   51        36      2012


SUNRISE AND SUNSET
SEPTEMBER 24 2016.....SUNRISE   642 AM CDT   SUNSET   645 PM CDT
SEPTEMBER 25 2016.....SUNRISE   643 AM CDT   SUNSET   643 PM CDT


-  INDICATES NEGATIVE NUMBERS.
R  INDICATES RECORD WAS SET OR TIED.
MM INDICATES DATA IS MISSING.
T  INDICATES TRACE AMOUNT.




$$
