000
CDUS43 KLOT 080633
CLILOT


CLIMATE REPORT
NATIONAL WEATHER SERVICE CHICAGO IL
1232 AM CST MON FEB 8 2016


...................................

...THE ROMEOVILLE  WFO CLIMATE SUMMARY FOR FEBRUARY 7 2016...

CLIMATE NORMAL PERIOD 1981 TO 2010
CLIMATE RECORD PERIOD 1992 TO 2016


WEATHER ITEM   OBSERVED RECORD YEAR NORMAL DEPARTURE LAST
                VALUE   VALUE       VALUE  FROM      YEAR
                                           NORMAL
...........................................................
TEMPERATURE (F)
 YESTERDAY
  MAXIMUM         45     60    2009  33     12       42
  MINIMUM         30    -10    2007  18     12       22
  AVERAGE         38                 25     13       32

PRECIPITATION (IN)
  YESTERDAY        0.00   0.74 2013   0.05  -0.05     0.00
  MONTH TO DATE    0.79               0.38   0.41     1.14
  SINCE DEC 1      7.67               4.56   3.11     3.70
  SINCE JAN 1      1.82               2.31  -0.49     2.65

SNOWFALL (IN)
  YESTERDAY        0.0    0.9  1994   0.2   -0.2      0.0
  MONTH TO DATE    T                  1.8   -1.8     15.1
  SINCE DEC 1     11.1               21.9  -10.8     25.9
  SINCE JUL 1     15.8               22.8   -7.0     27.3
  SNOW DEPTH       0

DEGREE DAYS
 HEATING
  YESTERDAY       27                 40    -13
  MONTH TO DATE  229                283    -54
  SINCE DEC 1   2270               2745   -475
  SINCE JUL 1   3272               3964   -692

 COOLING
  YESTERDAY        0                  0      0
  MONTH TO DATE    0                  0      0
  SINCE DEC 1      0                  0      0
  SINCE JAN 1      0                  0      0
...........................................................







THE ROMEOVILLE  WFO CLIMATE NORMALS FOR TODAY
                         NORMAL    RECORD    YEAR
 MAXIMUM TEMPERATURE (F)   33        53      2001
 MINIMUM TEMPERATURE (F)   18       -12      2007


SUNRISE AND SUNSET
FEBRUARY  8 2016......SUNRISE   657 AM CST   SUNSET   516 PM CST
FEBRUARY  9 2016......SUNRISE   656 AM CST   SUNSET   518 PM CST


-  INDICATES NEGATIVE NUMBERS.
R  INDICATES RECORD WAS SET OR TIED.
MM INDICATES DATA IS MISSING.
T  INDICATES TRACE AMOUNT.




$$
