000
CDUS43 KLOT 250643
CLILOT


CLIMATE REPORT
NATIONAL WEATHER SERVICE CHICAGO IL
143 AM CDT FRI APR 25 2014


...................................

...THE ROMEOVILLE  WFO CLIMATE SUMMARY FOR APRIL 24 2014...

CLIMATE NORMAL PERIOD 1981 TO 2010
CLIMATE RECORD PERIOD 1992 TO 2014


WEATHER ITEM   OBSERVED RECORD YEAR NORMAL DEPARTURE LAST
                VALUE   VALUE       VALUE  FROM      YEAR
                                           NORMAL
...........................................................
TEMPERATURE (F)
 YESTERDAY
  MAXIMUM         66     84    1994  64      2       50
  MINIMUM         39     31    1995  43     -4       36
  AVERAGE         53                 53      0       43

PRECIPITATION (IN)
  YESTERDAY        0.03   0.66 2004   0.14  -0.11     0.03
  MONTH TO DATE    2.57               3.02  -0.45     7.78
  SINCE MAR 1      4.68               5.79  -1.11    10.04
  SINCE JAN 1      9.54               9.50   0.04    15.86

SNOWFALL (IN)
  YESTERDAY        0.0    0.0  2011   0.0    0.0      0.0
                               2010
                               2009
  MONTH TO DATE    1.0                0.5    0.5       T
  SINCE MAR 1     11.2                4.9    6.3     10.2
  SINCE JUL 1     76.7               32.3   44.4     23.2
  SNOW DEPTH       0

DEGREE DAYS
 HEATING
  YESTERDAY       12                 12      0
  MONTH TO DATE  390                385      5
  SINCE MAR 1   1440               1202    238
  SINCE JUL 1   7044               5930   1114

 COOLING
  YESTERDAY        0                  0      0
  MONTH TO DATE    0                  0      0
  SINCE MAR 1      0                  0      0
  SINCE JAN 1      0                  0      0
...........................................................







THE ROMEOVILLE  WFO CLIMATE NORMALS FOR TODAY
                         NORMAL    RECORD    YEAR
 MAXIMUM TEMPERATURE (F)   65        86      1994
 MINIMUM TEMPERATURE (F)   43        34      2005


SUNRISE AND SUNSET
APRIL 25 2014.........SUNRISE   557 AM CDT   SUNSET   744 PM CDT
APRIL 26 2014.........SUNRISE   556 AM CDT   SUNSET   745 PM CDT


-  INDICATES NEGATIVE NUMBERS.
R  INDICATES RECORD WAS SET OR TIED.
MM INDICATES DATA IS MISSING.
T  INDICATES TRACE AMOUNT.




$$
