000
CDUS43 KJKL 210529
CLILOZ

CLIMATE REPORT
NATIONAL WEATHER SERVICE JACKSON KY
129 AM EDT MON APR 21 2014

...................................

...THE LONDON KY CLIMATE SUMMARY FOR APRIL 20 2014...

CLIMATE NORMAL PERIOD 1981 TO 2010
CLIMATE RECORD PERIOD 1954 TO 2014

WEATHER ITEM   OBSERVED TIME   RECORD YEAR NORMAL DEPARTURE LAST
                VALUE   (LST)  VALUE       VALUE  FROM      YEAR
                                                  NORMAL
..................................................................
TEMPERATURE (F)
 YESTERDAY
  MAXIMUM         78    444 PM  88    1964  70      8       58
  MINIMUM         43    606 AM  23    1983  46     -3       32
  AVERAGE         61                        58      3       45

PRECIPITATION (IN)
  YESTERDAY        0.00          1.20 1958   0.14  -0.14     0.00
  MONTH TO DATE    1.75                      2.62  -0.87     4.34
  SINCE MAR 1      6.92                      6.67   0.25     9.79
  SINCE JAN 1     13.43                     13.92  -0.49    16.58

SNOWFALL (IN)
  YESTERDAY       MM
  MONTH TO DATE   MM
  SINCE MAR 1     MM
  SINCE JUL 1     MM
  SNOW DEPTH      MM

DEGREE DAYS
 HEATING
  YESTERDAY        4                         8     -4       20
  MONTH TO DATE  146                       210    -64      188
  SINCE MAR 1    797                       759     38      980
  SINCE JUL 1   4304                      4035    269     4328

 COOLING
  YESTERDAY        0                         1     -1        0
  MONTH TO DATE   16                        12      4       20
  SINCE MAR 1     16                        15      1       20
  SINCE JAN 1     16                        15      1       20
..................................................................

WIND (MPH)
  HIGHEST WIND SPEED    10   HIGHEST WIND DIRECTION    SW (230)
  HIGHEST GUST SPEED    15   HIGHEST GUST DIRECTION     S (180)
  AVERAGE WIND SPEED     2.1

SKY COVER
  POSSIBLE SUNSHINE  MM
  AVERAGE SKY COVER 0.0

WEATHER CONDITIONS
 THE FOLLOWING WEATHER WAS RECORDED YESTERDAY.
  NO SIGNIFICANT WEATHER WAS OBSERVED.

RELATIVE HUMIDITY (PERCENT)
 HIGHEST    76           500 AM
 LOWEST     23           400 PM
 AVERAGE    50
..........................................................

THE LONDON KY CLIMATE NORMALS FOR TODAY
                         NORMAL    RECORD    YEAR
 MAXIMUM TEMPERATURE (F)   70        87      1963
 MINIMUM TEMPERATURE (F)   46        25      1983

SUNRISE AND SUNSET
APRIL 21 2014.........SUNRISE   654 AM EDT   SUNSET   817 PM EDT
APRIL 22 2014.........SUNRISE   653 AM EDT   SUNSET   817 PM EDT

-  INDICATES NEGATIVE NUMBERS.
R  INDICATES RECORD WAS SET OR TIED.
MM INDICATES DATA IS MISSING.
T  INDICATES TRACE AMOUNT.

$$

ABE
