000
CDUS43 KJKL 300529
CLILOZ

CLIMATE REPORT
NATIONAL WEATHER SERVICE JACKSON KY
130 AM EDT THU MAR 30 2017

...................................

...THE LONDON KY CLIMATE SUMMARY FOR MARCH 29 2017...

CLIMATE NORMAL PERIOD 1981 TO 2010
CLIMATE RECORD PERIOD 1954 TO 2017

WEATHER ITEM   OBSERVED TIME   RECORD YEAR NORMAL DEPARTURE LAST
                VALUE   (LST)  VALUE       VALUE  FROM      YEAR
                                                  NORMAL
..................................................................
TEMPERATURE (F)
 YESTERDAY
  MAXIMUM         72    520 PM  82    1998  63      9       61
                                      1977
  MINIMUM         53   1226 AM  17    1966  39     14       37
  AVERAGE         63                        51     12       49

PRECIPITATION (IN)
  YESTERDAY        0.00          1.74 2014   0.13  -0.13     0.00
  MONTH TO DATE    4.54                      3.78   0.76     1.53
  SINCE MAR 1      4.54                      3.78   0.76     1.53

SNOWFALL (IN)
  YESTERDAY       MM
  MONTH TO DATE   MM
  SINCE MAR 1     MM
  SINCE JUL 1     MM
  SNOW DEPTH      MM

DEGREE DAYS
 HEATING
  YESTERDAY        2                        14    -12       16
  MONTH TO DATE  505                       521    -16      388
  SINCE MAR 1    505                       521    -16      388
  SINCE JUL 1   3100                      3797   -697     3304

 COOLING
  YESTERDAY        0                         0      0        0
  MONTH TO DATE    1                         0      1        0
  SINCE MAR 1      1                         0      1        0
  SINCE JAN 1      1                         0      1        0
..................................................................

WIND (MPH)
  HIGHEST WIND SPEED    12   HIGHEST WIND DIRECTION     E (80)
  HIGHEST GUST SPEED    16   HIGHEST GUST DIRECTION     E (80)
  AVERAGE WIND SPEED     5.6

SKY COVER
  POSSIBLE SUNSHINE  MM
  AVERAGE SKY COVER 0.5

WEATHER CONDITIONS
 THE FOLLOWING WEATHER WAS RECORDED YESTERDAY.
  NO SIGNIFICANT WEATHER WAS OBSERVED.

RELATIVE HUMIDITY (PERCENT)
 HIGHEST    89          1200 AM
 LOWEST     47           300 PM
 AVERAGE    68
..........................................................

THE LONDON KY CLIMATE NORMALS FOR TODAY
                         NORMAL    RECORD    YEAR
 MAXIMUM TEMPERATURE (F)   63        83      1963
 MINIMUM TEMPERATURE (F)   40        19      1964

SUNRISE AND SUNSET
MARCH 30 2017.........SUNRISE   725 AM EDT   SUNSET   757 PM EDT
MARCH 31 2017.........SUNRISE   723 AM EDT   SUNSET   758 PM EDT

-  INDICATES NEGATIVE NUMBERS.
R  INDICATES RECORD WAS SET OR TIED.
MM INDICATES DATA IS MISSING.
T  INDICATES TRACE AMOUNT.

$$
GREIF
