000
CDUS44 KCRP 280049 RRA
CLILRD

CLIMATE REPORT
NATIONAL WEATHER SERVICE CORPUS CHRISTI TX
747 PM CDT SAT AUG 27 2016


...................................

...THE LAREDO CLIMATE SUMMARY FOR AUGUST 27 2016...
VALID TODAY AS OF 700 PM LOCAL TIME.

CLIMATE NORMAL PERIOD 1981 TO 2010
CLIMATE RECORD PERIOD 1900 TO 2016


WEATHER ITEM   OBSERVED TIME   RECORD YEAR NORMAL DEPARTURE LAST
                VALUE   (LST)  VALUE       VALUE  FROM      YEAR
                                                  NORMAL
..................................................................
TEMPERATURE (F)
 TODAY
  MAXIMUM         98        MM 106    1940  99     -1      100
  MINIMUM         75        MM  61    1973  77     -2       76
  AVERAGE         87                        88     -1       88

PRECIPITATION (IN)
  TODAY            0.00          3.15 1974   0.09  -0.09     0.00
  MONTH TO DATE    2.85                      1.49   1.36     0.03
  SINCE JUN 1      6.11                      5.73   0.38     1.29
  SINCE JAN 1     16.62                     12.60   4.02    19.99

SNOWFALL (IN)
  TODAY            0.0
  MONTH TO DATE    0.0
  SINCE JUN 1      0.0
  SINCE JUL 1      0.0

DEGREE DAYS
 HEATING
  TODAY            0                         0      0        0
  MONTH TO DATE    0                         0      0        0
  SINCE JUN 1      0                         0      0        0
  SINCE JUL 1      0                         0      0        0

 COOLING
  TODAY           22                        23     -1       23
  MONTH TO DATE  637                       641     -4      697
  SINCE JUN 1   2077                      2014     63     2056
  SINCE JAN 1   3341                      3157    184     2998
..................................................................


WIND (MPH)
  HIGHEST WIND SPEED    12   HIGHEST WIND DIRECTION    SE (120)
  HIGHEST GUST SPEED    16   HIGHEST GUST DIRECTION    SE (120)


SKY COVER
  POSSIBLE SUNSHINE  MM
  AVERAGE SKY COVER 0.1


WEATHER CONDITIONS
 THE FOLLOWING WEATHER WAS RECORDED TODAY.
  NO SIGNIFICANT WEATHER WAS OBSERVED.


RELATIVE HUMIDITY (PERCENT)
 HIGHEST    94           500 AM
 LOWEST     38           400 PM
 AVERAGE    66

..........................................................


THE LAREDO CLIMATE NORMALS FOR TOMORROW
                         NORMAL    RECORD    YEAR
 MAXIMUM TEMPERATURE (F)   98       109      2011
 MINIMUM TEMPERATURE (F)   77        61      1973


SUNRISE AND SUNSET
AUGUST 27 2016........SUNRISE   715 AM CDT   SUNSET   803 PM CDT
AUGUST 28 2016........SUNRISE   715 AM CDT   SUNSET   802 PM CDT


-  INDICATES NEGATIVE NUMBERS.
R  INDICATES RECORD WAS SET OR TIED.
MM INDICATES DATA IS MISSING.
T  INDICATES TRACE AMOUNT.




$$
