000
CDUS44 KCRP 230740
CLILRD

CLIMATE REPORT
NATIONAL WEATHER SERVICE CORPUS CHRISTI TX
239 AM CDT WED APR 23 2014


...................................

...THE LAREDO CLIMATE SUMMARY FOR APRIL 22 2014...

CLIMATE NORMAL PERIOD 1981 TO 2010
CLIMATE RECORD PERIOD 1900 TO 2014


WEATHER ITEM   OBSERVED TIME   RECORD YEAR NORMAL DEPARTURE LAST
                VALUE   (LST)  VALUE       VALUE  FROM      YEAR
                                                  NORMAL
..................................................................
TEMPERATURE (F)
 YESTERDAY
  MAXIMUM         97    426 PM 107    1999  89      8       92
  MINIMUM         67    627 AM  47    1907  66      1       67
  AVERAGE         82                        78      4       80

PRECIPITATION (IN)
  YESTERDAY        0.00          1.69 1962   0.05  -0.05     0.00
  MONTH TO DATE    0.03                      0.93  -0.90     0.01
  SINCE MAR 1      1.11                      2.05  -0.94     0.01
  SINCE JAN 1      1.32                      3.89  -2.57     0.76

SNOWFALL (IN)
  YESTERDAY        0.0
  MONTH TO DATE    0.0
  SINCE MAR 1      0.0
  SINCE JUL 1      0.0

DEGREE DAYS
 HEATING
  YESTERDAY        0                         0      0        0
  MONTH TO DATE    5                        12     -7        0
  SINCE MAR 1    104                        81     23       37
  SINCE JUL 1   1095                       925    170      513

 COOLING
  YESTERDAY       17                        13      4       15
  MONTH TO DATE  236                       234      2      255
  SINCE MAR 1    372                       407    -35      470
  SINCE JAN 1    484                       492     -8      624
..................................................................


WIND (MPH)
  HIGHEST WIND SPEED    15   HIGHEST WIND DIRECTION     S (180)
  HIGHEST GUST SPEED    17   HIGHEST GUST DIRECTION    SE (130)
  AVERAGE WIND SPEED     6.9


SKY COVER
  POSSIBLE SUNSHINE  MM
  AVERAGE SKY COVER 0.2


WEATHER CONDITIONS
 THE FOLLOWING WEATHER WAS RECORDED YESTERDAY.
  NO SIGNIFICANT WEATHER WAS OBSERVED.


RELATIVE HUMIDITY (PERCENT)
 HIGHEST   100           700 AM
 LOWEST     25           600 PM

..........................................................


THE LAREDO CLIMATE NORMALS FOR TODAY
                         NORMAL    RECORD    YEAR
 MAXIMUM TEMPERATURE (F)   89       109      1958
 MINIMUM TEMPERATURE (F)   66        47      1907


SUNRISE AND SUNSET
APRIL 23 2014.........SUNRISE   706 AM CDT   SUNSET   807 PM CDT
APRIL 24 2014.........SUNRISE   705 AM CDT   SUNSET   808 PM CDT


-  INDICATES NEGATIVE NUMBERS.
R  INDICATES RECORD WAS SET OR TIED.
MM INDICATES DATA IS MISSING.
T  INDICATES TRACE AMOUNT.

$$
