000
CDUS44 KCRP 250820
CLILRD

CLIMATE REPORT
NATIONAL WEATHER SERVICE CORPUS CHRISTI TX
311 AM CDT SUN SEP 25 2016

...THE LAREDO CLIMATE SUMMARY FOR SEPTEMBER 24 2016...

CLIMATE NORMAL PERIOD 1981 TO 2010
CLIMATE RECORD PERIOD 1900 TO 2016


WEATHER ITEM   OBSERVED TIME   RECORD YEAR NORMAL DEPARTURE LAST
                VALUE   (LST)  VALUE       VALUE  FROM      YEAR
                                                  NORMAL
..................................................................
TEMPERATURE (F)
 YESTERDAY
  MAXIMUM        100        MM 105    2005  91      9       94
  MINIMUM         78        MM  50    1975  71      7       65
  AVERAGE         89                        81      8       80

PRECIPITATION (IN)
  YESTERDAY        0.00          3.51 2006   0.08  -0.08     0.00
  MONTH TO DATE    1.17                      2.40  -1.23     1.17
  SINCE SEP 1      1.17                      2.40  -1.23     1.17
  SINCE JAN 1     18.25                     15.39   2.86    21.16

SNOWFALL (IN)
  YESTERDAY        0.0
  MONTH TO DATE    0.0
  SINCE SEP 1      0.0
  SINCE JUL 1      0.0

DEGREE DAYS
 HEATING
  YESTERDAY        0                         0      0        0
  MONTH TO DATE    0                         0      0        0
  SINCE SEP 1      0                         0      0        0
  SINCE JUL 1      0                         0      0        0

 COOLING
  YESTERDAY       24                        16      8       15
  MONTH TO DATE  542                       450     92      522
  SINCE SEP 1    542                       450     92      522
  SINCE JAN 1   3961                      3693    268     3611
..................................................................


WIND (MPH)
  HIGHEST WIND SPEED    20   HIGHEST WIND DIRECTION    SE (150)
  HIGHEST GUST SPEED    30   HIGHEST GUST DIRECTION    SE (130)
  AVERAGE WIND SPEED    14.2


SKY COVER
  POSSIBLE SUNSHINE  MM
  AVERAGE SKY COVER 0.1


WEATHER CONDITIONS
 THE FOLLOWING WEATHER WAS RECORDED YESTERDAY.
  NO SIGNIFICANT WEATHER WAS OBSERVED.


RELATIVE HUMIDITY (PERCENT)
 HIGHEST    85           400 AM
 LOWEST     33           400 PM

..........................................................


THE LAREDO CLIMATE NORMALS FOR TODAY
                         NORMAL    RECORD    YEAR
 MAXIMUM TEMPERATURE (F)   91       108      2005
 MINIMUM TEMPERATURE (F)   70        50      1989


SUNRISE AND SUNSET
SEPTEMBER 25 2016.....SUNRISE   728 AM CDT   SUNSET   730 PM CDT
SEPTEMBER 26 2016.....SUNRISE   728 AM CDT   SUNSET   729 PM CDT


-  INDICATES NEGATIVE NUMBERS.
R  INDICATES RECORD WAS SET OR TIED.
MM INDICATES DATA IS MISSING.
T  INDICATES TRACE AMOUNT.

$$

87
