000
CDUS44 KCRP 060732 RRA
CLILRD

CLIMATE REPORT
NATIONAL WEATHER SERVICE CORPUS CHRISTI TX
230 AM CDT MON JUL 6 2015


...................................

...THE LAREDO CLIMATE SUMMARY FOR JULY 5 2015...

CLIMATE NORMAL PERIOD 1981 TO 2010
CLIMATE RECORD PERIOD 1900 TO 2015


WEATHER ITEM   OBSERVED TIME   RECORD YEAR NORMAL DEPARTURE LAST
                VALUE   (LST)  VALUE       VALUE  FROM      YEAR
                                                  NORMAL
..................................................................
TEMPERATURE (F)
 YESTERDAY
  MAXIMUM         98    458 PM 109    1998  99     -1       98
  MINIMUM         75    617 AM  65    1924  77     -2       75
  AVERAGE         87                        88     -1       87

PRECIPITATION (IN)
  YESTERDAY        0.00          3.54 1942   0.07  -0.07     0.00
  MONTH TO DATE    T                         0.40  -0.40     0.40
  SINCE JUN 1      1.20                      2.63  -1.43     0.95
  SINCE JAN 1     19.90                      9.50  10.40     5.98

SNOWFALL (IN)
  YESTERDAY        0.0
  MONTH TO DATE    0.0
  SINCE JUN 1      0.0
  SINCE JUL 1      0.0

DEGREE DAYS
 HEATING
  YESTERDAY        0                         0      0        0
  MONTH TO DATE    0                         0      0        0
  SINCE JUN 1      0                         0      0        0
  SINCE JUL 1      0                         0      0        0

 COOLING
  YESTERDAY       22                        23     -1       22
  MONTH TO DATE  101                       115    -14      114
  SINCE JUN 1    701                       775    -74      850
  SINCE JAN 1   1643                      1918   -275     1975
..................................................................


WIND (MPH)
  HIGHEST WIND SPEED    24   HIGHEST WIND DIRECTION    SE (150)
  HIGHEST GUST SPEED    30   HIGHEST GUST DIRECTION    SE (130)
  AVERAGE WIND SPEED    17.0


SKY COVER
  POSSIBLE SUNSHINE  MM
  AVERAGE SKY COVER 0.3


WEATHER CONDITIONS
 THE FOLLOWING WEATHER WAS RECORDED YESTERDAY.
  NO SIGNIFICANT WEATHER WAS OBSERVED.


RELATIVE HUMIDITY (PERCENT)
 HIGHEST    84           600 AM
 LOWEST     40           400 PM

..........................................................


THE LAREDO CLIMATE NORMALS FOR TODAY
                         NORMAL    RECORD    YEAR
 MAXIMUM TEMPERATURE (F)   99       112      1998
 MINIMUM TEMPERATURE (F)   77        63      1940


SUNRISE AND SUNSET
JULY  6 2015..........SUNRISE   648 AM CDT   SUNSET   837 PM CDT
JULY  7 2015..........SUNRISE   648 AM CDT   SUNSET   837 PM CDT


-  INDICATES NEGATIVE NUMBERS.
R  INDICATES RECORD WAS SET OR TIED.
MM INDICATES DATA IS MISSING.
T  INDICATES TRACE AMOUNT.

$$

CB
