000
CDUS44 KCRP 250837 RRB
CLILRD

CLIMATE REPORT
NATIONAL WEATHER SERVICE CORPUS CHRISTI TX
335 AM CDT SUN JUN 25 2017


...................................

...THE LAREDO CLIMATE SUMMARY FOR JUNE 24 2017...

CLIMATE NORMAL PERIOD 1981 TO 2010
CLIMATE RECORD PERIOD 1900 TO 2017


WEATHER ITEM   OBSERVED TIME   RECORD YEAR NORMAL DEPARTURE LAST
                VALUE   (LST)  VALUE       VALUE  FROM      YEAR
                                                  NORMAL
..................................................................
TEMPERATURE (F)
 YESTERDAY
  MAXIMUM        101        MM 109    1949  99      2      102
  MINIMUM         79        MM  63    1908  77      2       76
  AVERAGE         90                        88      2       89

PRECIPITATION (IN)
  YESTERDAY        0.19          2.19 1947   0.09   0.10     0.00
  MONTH TO DATE    0.29                      1.77  -1.48     0.89
  SINCE JUN 1      0.29                      1.77  -1.48     0.89
  SINCE JAN 1     10.69                      8.64   2.05    11.40

SNOWFALL (IN)
  YESTERDAY        0.0
  MONTH TO DATE    0.0
  SINCE JUN 1      0.0
  SINCE JUL 1      0.0

DEGREE DAYS
 HEATING
  YESTERDAY        0                         0      0        0
  MONTH TO DATE    0                         0      0        0
  SINCE JUN 1      0                         0      0        0
  SINCE JUL 1    396                       926   -530      594

 COOLING
  YESTERDAY       25                        23      2       24
  MONTH TO DATE  551                       525     26      503
  SINCE JUN 1    551                       525     26      503
  SINCE JAN 1   2074                      1668    406     1767
..................................................................


WIND (MPH)
  HIGHEST WIND SPEED    27   HIGHEST WIND DIRECTION    NE (60)
  HIGHEST GUST SPEED    38   HIGHEST GUST DIRECTION    NE (60)
  AVERAGE WIND SPEED    11.1


SKY COVER
  POSSIBLE SUNSHINE  MM
  AVERAGE SKY COVER 0.4


WEATHER CONDITIONS
 THE FOLLOWING WEATHER WAS RECORDED YESTERDAY.
  THUNDERSTORM


RELATIVE HUMIDITY (PERCENT)
 HIGHEST    85           500 AM
 LOWEST     42           100 PM

..........................................................


THE LAREDO CLIMATE NORMALS FOR TODAY
                         NORMAL    RECORD    YEAR
 MAXIMUM TEMPERATURE (F)   99       109      1994
 MINIMUM TEMPERATURE (F)   77        61      1908


SUNRISE AND SUNSET
JUNE 25 2017..........SUNRISE   644 AM CDT   SUNSET   837 PM CDT
JUNE 26 2017..........SUNRISE   645 AM CDT   SUNSET   837 PM CDT


-  INDICATES NEGATIVE NUMBERS.
R  INDICATES RECORD WAS SET OR TIED.
MM INDICATES DATA IS MISSING.
T  INDICATES TRACE AMOUNT.




$$
