000
CDUS44 KCRP 270903 RRB
CLILRD

CLIMATE REPORT
NATIONAL WEATHER SERVICE CORPUS CHRISTI TX
400 AM CDT MON MAR 27 2017


...................................

...THE LAREDO CLIMATE SUMMARY FOR MARCH 26 2017...

CLIMATE NORMAL PERIOD 1981 TO 2010
CLIMATE RECORD PERIOD 1900 TO 2017


WEATHER ITEM   OBSERVED TIME   RECORD YEAR NORMAL DEPARTURE LAST
                VALUE   (LST)  VALUE       VALUE  FROM      YEAR
                                                  NORMAL
..................................................................
TEMPERATURE (F)
 YESTERDAY
  MAXIMUM         94        MM 105    1950  83     11       80
  MINIMUM         66        MM  37    1955  59      7       59
  AVERAGE         80                        71      9       70

PRECIPITATION (IN)
  YESTERDAY        0.00          0.50 1919   0.04  -0.04     0.00
  MONTH TO DATE    2.34                      0.99   1.35     3.97
  SINCE MAR 1      2.34                      0.99   1.35     3.97
  SINCE JAN 1      3.31                      2.83   0.48     5.86

SNOWFALL (IN)
  YESTERDAY        0.0
  MONTH TO DATE    0.0
  SINCE MAR 1      0.0
  SINCE JUL 1      0.0

DEGREE DAYS
 HEATING
  YESTERDAY        0                         1     -1        0
  MONTH TO DATE   16                        64    -48       18
  SINCE MAR 1     16                        64    -48       18
  SINCE JUL 1    396                       908   -512      594

 COOLING
  YESTERDAY       15                         7      8        5
  MONTH TO DATE  212                       134     78      201
  SINCE MAR 1    212                       134     78      201
  SINCE JAN 1    518                       219    299      319
..................................................................


WIND (MPH)
  HIGHEST WIND SPEED    18   HIGHEST WIND DIRECTION    SE (140)
  HIGHEST GUST SPEED    23   HIGHEST GUST DIRECTION    SE (140)
  AVERAGE WIND SPEED    12.9


SKY COVER
  POSSIBLE SUNSHINE  MM
  AVERAGE SKY COVER 0.0


WEATHER CONDITIONS
 THE FOLLOWING WEATHER WAS RECORDED YESTERDAY.
  NO SIGNIFICANT WEATHER WAS OBSERVED.


RELATIVE HUMIDITY (PERCENT)
 HIGHEST    84           100 AM
 LOWEST     33           300 PM

..........................................................


THE LAREDO CLIMATE NORMALS FOR TODAY
                         NORMAL    RECORD    YEAR
 MAXIMUM TEMPERATURE (F)   83       105      1984
 MINIMUM TEMPERATURE (F)   59        34      1913


SUNRISE AND SUNSET
MARCH 27 2017.........SUNRISE   734 AM CDT   SUNSET   753 PM CDT
MARCH 28 2017.........SUNRISE   732 AM CDT   SUNSET   754 PM CDT


-  INDICATES NEGATIVE NUMBERS.
R  INDICATES RECORD WAS SET OR TIED.
MM INDICATES DATA IS MISSING.
T  INDICATES TRACE AMOUNT.




$$
