000
CDUS44 KCRP 022343
CLILRD

CLIMATE REPORT
NATIONAL WEATHER SERVICE CORPUS CHRISTI TX
542 PM CST MON MAR 2 2015

...................................

...THE LAREDO CLIMATE SUMMARY FOR MARCH 2 2015...
VALID TODAY AS OF 542 PM LOCAL TIME.

CLIMATE NORMAL PERIOD 1981 TO 2010
CLIMATE RECORD PERIOD 1900 TO 2015


WEATHER ITEM   OBSERVED TIME   RECORD YEAR NORMAL DEPARTURE LAST
                VALUE   (LST)  VALUE       VALUE  FROM      YEAR
                                                  NORMAL
..................................................................
TEMPERATURE (F)
 TODAY
  MAXIMUM         49    437 PM  96    1999  76    -27       92
  MINIMUM         46    948 AM  26    1922  54     -8       46
  AVERAGE         48                        65    -17       69

PRECIPITATION (IN)
  TODAY            T             0.37 1948   0.04  -0.04      T
  MONTH TO DATE    T                         0.08  -0.08      T
  SINCE MAR 1      T                         0.08  -0.08      T
  SINCE JAN 1      0.88                      1.92  -1.04     0.21

SNOWFALL (IN)
  TODAY            0.0
  MONTH TO DATE    0.0
  SINCE MAR 1      0.0
  SINCE JUL 1      0.0

DEGREE DAYS
 HEATING
  TODAY           17                         4     13        0
  MONTH TO DATE   34                         8     26        0
  SINCE MAR 1     34                         8     26        0
  SINCE JUL 1    969                       852    117      991

 COOLING
  TODAY            0                         4     -4        4
  MONTH TO DATE    0                         7     -7       14
  SINCE MAR 1      0                         7     -7       14
  SINCE JAN 1     48                        92    -44      126
..................................................................


WIND (MPH)
  HIGHEST WIND SPEED    13   HIGHEST WIND DIRECTION     N (10)
  HIGHEST GUST SPEED    16   HIGHEST GUST DIRECTION     N (20)


SKY COVER
  POSSIBLE SUNSHINE  MM
  AVERAGE SKY COVER 1.0


WEATHER CONDITIONS
 THE FOLLOWING WEATHER WAS RECORDED TODAY.
  LIGHT RAIN
  FOG


RELATIVE HUMIDITY (PERCENT)
 HIGHEST   100           600 AM
 LOWEST     93           100 AM
 AVERAGE    97

..........................................................


THE LAREDO CLIMATE NORMALS FOR TOMORROW
                         NORMAL    RECORD    YEAR
 MAXIMUM TEMPERATURE (F)   76        95      1964
 MINIMUM TEMPERATURE (F)   54        25      1922


SUNRISE AND SUNSET
MARCH  2 2015.........SUNRISE   701 AM CST   SUNSET   639 PM CST
MARCH  3 2015.........SUNRISE   700 AM CST   SUNSET   640 PM CST


-  INDICATES NEGATIVE NUMBERS.
R  INDICATES RECORD WAS SET OR TIED.
MM INDICATES DATA IS MISSING.
T  INDICATES TRACE AMOUNT.




$$
