000
CDUS44 KCRP 230858
CLILRD

CLIMATE REPORT
NATIONAL WEATHER SERVICE CORPUS CHRISTI TX
355 AM CDT SAT MAY 23 2015

...................................

...THE LAREDO CLIMATE SUMMARY FOR MAY 22 2015...

CLIMATE NORMAL PERIOD 1981 TO 2010
CLIMATE RECORD PERIOD 1900 TO 2015


WEATHER ITEM   OBSERVED TIME   RECORD YEAR NORMAL DEPARTURE LAST
                VALUE   (LST)  VALUE       VALUE  FROM      YEAR
                                                  NORMAL
..................................................................
TEMPERATURE (F)
 YESTERDAY
  MAXIMUM         89    521 PM 107    1998  95     -6       94
  MINIMUM         72    227 AM  55    1911  73     -1       76
  AVERAGE         81                        84     -3       85

PRECIPITATION (IN)
  YESTERDAY        0.00          4.68 1977   0.07  -0.07     0.00
  MONTH TO DATE    3.90                      1.75   2.15     1.48
  SINCE MAR 1     11.98                      4.29   7.69     2.59
  SINCE JAN 1     12.86                      6.13   6.73     2.80

SNOWFALL (IN)
  YESTERDAY        0.0
  MONTH TO DATE    0.0
  SINCE MAR 1      0.0
  SINCE JUL 1      0.0

DEGREE DAYS
 HEATING
  YESTERDAY        0                         0      0        0
  MONTH TO DATE    0                         0      0        0
  SINCE MAR 1    129                        82     47      104
  SINCE JUL 1   1064                       926    138     1095

 COOLING
  YESTERDAY       16                        19     -3       20
  MONTH TO DATE  342                       366    -24      317
  SINCE MAR 1    745                       881   -136      839
  SINCE JAN 1    793                       966   -173      951
..................................................................


WIND (MPH)
  HIGHEST WIND SPEED    22   HIGHEST WIND DIRECTION    SE (140)
  HIGHEST GUST SPEED    27   HIGHEST GUST DIRECTION    SE (140)
  AVERAGE WIND SPEED    10.4


SKY COVER
  POSSIBLE SUNSHINE  MM
  AVERAGE SKY COVER 0.5


WEATHER CONDITIONS
 THE FOLLOWING WEATHER WAS RECORDED YESTERDAY.
  NO SIGNIFICANT WEATHER WAS OBSERVED.


RELATIVE HUMIDITY (PERCENT)
 HIGHEST    93           500 AM
 LOWEST     54           400 PM

..........................................................


THE LAREDO CLIMATE NORMALS FOR TODAY
                         NORMAL    RECORD    YEAR
 MAXIMUM TEMPERATURE (F)   95       107      2011
                                             1989
 MINIMUM TEMPERATURE (F)   73        49      1928


SUNRISE AND SUNSET
MAY 23 2015...........SUNRISE   645 AM CDT   SUNSET   824 PM CDT
MAY 24 2015...........SUNRISE   645 AM CDT   SUNSET   825 PM CDT


-  INDICATES NEGATIVE NUMBERS.
R  INDICATES RECORD WAS SET OR TIED.
MM INDICATES DATA IS MISSING.
T  INDICATES TRACE AMOUNT.


$$

87
