000
CDUS43 KARX 140641
CLILSE


CLIMATE REPORT
NATIONAL WEATHER SERVICE LA CROSSE WI
1240 AM CST THU DEC 14 2017


...................................

...THE LA CROSSE WI CLIMATE SUMMARY FOR DECEMBER 13 2017...

CLIMATE NORMAL PERIOD 1981 TO 2010
CLIMATE RECORD PERIOD 1873 TO 2017


WEATHER ITEM   OBSERVED TIME   RECORD YEAR NORMAL DEPARTURE LAST
                VALUE   (LST)  VALUE       VALUE  FROM      YEAR
                                                  NORMAL
..................................................................
TEMPERATURE (F)
 YESTERDAY
  MAXIMUM         32   1005 AM  56    1891  29      3       13
  MINIMUM         14   1159 PM -21    1903  15     -1       -2
  AVERAGE         23                        22      1        6

PRECIPITATION (IN)
  YESTERDAY        T             1.71 2015   0.04  -0.04     0.00
  MONTH TO DATE    0.44                      0.67  -0.23     0.86
  SINCE DEC 1      0.44                      0.67  -0.23     0.86
  SINCE JAN 1     39.51                     32.37   7.14    43.43

SNOWFALL (IN)
  YESTERDAY        T             2.4  1974   0.4   -0.4      0.0
  MONTH TO DATE    2.8                       5.1   -2.3     12.8
  SINCE JUL 1      2.8                       9.4   -6.6     12.8
  SNOW DEPTH       2

DEGREE DAYS
 HEATING
  YESTERDAY       42                        43     -1       59
  MONTH TO DATE  459                       527    -68      510
  SINCE JUL 1   1696                      2027   -331     1369

 COOLING
  YESTERDAY        0                         0      0        0
  MONTH TO DATE    0                         0      0        0
  SINCE JAN 1   1001                       782    219     1033
..................................................................


WIND (MPH)
  HIGHEST WIND SPEED    25   HIGHEST WIND DIRECTION    NW (330)
  HIGHEST GUST SPEED    34   HIGHEST GUST DIRECTION    NW (330)
  AVERAGE WIND SPEED    12.4


SKY COVER
  POSSIBLE SUNSHINE  MM
  AVERAGE SKY COVER 0.7


WEATHER CONDITIONS
 THE FOLLOWING WEATHER WAS RECORDED YESTERDAY.
  LIGHT SNOW


RELATIVE HUMIDITY (PERCENT)
 HIGHEST    75           600 AM
 LOWEST     63          1200 AM
 AVERAGE    69

..........................................................


THE LA CROSSE WI CLIMATE NORMALS FOR TODAY
                         NORMAL    RECORD    YEAR
 MAXIMUM TEMPERATURE (F)   29        56      1998
 MINIMUM TEMPERATURE (F)   14       -23      1901


SUNRISE AND SUNSET
DECEMBER 14 2017......SUNRISE   732 AM CST   SUNSET   428 PM CST
DECEMBER 15 2017......SUNRISE   733 AM CST   SUNSET   428 PM CST


-  INDICATES NEGATIVE NUMBERS.
R  INDICATES RECORD WAS SET OR TIED.
MM INDICATES DATA IS MISSING.
T  INDICATES TRACE AMOUNT.




$$
