022
CDUS43 KARX 110645
CLILSE


CLIMATE REPORT
NATIONAL WEATHER SERVICE LA CROSSE WI
1243 AM CST SUN DEC 11 2016
...................................

...THE LA CROSSE WI CLIMATE SUMMARY FOR DECEMBER 10 2016...

CLIMATE NORMAL PERIOD 1981 TO 2010
CLIMATE RECORD PERIOD 1873 TO 2016

WEATHER ITEM   OBSERVED TIME   RECORD YEAR NORMAL DEPARTURE LAST
                VALUE   (LST)  VALUE       VALUE  FROM      YEAR
                                                  NORMAL
..................................................................
TEMPERATURE (F)
 YESTERDAY
  MAXIMUM         18   1159 PM  56    1979  31    -13       55
  MINIMUM          9    802 AM -18    1919  16     -7       43
  AVERAGE         14                        23     -9       49

PRECIPITATION (IN)
  YESTERDAY        0.20          1.02 1911   0.05   0.15     0.06
  MONTH TO DATE    0.56                      0.53   0.03     0.13
  SINCE DEC 1      0.56                      0.53   0.03     0.13
  SINCE JAN 1     43.13                     32.23  10.90    29.68

SNOWFALL (IN)
  YESTERDAY        4.0           7.0  1970   0.4    3.6      0.0
  MONTH TO DATE    6.9                       3.8    3.1      0.5
  SINCE JUL 1      6.9                       8.1   -1.2      1.4
  SNOW DEPTH       0

DEGREE DAYS
 HEATING
  YESTERDAY       51                        42      9       16
  MONTH TO DATE  359                       399    -40      258
  SINCE JUL 1   1218                      1899   -681     1344

 COOLING
  YESTERDAY        0                         0      0        0
  MONTH TO DATE    0                         0      0        0
  SINCE JAN 1   1033                       782    251      887
..................................................................

WIND (MPH)
  HIGHEST WIND SPEED    14   HIGHEST WIND DIRECTION     W (270)
  HIGHEST GUST SPEED    17   HIGHEST GUST DIRECTION     W (290)
  AVERAGE WIND SPEED     5.0

SKY COVER
  POSSIBLE SUNSHINE  MM
  AVERAGE SKY COVER 0.7

WEATHER CONDITIONS
 THE FOLLOWING WEATHER WAS RECORDED YESTERDAY.
  LIGHT SNOW
  FOG
  HAZE

RELATIVE HUMIDITY (PERCENT)
 HIGHEST    88           500 PM
 LOWEST     67           400 AM
 AVERAGE    78
..........................................................

THE LA CROSSE WI CLIMATE NORMALS FOR TODAY
                         NORMAL    RECORD    YEAR
 MAXIMUM TEMPERATURE (F)   30        57      1949
 MINIMUM TEMPERATURE (F)   16       -11      1936

SUNRISE AND SUNSET
DECEMBER 11 2016......SUNRISE   730 AM CST   SUNSET   427 PM CST
DECEMBER 12 2016......SUNRISE   730 AM CST   SUNSET   428 PM CST

-  INDICATES NEGATIVE NUMBERS.
R  INDICATES RECORD WAS SET OR TIED.
MM INDICATES DATA IS MISSING.
T  INDICATES TRACE AMOUNT.

$$

BOYNE
