000
CDUS43 KARX 280638
CLILSE


CLIMATE REPORT
NATIONAL WEATHER SERVICE LA CROSSE WI
1238 AM CST WED JAN 28 2015


...................................

...THE LA CROSSE WI CLIMATE SUMMARY FOR JANUARY 27 2015...

CLIMATE NORMAL PERIOD 1981 TO 2010
CLIMATE RECORD PERIOD 1873 TO 2015


WEATHER ITEM   OBSERVED TIME   RECORD YEAR NORMAL DEPARTURE LAST
                VALUE   (LST)  VALUE       VALUE  FROM      YEAR
                                                  NORMAL
..................................................................
TEMPERATURE (F)
 YESTERDAY
  MAXIMUM         32    304 PM  54    2006  27      5        0
                                      2002
  MINIMUM         29   1159 PM -25    1904   9     20      -12
  AVERAGE         31                        18     13       -6

PRECIPITATION (IN)
  YESTERDAY        0.00          0.95 1944   0.03  -0.03     0.00
  MONTH TO DATE    0.61                      0.97  -0.36     0.88
  SINCE DEC 1      1.71                      2.33  -0.62     2.40
  SINCE JAN 1      0.61                      0.97  -0.36     0.88

SNOWFALL (IN)
  YESTERDAY        0.0           6.4  1949   0.4   -0.4      0.0
  MONTH TO DATE    8.6                       9.2   -0.6     14.0
  SINCE JUL 1     18.4                      24.8   -6.4     27.7
  SNOW DEPTH       2

DEGREE DAYS
 HEATING
  YESTERDAY       34                        47    -13       71
  MONTH TO DATE 1217                      1289    -72     1480
  SINCE JUL 1   3956                      4133   -177     4408

 COOLING
  YESTERDAY        0                         0      0        0
  MONTH TO DATE    0                         0      0        0
  SINCE JAN 1      0                         0      0        0
..................................................................


WIND (MPH)
  HIGHEST WIND SPEED    14   HIGHEST WIND DIRECTION     S (160)
  HIGHEST GUST SPEED    17   HIGHEST GUST DIRECTION     S (160)
  AVERAGE WIND SPEED     5.7


SKY COVER
  POSSIBLE SUNSHINE  MM
  AVERAGE SKY COVER 1.0


WEATHER CONDITIONS
 THE FOLLOWING WEATHER WAS RECORDED YESTERDAY.
  FOG


RELATIVE HUMIDITY (PERCENT)
 HIGHEST    85           100 AM
 LOWEST     63          1200 PM
 AVERAGE    74

..........................................................


THE LA CROSSE WI CLIMATE NORMALS FOR TODAY
                         NORMAL    RECORD    YEAR
 MAXIMUM TEMPERATURE (F)   27        49      1914
 MINIMUM TEMPERATURE (F)    9       -28      1915
                                             1873


SUNRISE AND SUNSET
JANUARY 28 2015.......SUNRISE   726 AM CST   SUNSET   510 PM CST
JANUARY 29 2015.......SUNRISE   725 AM CST   SUNSET   511 PM CST


-  INDICATES NEGATIVE NUMBERS.
R  INDICATES RECORD WAS SET OR TIED.
MM INDICATES DATA IS MISSING.
T  INDICATES TRACE AMOUNT.




$$
