000
CDUS43 KARX 292238
CLILSE


CLIMATE REPORT...Corrected
NATIONAL WEATHER SERVICE LA CROSSE WI
537 PM CDT SAT APR 29 2017


...................................

...THE LA CROSSE WI CLIMATE SUMMARY FOR APRIL 29 2017...
VALID TODAY AS OF 0500 PM LOCAL TIME.

CLIMATE NORMAL PERIOD 1981 TO 2010
CLIMATE RECORD PERIOD 1873 TO 2017


WEATHER ITEM   OBSERVED TIME   RECORD YEAR NORMAL DEPARTURE LAST
                VALUE   (LST)  VALUE       VALUE  FROM      YEAR
                                                  NORMAL
..................................................................
TEMPERATURE (F)
 TODAY
  MAXIMUM         51    317 PM  93    1910  65    -14       55
  MINIMUM         37    311 AM  26    1956  43     -6       40
  AVERAGE         44                        54    -10       48

PRECIPITATION (IN)
  TODAY            0.00          1.45 1973   0.13  -0.13     0.00
  MONTH TO DATE    4.23                      3.22   1.01     0.66
  SINCE MAR 1      5.99                      5.26   0.73     4.27
  SINCE JAN 1      9.85                      7.43   2.42     5.92

SNOWFALL (IN)
  TODAY            0.0           4.5  1956   0.0    0.0      0.0
  MONTH TO DATE    0.0                       1.7   -1.7      0.6
  SINCE JUL 1     42.2                      43.3   -1.1     40.3
  SNOW DEPTH       0

DEGREE DAYS
 HEATING
  TODAY           21                        11     10       17
  MONTH TO DATE  352                       488   -136      439
  SINCE JUL 1   5534                      6941  -1407     5738

 COOLING
  TODAY            0                         0      0        0
  MONTH TO DATE    6                         0      6       11
  SINCE JAN 1      6                         0      6       11
..................................................................


WIND (MPH)
  HIGHEST WIND SPEED    17   HIGHEST WIND DIRECTION     E (70)
  HIGHEST GUST SPEED    25   HIGHEST GUST DIRECTION    NE (60)
  AVERAGE WIND SPEED     9.1


SKY COVER
  POSSIBLE SUNSHINE  MM
  AVERAGE SKY COVER 0.1


WEATHER CONDITIONS
 THE FOLLOWING WEATHER WAS RECORDED TODAY.
  NO SIGNIFICANT WEATHER WAS OBSERVED.


RELATIVE HUMIDITY (PERCENT)
 HIGHEST    82           200 AM
 LOWEST     39           100 PM
 AVERAGE    61

..........................................................


THE LA CROSSE WI CLIMATE NORMALS FOR TOMORROW
                         NORMAL    RECORD    YEAR
 MAXIMUM TEMPERATURE (F)   66        90      1952
 MINIMUM TEMPERATURE (F)   44        17      1956


SUNRISE AND SUNSET
APRIL 29 2017.........SUNRISE   559 AM CDT   SUNSET   806 PM CDT
APRIL 30 2017.........SUNRISE   558 AM CDT   SUNSET   807 PM CDT


-  INDICATES NEGATIVE NUMBERS.
R  INDICATES RECORD WAS SET OR TIED.
MM INDICATES DATA IS MISSING.
T  INDICATES TRACE AMOUNT.




$$
