000
CDUS43 KARX 212150
CLILSE


CLIMATE REPORT
NATIONAL WEATHER SERVICE LA CROSSE WI
450 PM CDT MON AUG 21 2017


...................................

...THE LA CROSSE WI CLIMATE SUMMARY FOR AUGUST 21 2017...
VALID TODAY AS OF 0400 PM LOCAL TIME.

CLIMATE NORMAL PERIOD 1981 TO 2010
CLIMATE RECORD PERIOD 1873 TO 2017


WEATHER ITEM   OBSERVED TIME   RECORD YEAR NORMAL DEPARTURE LAST
                VALUE   (LST)  VALUE       VALUE  FROM      YEAR
                                                  NORMAL
..................................................................
TEMPERATURE (F)
 TODAY
  MAXIMUM         84   1123 AM 103    1955  81      3       76
  MINIMUM         69    321 AM  40    2004  61      8       58
  AVERAGE         77                        71      6       67

PRECIPITATION (IN)
  TODAY            0.00          1.94 1939   0.13  -0.13     0.00
  MONTH TO DATE    0.87                      3.00  -2.13     5.39
  SINCE JUN 1     13.88                     11.60   2.28    17.27
  SINCE JAN 1     31.57                     22.67   8.90    27.75

SNOWFALL (IN)
  TODAY            0.0          MM      MM   0.0    0.0      0.0
  MONTH TO DATE    0.0                       0.0    0.0      0.0
  SINCE JUL 1      0.0                       0.0    0.0      0.0
  SNOW DEPTH       0

DEGREE DAYS
 HEATING
  TODAY            0                         1     -1        0
  MONTH TO DATE    0                         1     -1        0
  SINCE JUL 1      0                         6     -6        0

 COOLING
  TODAY           12                         7      5        2
  MONTH TO DATE  155                       158     -3      221
  SINCE JAN 1    778                       645    133      837
..................................................................


WIND (MPH)
  HIGHEST WIND SPEED    16   HIGHEST WIND DIRECTION     S (200)
  HIGHEST GUST SPEED    20   HIGHEST GUST DIRECTION    SW (210)
  AVERAGE WIND SPEED     5.2


SKY COVER
  POSSIBLE SUNSHINE  MM
  AVERAGE SKY COVER 0.2


WEATHER CONDITIONS
 THE FOLLOWING WEATHER WAS RECORDED TODAY.
  NO SIGNIFICANT WEATHER WAS OBSERVED.


RELATIVE HUMIDITY (PERCENT)
 HIGHEST    90           100 AM
 LOWEST     58          1200 PM
 AVERAGE    74

..........................................................


THE LA CROSSE WI CLIMATE NORMALS FOR TOMORROW
                         NORMAL    RECORD    YEAR
 MAXIMUM TEMPERATURE (F)   81        96      1968
 MINIMUM TEMPERATURE (F)   61        43      1923


SUNRISE AND SUNSET
AUGUST 21 2017........SUNRISE   616 AM CDT   SUNSET   759 PM CDT
AUGUST 22 2017........SUNRISE   617 AM CDT   SUNSET   757 PM CDT


-  INDICATES NEGATIVE NUMBERS.
R  INDICATES RECORD WAS SET OR TIED.
MM INDICATES DATA IS MISSING.
T  INDICATES TRACE AMOUNT.




$$
