000
CDUS45 KBYZ 042222
CLILVM


CLIMATE REPORT
NATIONAL WEATHER SERVICE BILLINGS MT
421 PM MDT SAT JUL 4 2015


...................................

...THE LIVINGSTON MT CLIMATE SUMMARY FOR JULY 4 2015...
VALID TODAY AS OF 0400 PM LOCAL TIME.

CLIMATE NORMAL PERIOD 1981 TO 2010
CLIMATE RECORD PERIOD 1948 TO 2015


WEATHER ITEM   OBSERVED TIME   RECORD YEAR NORMAL DEPARTURE LAST
                VALUE   (LST)  VALUE       VALUE  FROM      YEAR
                                                  NORMAL
..................................................................
TEMPERATURE (F)
 TODAY
  MAXIMUM         95    216 PM 100    2008  81     14       95
  MINIMUM         52    250 AM  35    1972  48      4       56
  AVERAGE         74                        64     10       76

PRECIPITATION (IN)
  TODAY            0.00          0.80 2004   0.05  -0.05      T
  MONTH TO DATE    0.00                      0.22  -0.22      T
  SINCE OCT 1      9.48                     11.24  -1.76    11.09
  SINCE JAN 1      7.69                      8.87  -1.18     8.80

DEGREE DAYS
 HEATING
  TODAY            0                         3     -3        0
  MONTH TO DATE    0                        12    -12        9
  SINCE JUN 1     54                       219   -165      204
  SINCE JUL 1      0                        12    -12        9

 COOLING
  TODAY            9                         2      7       11
  MONTH TO DATE   34                         8     26       13
  SINCE JUN 1    133                        27    106       15
  SINCE JAN 1    134                        28    106       20
..................................................................


WIND (MPH)
  HIGHEST WIND SPEED    17   HIGHEST WIND DIRECTION    SW (230)
  HIGHEST GUST SPEED    23   HIGHEST GUST DIRECTION    SW (230)
  AVERAGE WIND SPEED     7.0


SKY COVER
  POSSIBLE SUNSHINE  MM
  AVERAGE SKY COVER 0.0


WEATHER CONDITIONS
 THE FOLLOWING WEATHER WAS RECORDED TODAY.
  NO SIGNIFICANT WEATHER WAS OBSERVED.


RELATIVE HUMIDITY (PERCENT)
 HIGHEST    72           200 AM
 LOWEST     16          1200 PM
 AVERAGE    44

..........................................................


THE LIVINGSTON MT CLIMATE NORMALS FOR TOMORROW
                         NORMAL    RECORD    YEAR
 MAXIMUM TEMPERATURE (F)   82        99      1985
 MINIMUM TEMPERATURE (F)   48        37      1999


SUNRISE AND SUNSET
JULY  4 2015..........SUNRISE   538 AM MDT   SUNSET   914 PM MDT
JULY  5 2015..........SUNRISE   539 AM MDT   SUNSET   914 PM MDT


-  INDICATES NEGATIVE NUMBERS.
R  INDICATES RECORD WAS SET OR TIED.
MM INDICATES DATA IS MISSING.
T  INDICATES TRACE AMOUNT.





&&

THIS IS AN AUTOMATED...UNATTENDED WEATHER STATION AND MAY
UNDERESTIMATE WINTER PRECIPITATION.

$$
