000
CDUS45 KBYZ 231031
CLILVM


CLIMATE REPORT
NATIONAL WEATHER SERVICE BILLINGS MT
331 AM MST THU FEB 23 2017


...................................

...THE LIVINGSTON MT CLIMATE SUMMARY FOR FEBRUARY 22 2017...

CLIMATE NORMAL PERIOD 1981 TO 2010
CLIMATE RECORD PERIOD 1948 TO 2017


WEATHER ITEM   OBSERVED TIME   RECORD YEAR NORMAL DEPARTURE LAST
                VALUE   (LST)  VALUE       VALUE  FROM      YEAR
                                                  NORMAL
..................................................................
TEMPERATURE (F)
 YESTERDAY
  MAXIMUM         41   1250 AM  64    1958  42     -1       45
  MINIMUM         29   1159 PM -13    2015  19     10       22
  AVERAGE         35                        30      5       34

PRECIPITATION (IN)
  YESTERDAY        0.01          0.28 1996   0.02  -0.01     0.00
  MONTH TO DATE    0.80                      0.38   0.42     0.15
  SINCE OCT 1      5.14                      3.24   1.90     4.00
  SINCE JAN 1      1.21                      0.87   0.34     0.30

DEGREE DAYS
 HEATING
  YESTERDAY       30                        35     -5       31
  MONTH TO DATE  725                       801    -76      550
  SINCE DEC 1   3487                      3183    304     2752
  SINCE JUL 1   4985                      5142   -157     4429

 COOLING
  YESTERDAY        0                         0      0        0
  MONTH TO DATE    0                         0      0        0
  SINCE DEC 1      0                         0      0        0
  SINCE JAN 1      0                         0      0        0
..................................................................


WIND (MPH)
  HIGHEST WIND SPEED    33   HIGHEST WIND DIRECTION     W (260)
  HIGHEST GUST SPEED    40   HIGHEST GUST DIRECTION     W (260)
  AVERAGE WIND SPEED    15.3


SKY COVER
  POSSIBLE SUNSHINE  MM
  AVERAGE SKY COVER 0.8


WEATHER CONDITIONS
 THE FOLLOWING WEATHER WAS RECORDED YESTERDAY.
  LIGHT SNOW
  FOG


RELATIVE HUMIDITY (PERCENT)
 HIGHEST    85           700 PM
 LOWEST     34          1200 AM
 AVERAGE    60

..........................................................


THE LIVINGSTON MT CLIMATE NORMALS FOR TODAY
                         NORMAL    RECORD    YEAR
 MAXIMUM TEMPERATURE (F)   42        61      1995
 MINIMUM TEMPERATURE (F)   19       -18      2003


SUNRISE AND SUNSET
FEBRUARY 23 2017......SUNRISE   710 AM MST   SUNSET   601 PM MST
FEBRUARY 24 2017......SUNRISE   708 AM MST   SUNSET   602 PM MST


-  INDICATES NEGATIVE NUMBERS.
R  INDICATES RECORD WAS SET OR TIED.
MM INDICATES DATA IS MISSING.
T  INDICATES TRACE AMOUNT.





&&

THIS IS AN AUTOMATED...UNATTENDED WEATHER STATION AND MAY
UNDERESTIMATE WINTER PRECIPITATION.

$$
