000
CDUS45 KBYZ 192226
CLILVM


CLIMATE REPORT
NATIONAL WEATHER SERVICE BILLINGS MT
426 PM MDT FRI SEP 19 2014


...................................

...THE LIVINGSTON MT CLIMATE SUMMARY FOR SEPTEMBER 19 2014...
VALID TODAY AS OF 0400 PM LOCAL TIME.

CLIMATE NORMAL PERIOD 1981 TO 2010
CLIMATE RECORD PERIOD 1948 TO 2014


WEATHER ITEM   OBSERVED TIME   RECORD YEAR NORMAL DEPARTURE LAST
                VALUE   (LST)  VALUE       VALUE  FROM      YEAR
                                                  NORMAL
..................................................................
TEMPERATURE (F)
 TODAY
  MAXIMUM         76    248 PM  91    2009  70      6       65
                                      1981
  MINIMUM         55    457 AM  23    1965  38     17       40
  AVERAGE         66                        54     12       53

PRECIPITATION (IN)
  TODAY            0.00          0.43 1972   0.04  -0.04     0.00
  MONTH TO DATE    0.59                      0.72  -0.13     1.49
  SINCE OCT 1     14.82                     14.32   0.50    11.27
  SINCE JAN 1     12.53                     11.95   0.58     8.97

DEGREE DAYS
 HEATING
  TODAY            0                        11    -11       12
  MONTH TO DATE  173                       147     26       41
  SINCE SEP 1    173                       147     26       41
  SINCE JUL 1    242                       265    -23       41

 COOLING
  TODAY            1                         0      1        0
  MONTH TO DATE    5                        13     -8       56
  SINCE SEP 1      5                        13     -8       56
  SINCE JAN 1    308                       228     80      495
..................................................................


WIND (MPH)
  HIGHEST WIND SPEED    29   HIGHEST WIND DIRECTION     W (280)
  HIGHEST GUST SPEED    36   HIGHEST GUST DIRECTION     W (280)
  AVERAGE WIND SPEED    16.2


SKY COVER
  POSSIBLE SUNSHINE  MM
  AVERAGE SKY COVER 0.2


WEATHER CONDITIONS
 THE FOLLOWING WEATHER WAS RECORDED TODAY.
  NO SIGNIFICANT WEATHER WAS OBSERVED.


RELATIVE HUMIDITY (PERCENT)
 HIGHEST    72          1200 AM
 LOWEST     31           200 PM
 AVERAGE    52

..........................................................


THE LIVINGSTON MT CLIMATE NORMALS FOR TOMORROW
                         NORMAL    RECORD    YEAR
 MAXIMUM TEMPERATURE (F)   70        86      1956
 MINIMUM TEMPERATURE (F)   38        18      1983


SUNRISE AND SUNSET
SEPTEMBER 19 2014.....SUNRISE   705 AM MDT   SUNSET   725 PM MDT
SEPTEMBER 20 2014.....SUNRISE   706 AM MDT   SUNSET   723 PM MDT


-  INDICATES NEGATIVE NUMBERS.
R  INDICATES RECORD WAS SET OR TIED.
MM INDICATES DATA IS MISSING.
T  INDICATES TRACE AMOUNT.





&&

THIS IS AN AUTOMATED...UNATTENDED WEATHER STATION AND MAY
UNDERESTIMATE WINTER PRECIPITATION.

$$
