000
CDUS45 KBYZ 310944
CLILVM


CLIMATE REPORT
NATIONAL WEATHER SERVICE BILLINGS MT
343 AM MDT MON AUG 31 2015


...................................

...THE LIVINGSTON MT CLIMATE SUMMARY FOR AUGUST 30 2015...

CLIMATE NORMAL PERIOD 1981 TO 2010
CLIMATE RECORD PERIOD 1948 TO 2015


WEATHER ITEM   OBSERVED TIME   RECORD YEAR NORMAL DEPARTURE LAST
                VALUE   (LST)  VALUE       VALUE  FROM      YEAR
                                                  NORMAL
..................................................................
TEMPERATURE (F)
 YESTERDAY
  MAXIMUM         89    145 PM  96    2007  80      9       71
                                      1954
  MINIMUM         56   1143 PM  31    1993  44     12       54
  AVERAGE         73                        62     11       63

PRECIPITATION (IN)
  YESTERDAY        0.04          0.85 1977   0.03   0.01     0.38
  MONTH TO DATE    1.25                      1.07   0.18     2.66
  SINCE OCT 1     11.90                     13.56  -1.66    14.20
  SINCE JAN 1     10.11                     11.19  -1.08    11.91

DEGREE DAYS
 HEATING
  YESTERDAY        0                         4     -4        2
  MONTH TO DATE   57                        62     -5       53
  SINCE JUN 1    121                       319   -198      257
  SINCE JUL 1     67                       112    -45       62

 COOLING
  YESTERDAY        8                         1      7        0
  MONTH TO DATE  127                        86     41      123
  SINCE JUN 1    341                       214    127      298
  SINCE JAN 1    342                       215    127      303
..................................................................


WIND (MPH)
  HIGHEST WIND SPEED    40   HIGHEST WIND DIRECTION    SW (210)
  HIGHEST GUST SPEED    53   HIGHEST GUST DIRECTION    SW (210)
  AVERAGE WIND SPEED    18.7


SKY COVER
  POSSIBLE SUNSHINE  MM
  AVERAGE SKY COVER 0.2


WEATHER CONDITIONS
 THE FOLLOWING WEATHER WAS RECORDED YESTERDAY.
  THUNDERSTORM
  LIGHT RAIN
  HAZE


RELATIVE HUMIDITY (PERCENT)
 HIGHEST    67           700 AM
 LOWEST     10           800 PM
 AVERAGE    39

..........................................................


THE LIVINGSTON MT CLIMATE NORMALS FOR TODAY
                         NORMAL    RECORD    YEAR
 MAXIMUM TEMPERATURE (F)   79       100      1955
 MINIMUM TEMPERATURE (F)   44        33      1993


SUNRISE AND SUNSET
AUGUST 31 2015........SUNRISE   641 AM MDT   SUNSET   802 PM MDT
SEPTEMBER  1 2015.....SUNRISE   643 AM MDT   SUNSET   800 PM MDT


-  INDICATES NEGATIVE NUMBERS.
R  INDICATES RECORD WAS SET OR TIED.
MM INDICATES DATA IS MISSING.
T  INDICATES TRACE AMOUNT.





&&

THIS IS AN AUTOMATED...UNATTENDED WEATHER STATION AND MAY
UNDERESTIMATE WINTER PRECIPITATION.

$$
