000
CDUS45 KBYZ 290938
CLILVM


CLIMATE REPORT
NATIONAL WEATHER SERVICE BILLINGS MT
337 AM MDT TUE JUL 29 2014


...................................

...THE LIVINGSTON MT CLIMATE SUMMARY FOR JULY 28 2014...

CLIMATE NORMAL PERIOD 1981 TO 2010
CLIMATE RECORD PERIOD 1948 TO 2014


WEATHER ITEM   OBSERVED TIME   RECORD YEAR NORMAL DEPARTURE LAST
                VALUE   (LST)  VALUE       VALUE  FROM      YEAR
                                                  NORMAL
..................................................................
TEMPERATURE (F)
 YESTERDAY
  MAXIMUM         88    156 PM 101    2006  87      1       84
  MINIMUM         49    508 AM  40    1949  50     -1       54
  AVERAGE         69                        68      1       69

PRECIPITATION (IN)
  YESTERDAY        0.00          1.64 1998   0.04  -0.04      T
  MONTH TO DATE    0.45                      1.35  -0.90     1.28
  SINCE OCT 1     11.54                     12.37  -0.83     9.37
  SINCE JAN 1      9.25                     10.00  -0.75     7.07

DEGREE DAYS
 HEATING
  YESTERDAY        0                         1     -1        0
  MONTH TO DATE    9                        47    -38        0
  SINCE JUN 1    204                       254    -50      137
  SINCE JUL 1      9                        47    -38        0

 COOLING
  YESTERDAY        4                         4      0        4
  MONTH TO DATE  155                        94     61      180
  SINCE JUN 1    157                       113     44      222
  SINCE JAN 1    162                       114     48      230
..................................................................


WIND (MPH)
  HIGHEST WIND SPEED    18   HIGHEST WIND DIRECTION     E (70)
  HIGHEST GUST SPEED    23   HIGHEST GUST DIRECTION     E (80)
  AVERAGE WIND SPEED     6.2


SKY COVER
  POSSIBLE SUNSHINE  MM
  AVERAGE SKY COVER 0.1


WEATHER CONDITIONS
 THE FOLLOWING WEATHER WAS RECORDED YESTERDAY.
  NO SIGNIFICANT WEATHER WAS OBSERVED.


RELATIVE HUMIDITY (PERCENT)
 HIGHEST    59           400 AM
 LOWEST     19           400 PM
 AVERAGE    39

..........................................................


THE LIVINGSTON MT CLIMATE NORMALS FOR TODAY
                         NORMAL    RECORD    YEAR
 MAXIMUM TEMPERATURE (F)   87       103      2006
 MINIMUM TEMPERATURE (F)   50        35      1971


SUNRISE AND SUNSET
JULY 29 2014..........SUNRISE   602 AM MDT   SUNSET   854 PM MDT
JULY 30 2014..........SUNRISE   603 AM MDT   SUNSET   853 PM MDT


-  INDICATES NEGATIVE NUMBERS.
R  INDICATES RECORD WAS SET OR TIED.
MM INDICATES DATA IS MISSING.
T  INDICATES TRACE AMOUNT.





&&

THIS IS AN AUTOMATED...UNATTENDED WEATHER STATION AND MAY
UNDERESTIMATE WINTER PRECIPITATION.

$$
