000
CDUS45 KBYZ 220939
CLILVM


CLIMATE REPORT
NATIONAL WEATHER SERVICE BILLINGS MT
331 AM MDT FRI AUG 22 2014


...................................

...THE LIVINGSTON MT CLIMATE SUMMARY FOR AUGUST 21 2014...

CLIMATE NORMAL PERIOD 1981 TO 2010
CLIMATE RECORD PERIOD 1948 TO 2014


WEATHER ITEM   OBSERVED TIME   RECORD YEAR NORMAL DEPARTURE LAST
                VALUE   (LST)  VALUE       VALUE  FROM      YEAR
                                                  NORMAL
..................................................................
TEMPERATURE (F)
 YESTERDAY
  MAXIMUM         70    414 PM  98    2010  83    -13       88
  MINIMUM         56   1159 PM  38    1984  46     10       52
  AVERAGE         63                        65     -2       70

PRECIPITATION (IN)
  YESTERDAY        0.32          0.35 1965   0.03   0.29     0.00
  MONTH TO DATE    0.64                      0.75  -0.11     0.08
  SINCE OCT 1     12.18                     13.24  -1.06     9.46
  SINCE JAN 1      9.89                     10.87  -0.98     7.16

DEGREE DAYS
 HEATING
  YESTERDAY        2                         3     -1        0
  MONTH TO DATE    2                        31    -29        0
  SINCE JUN 1    206                       288    -82      137
  SINCE JUL 1     11                        81    -70        0

 COOLING
  YESTERDAY        0                         2     -2        5
  MONTH TO DATE  116                        71     45      122
  SINCE JUN 1    291                       199     92      350
  SINCE JAN 1    296                       200     96      358
..................................................................


WIND (MPH)
  HIGHEST WIND SPEED    21   HIGHEST WIND DIRECTION    SW (230)
  HIGHEST GUST SPEED    25   HIGHEST GUST DIRECTION    SW (230)
  AVERAGE WIND SPEED     8.5


SKY COVER
  POSSIBLE SUNSHINE  MM
  AVERAGE SKY COVER 0.8


WEATHER CONDITIONS
 THE FOLLOWING WEATHER WAS RECORDED YESTERDAY.
  HEAVY RAIN
  RAIN
  LIGHT RAIN
  FOG


RELATIVE HUMIDITY (PERCENT)
 HIGHEST    93          1100 PM
 LOWEST     47           400 PM
 AVERAGE    70

..........................................................


THE LIVINGSTON MT CLIMATE NORMALS FOR TODAY
                         NORMAL    RECORD    YEAR
 MAXIMUM TEMPERATURE (F)   83        97      2011
 MINIMUM TEMPERATURE (F)   46        37      1996


SUNRISE AND SUNSET
AUGUST 22 2014........SUNRISE   631 AM MDT   SUNSET   818 PM MDT
AUGUST 23 2014........SUNRISE   632 AM MDT   SUNSET   816 PM MDT


-  INDICATES NEGATIVE NUMBERS.
R  INDICATES RECORD WAS SET OR TIED.
MM INDICATES DATA IS MISSING.
T  INDICATES TRACE AMOUNT.





&&

THIS IS AN AUTOMATED...UNATTENDED WEATHER STATION AND MAY
UNDERESTIMATE WINTER PRECIPITATION.

$$
