000
CDUS41 KRNK 280917
CLILWB


CLIMATE REPORT
NATIONAL WEATHER SERVICE BLACKSBURG VA
514 AM EDT THU AUG 28 2014


...................................

...THE LEWISBURG WV CLIMATE SUMMARY FOR AUGUST 27 2014...

CLIMATE NORMAL PERIOD 1981 TO 2010
CLIMATE RECORD PERIOD 1973 TO 2014


WEATHER ITEM   OBSERVED TIME   RECORD YEAR NORMAL DEPARTURE
                VALUE   (LST)  VALUE       VALUE  FROM
                                                  NORMAL
...............................................................
TEMPERATURE (F)
 YESTERDAY
  MAXIMUM         84    335 PM  87    1993  80      4
  MINIMUM         53    555 AM  51    1981  56     -3
  AVERAGE         69                        68      1

PRECIPITATION (IN)
  YESTERDAY        0.00                      0.10  -0.10
  MONTH TO DATE    2.67                      2.80  -0.13
  SINCE JUN 1      7.68                     10.55  -2.87
  SINCE JAN 1     18.61                     27.73  -9.12

SNOWFALL (IN)
  YESTERDAY        0.0
  MONTH TO DATE    0.0
  SINCE JUN 1      0.0
  SINCE JUL 1      0.0
  SNOW DEPTH       0

DEGREE DAYS
 HEATING
  YESTERDAY        0                               -1
  MONTH TO DATE    5                               -7
  SINCE JUN 1     35                              -38
  SINCE JUL 1     22                               -1

 COOLING
  YESTERDAY        4                                0
  MONTH TO DATE  109                              -20
  SINCE JUN 1    449                               40
  SINCE JAN 1    482                               47
...............................................................


WIND (MPH)
  HIGHEST WIND SPEED     8   HIGHEST WIND DIRECTION     W (250)
  HIGHEST GUST SPEED    MM   HIGHEST GUST DIRECTION    MM
  AVERAGE WIND SPEED     1.1




RELATIVE HUMIDITY (PERCENT)
 HIGHEST    96
 LOWEST     46
 AVERAGE    71

..........................................................


THE LEWISBURG WV CLIMATE NORMALS FOR TODAY
                         NORMAL    RECORD    YEAR
 MAXIMUM TEMPERATURE (F)   80        88      2007
 MINIMUM TEMPERATURE (F)   56        49      1986


SUNRISE AND SUNSET
AUGUST 28 2014........SUNRISE   648 AM EDT   SUNSET   757 PM EDT
AUGUST 29 2014........SUNRISE   649 AM EDT   SUNSET   755 PM EDT


-  INDICATES NEGATIVE NUMBERS.
R  INDICATES RECORD WAS SET OR TIED.
MM INDICATES DATA IS MISSING.
T  INDICATES TRACE AMOUNT.


REMARKS:
DUE TO MISSING PRECIPITATION DATA ON JANUARY 25...THE ANNUAL
TOTAL AND DEPARTURE FROM NORMAL FOR PRECIPITATION WILL BE
CALCULATED WITHOUT DATA FROM THAT DATE.


$$
