000
CDUS41 KRNK 220911
CLILWB


CLIMATE REPORT
NATIONAL WEATHER SERVICE BLACKSBURG VA
507 AM EDT TUE JUL 22 2014


...................................

...THE LEWISBURG WV CLIMATE SUMMARY FOR JULY 21 2014...

CLIMATE NORMAL PERIOD 1981 TO 2010
CLIMATE RECORD PERIOD 1973 TO 2014


WEATHER ITEM   OBSERVED TIME   RECORD YEAR NORMAL DEPARTURE
                VALUE   (LST)  VALUE       VALUE  FROM
                                                  NORMAL
...............................................................
TEMPERATURE (F)
 YESTERDAY
  MAXIMUM         83    500 PM  91    2011  82      1
  MINIMUM         64    700 AM  45    1996  59      5
  AVERAGE         74                        70      4

PRECIPITATION (IN)
  YESTERDAY        0.00          0.07 2013   0.13  -0.13
  MONTH TO DATE    0.44                      2.67  -2.23
  SINCE JUN 1      3.87                      6.40  -2.53
  SINCE JAN 1     14.80                     23.58  -8.78

SNOWFALL (IN)
  YESTERDAY        0.0
  MONTH TO DATE    0.0
  SINCE JUN 1      0.0
  SINCE JUL 1      0.0
  SNOW DEPTH       0

DEGREE DAYS
 HEATING
  YESTERDAY        0                                0
  MONTH TO DATE   10                               10
  SINCE JUN 1     23                              -27
  SINCE JUL 1     10                               10

 COOLING
  YESTERDAY        9                                3
  MONTH TO DATE  122                                0
  SINCE JUN 1    286                               60
  SINCE JAN 1    319                               67
...............................................................


WIND (MPH)
  HIGHEST WIND SPEED     8   HIGHEST WIND DIRECTION     E (70)
  HIGHEST GUST SPEED    MM   HIGHEST GUST DIRECTION    MM
  AVERAGE WIND SPEED     1.8




RELATIVE HUMIDITY (PERCENT)
 HIGHEST    93
 LOWEST     53
 AVERAGE    73

..........................................................


THE LEWISBURG WV CLIMATE NORMALS FOR TODAY
                         NORMAL    RECORD    YEAR
 MAXIMUM TEMPERATURE (F)   82        95      2011
 MINIMUM TEMPERATURE (F)   59        50      2007


SUNRISE AND SUNSET
JULY 22 2014..........SUNRISE   617 AM EDT   SUNSET   839 PM EDT
JULY 23 2014..........SUNRISE   617 AM EDT   SUNSET   838 PM EDT


-  INDICATES NEGATIVE NUMBERS.
R  INDICATES RECORD WAS SET OR TIED.
MM INDICATES DATA IS MISSING.
T  INDICATES TRACE AMOUNT.

REMARKS:
DUE TO MISSING PRECIPITATION ON JANUARY 25...THE ANNUAL
TOTAL AND DEPARTURE FROM NORMAL FOR PRECIPITATION WILL BE CALCULATED
WITHOUT DATA FROM THAT DATE.


$$
