000
CDUS41 KRNK 300926
CLILWB


CLIMATE REPORT
NATIONAL WEATHER SERVICE BLACKSBURG VA
523 AM EDT WED JUL 30 2014


...................................

...THE LEWISBURG WV CLIMATE SUMMARY FOR JULY 29 2014...

CLIMATE NORMAL PERIOD 1981 TO 2010
CLIMATE RECORD PERIOD 1973 TO 2014


WEATHER ITEM   OBSERVED TIME   RECORD YEAR NORMAL DEPARTURE
                VALUE   (LST)  VALUE       VALUE  FROM
                                                  NORMAL
...............................................................
TEMPERATURE (F)
 YESTERDAY
  MAXIMUM         72        MM  91    2011  82    -10
  MINIMUM         52        MM  46    2013  59     -7
  AVERAGE         62                        70     -8

PRECIPITATION (IN)
  YESTERDAY        0.00          0.00 2013   0.14  -0.14
  MONTH TO DATE    1.54                      3.75  -2.21
  SINCE JUN 1      4.97                      7.48  -2.51
  SINCE JAN 1     15.90                     24.66  -8.76

SNOWFALL (IN)
  YESTERDAY        0.0
  MONTH TO DATE    0.0
  SINCE JUN 1      0.0
  SINCE JUL 1      0.0
  SNOW DEPTH       0

DEGREE DAYS
 HEATING
  YESTERDAY        3                                3
  MONTH TO DATE   13                               13
  SINCE JUN 1     26                              -24
  SINCE JUL 1     13                               13

 COOLING
  YESTERDAY        0                               -6
  MONTH TO DATE  175                                5
  SINCE JUN 1    339                               65
  SINCE JAN 1    372                               72
...............................................................


WIND (MPH)
  HIGHEST WIND SPEED     9   HIGHEST WIND DIRECTION     N (340)
  HIGHEST GUST SPEED    MM   HIGHEST GUST DIRECTION    MM
  AVERAGE WIND SPEED     2.3




RELATIVE HUMIDITY (PERCENT)
 HIGHEST    93
 LOWEST     46
 AVERAGE    70

..........................................................


THE LEWISBURG WV CLIMATE NORMALS FOR TODAY
                         NORMAL    RECORD    YEAR
 MAXIMUM TEMPERATURE (F)   82        90      2011
 MINIMUM TEMPERATURE (F)   59        46      2013


SUNRISE AND SUNSET
JULY 30 2014..........SUNRISE   623 AM EDT   SUNSET   832 PM EDT
JULY 31 2014..........SUNRISE   624 AM EDT   SUNSET   831 PM EDT


-  INDICATES NEGATIVE NUMBERS.
R  INDICATES RECORD WAS SET OR TIED.
MM INDICATES DATA IS MISSING.
T  INDICATES TRACE AMOUNT.

REMARKS

DUE TO MISSING PRECIPITATION ON JANUARY 25...THE ANNUAL TOTAL
AND DEPARTURE FROM NORMAL FOR PRECIPITATION WILL BE CALCULATED
WITHOUT DATA FROM THAT DATE.

$$

MBS
