000
CDUS41 KRNK 200910
CLILWB


CLIMATE REPORT
NATIONAL WEATHER SERVICE BLACKSBURG VA
507 AM EDT SAT SEP 20 2014


...................................

...THE LEWISBURG WV CLIMATE SUMMARY FOR SEPTEMBER 19 2014...

CLIMATE NORMAL PERIOD 1981 TO 2010
CLIMATE RECORD PERIOD 1973 TO 2014


WEATHER ITEM   OBSERVED TIME   RECORD YEAR NORMAL DEPARTURE
                VALUE   (LST)  VALUE       VALUE  FROM
                                                  NORMAL
...............................................................
TEMPERATURE (F)
 YESTERDAY
  MAXIMUM         66   1100 AM  88    2010  73     -7
  MINIMUM         54    200 AM  36    2004  48      6
  AVERAGE         60                        61     -1

PRECIPITATION (IN)
  YESTERDAY        0.00          0.06 2012   0.12  -0.12
  MONTH TO DATE    0.96                      2.09  -1.13
  SINCE SEP 1      0.96                      2.09  -1.13
  SINCE JAN 1     19.65                     30.19 -10.54

SNOWFALL (IN)
  YESTERDAY        0.0
  MONTH TO DATE    0.0
  SINCE SEP 1      0.0
  SINCE JUL 1      0.0
  SNOW DEPTH       0

DEGREE DAYS
 HEATING
  YESTERDAY        5                                0
  MONTH TO DATE   36                              -18
  SINCE SEP 1     36                              -18
  SINCE JUL 1     58                              -24

 COOLING
  YESTERDAY        0                               -1
  MONTH TO DATE   89                               54
  SINCE SEP 1     89                               54
  SINCE JAN 1    606                              121
...............................................................


WIND (MPH)
  HIGHEST WIND SPEED     7   HIGHEST WIND DIRECTION     E (110)
  HIGHEST GUST SPEED    MM   HIGHEST GUST DIRECTION    MM
  AVERAGE WIND SPEED     3.0




RELATIVE HUMIDITY (PERCENT)
 HIGHEST    90
 LOWEST     70
 AVERAGE    80

..........................................................


THE LEWISBURG WV CLIMATE NORMALS FOR TODAY
                         NORMAL    RECORD    YEAR
 MAXIMUM TEMPERATURE (F)   73        86      1978
 MINIMUM TEMPERATURE (F)   48        37      2004


SUNRISE AND SUNSET
SEPTEMBER 20 2014.....SUNRISE   708 AM EDT   SUNSET   722 PM EDT
SEPTEMBER 21 2014.....SUNRISE   708 AM EDT   SUNSET   720 PM EDT


-  INDICATES NEGATIVE NUMBERS.
R  INDICATES RECORD WAS SET OR TIED.
MM INDICATES DATA IS MISSING.
T  INDICATES TRACE AMOUNT.

REMARKS:
DUE TO MISSING PRECIPITATION DATA ON JANUARY 25...THE ANNUAL
TOTAL AND DEPARTURE FROM NORMAL FOR PRECIPITATION WILL BE
CALCULATED WITHOUT DATA FROM THAT DATE.


$$
