000
CDUS43 KTOP 240639
CLILWC


CLIMATE REPORT
NATIONAL WEATHER SERVICE TOPEKA KS
139 AM CDT WED AUG 24 2016


...................................

...THE LAWRENCE KS CLIMATE SUMMARY FOR AUGUST 23 2016...

CLIMATE NORMAL PERIOD 1981 TO 2010
CLIMATE RECORD PERIOD 9999 TO 9999


WEATHER ITEM   OBSERVED NORMAL DEPARTURE LAST
                VALUE   VALUE  FROM      YEAR
                               NORMAL
...............................................
TEMPERATURE (F)
 YESTERDAY
  MAXIMUM         87     89     -2       78
  MINIMUM         64     64      0       52
  AVERAGE         76     76      0       65

PRECIPITATION (IN)
  YESTERDAY        T      0.17  -0.17     0.05
  MONTH TO DATE    1.95   3.16  -1.21     2.85
  SINCE JUN 1      7.90  12.80  -4.90    15.57
  SINCE JAN 1     22.54  26.69  -4.15    29.85

DEGREE DAYS
 HEATING
  YESTERDAY        0      0      0        0
  MONTH TO DATE    0      0      0        0
  SINCE JUN 1      0      9     -9        4
  SINCE JUL 1      0      1     -1        1

 COOLING
  YESTERDAY       11     11      0        0
  MONTH TO DATE  285    301    -16      247
  SINCE JUN 1   1139    990    149     1005
  SINCE JAN 1   1219   1109    110     1081
...............................................


WIND (MPH)
  HIGHEST WIND SPEED    26   HIGHEST WIND DIRECTION     S (190)
  HIGHEST GUST SPEED    37   HIGHEST GUST DIRECTION     S (190)
  AVERAGE WIND SPEED    12.7


SKY COVER
  AVERAGE SKY COVER 0.6


WEATHER CONDITIONS
 THE FOLLOWING WEATHER WAS RECORDED YESTERDAY.
  THUNDERSTORM


RELATIVE HUMIDITY (PERCENT)
 HIGHEST    93
 LOWEST     63
 AVERAGE    78

..........................................................


THE LAWRENCE KS CLIMATE NORMALS FOR TODAY
                         NORMAL
 MAXIMUM TEMPERATURE (F)   89
 MINIMUM TEMPERATURE (F)   64


SUNRISE AND SUNSET
AUGUST 24 2016........SUNRISE   643 AM CDT   SUNSET   802 PM CDT
AUGUST 25 2016........SUNRISE   644 AM CDT   SUNSET   801 PM CDT


-  INDICATES NEGATIVE NUMBERS.
R  INDICATES RECORD WAS SET OR TIED.
MM INDICATES DATA IS MISSING.
T  INDICATES TRACE AMOUNT.




$$
