000
CDUS43 KTOP 220634
CLILWC


CLIMATE REPORT
NATIONAL WEATHER SERVICE TOPEKA KS
133 AM CDT SUN OCT 22 2017


...................................

...THE LAWRENCE KS CLIMATE SUMMARY FOR OCTOBER 21 2017...

CLIMATE NORMAL PERIOD 1981 TO 2010
CLIMATE RECORD PERIOD 9999 TO 9999


WEATHER ITEM   OBSERVED NORMAL DEPARTURE LAST
                VALUE   VALUE  FROM      YEAR
                               NORMAL
...............................................
TEMPERATURE (F)
 YESTERDAY
  MAXIMUM         76     67      9       64
  MINIMUM         52     42     10       33
  AVERAGE         64     54     10       49

PRECIPITATION (IN)
  YESTERDAY        2.19   0.08   2.11     0.00
  MONTH TO DATE    3.27   2.17   1.10     1.53
  SINCE SEP 1      6.74   6.33   0.41     7.65
  SINCE JAN 1     33.88  34.19  -0.31    31.24

DEGREE DAYS
 HEATING
  YESTERDAY        1     11    -10       16
  MONTH TO DATE   83    171    -88      121
  SINCE SEP 1    102    231   -129      149
  SINCE JUL 1    105    234   -129      149

 COOLING
  YESTERDAY        0      0      0        0
  MONTH TO DATE   45     24     21       37
  SINCE SEP 1    248    177     71      258
  SINCE JAN 1   1327   1368    -41     1575
...............................................


WIND (MPH)
  HIGHEST WIND SPEED    28   HIGHEST WIND DIRECTION    SE (150)
  HIGHEST GUST SPEED    37   HIGHEST GUST DIRECTION     W (250)
  AVERAGE WIND SPEED    14.9


SKY COVER
  AVERAGE SKY COVER 0.9


WEATHER CONDITIONS
 THE FOLLOWING WEATHER WAS RECORDED YESTERDAY.
  THUNDERSTORM
  HEAVY RAIN
  RAIN
  LIGHT RAIN
  FOG


RELATIVE HUMIDITY (PERCENT)
 HIGHEST   100
 LOWEST     69
 AVERAGE    85

..........................................................


THE LAWRENCE KS CLIMATE NORMALS FOR TODAY
                         NORMAL
 MAXIMUM TEMPERATURE (F)   67
 MINIMUM TEMPERATURE (F)   41


SUNRISE AND SUNSET
OCTOBER 22 2017.......SUNRISE   738 AM CDT   SUNSET   632 PM CDT
OCTOBER 23 2017.......SUNRISE   739 AM CDT   SUNSET   631 PM CDT


-  INDICATES NEGATIVE NUMBERS.
R  INDICATES RECORD WAS SET OR TIED.
MM INDICATES DATA IS MISSING.
T  INDICATES TRACE AMOUNT.




$$
