000
CDUS43 KTOP 190638
CLILWC


CLIMATE REPORT
NATIONAL WEATHER SERVICE TOPEKA KS
1236 AM CST THU JAN 19 2017


...................................

...THE LAWRENCE KS CLIMATE SUMMARY FOR JANUARY 18 2017...

CLIMATE NORMAL PERIOD 1981 TO 2010
CLIMATE RECORD PERIOD 9999 TO 9999


WEATHER ITEM   OBSERVED NORMAL DEPARTURE LAST
                VALUE   VALUE  FROM      YEAR
                               NORMAL
...............................................
TEMPERATURE (F)
 YESTERDAY
  MAXIMUM         50     40     10       27
  MINIMUM         22     18      4       -2
  AVERAGE         36     29      7       13

PRECIPITATION (IN)
  YESTERDAY        0.00   0.04  -0.04     0.00
  MONTH TO DATE    0.93   0.53   0.40     0.61
  SINCE DEC 1      1.93   2.00  -0.07     3.82
  SINCE JAN 1      0.93   0.53   0.40     0.61

DEGREE DAYS
 HEATING
  YESTERDAY       29     36     -7       52
  MONTH TO DATE  671    648     23      676
  SINCE DEC 1   1702   1683     19     1486
  SINCE JUL 1   2346   2691   -345     2309

 COOLING
  YESTERDAY        0      0      0        0
  MONTH TO DATE    0      0      0        0
  SINCE DEC 1      0      0      0        0
  SINCE JAN 1      0      0      0        0
...............................................


WIND (MPH)
  HIGHEST WIND SPEED    13   HIGHEST WIND DIRECTION    SE (140)
  HIGHEST GUST SPEED    16   HIGHEST GUST DIRECTION    SE (150)
  AVERAGE WIND SPEED     6.2


SKY COVER
  AVERAGE SKY COVER 0.3


WEATHER CONDITIONS
 THE FOLLOWING WEATHER WAS RECORDED YESTERDAY.
  FOG
  FOG W/VISIBILITY <= 1/4 MILE


RELATIVE HUMIDITY (PERCENT)
 HIGHEST   100
 LOWEST     61
 AVERAGE    81

..........................................................


THE LAWRENCE KS CLIMATE NORMALS FOR TODAY
                         NORMAL
 MAXIMUM TEMPERATURE (F)   40
 MINIMUM TEMPERATURE (F)   18


SUNRISE AND SUNSET
JANUARY 19 2017.......SUNRISE   736 AM CST   SUNSET   527 PM CST
JANUARY 20 2017.......SUNRISE   736 AM CST   SUNSET   529 PM CST


-  INDICATES NEGATIVE NUMBERS.
R  INDICATES RECORD WAS SET OR TIED.
MM INDICATES DATA IS MISSING.
T  INDICATES TRACE AMOUNT.




$$
