000
CDUS43 KTOP 182231
CLILWC


CLIMATE REPORT
NATIONAL WEATHER SERVICE TOPEKA KS
430 PM CST MON DEC 18 2017


...................................

...THE LAWRENCE KS CLIMATE SUMMARY FOR DECEMBER 18 2017...
VALID TODAY AS OF 0400 PM LOCAL TIME.

CLIMATE NORMAL PERIOD 1981 TO 2010
CLIMATE RECORD PERIOD 9999 TO 9999


WEATHER ITEM   OBSERVED NORMAL DEPARTURE LAST
                VALUE   VALUE  FROM      YEAR
                               NORMAL
...............................................
TEMPERATURE (F)
 TODAY
  MAXIMUM         56     41     15        9
  MINIMUM         33     21     12      -15
  AVERAGE         45     31     14       -3

PRECIPITATION (IN)
  TODAY            0.00   0.05  -0.05     0.00
  MONTH TO DATE    0.22   0.81  -0.59     0.66
  SINCE DEC 1      0.22   0.81  -0.59     0.66
  SINCE JAN 1     34.35  37.89  -3.54    32.25

DEGREE DAYS
 HEATING
  TODAY           20     34    -14       68
  MONTH TO DATE  464    574   -110      714
  SINCE DEC 1    464    574   -110      714
  SINCE JUL 1   1354   1582   -228     1358

 COOLING
  TODAY            0      0      0        0
  MONTH TO DATE    0      0      0        0
  SINCE DEC 1      0      0      0        0
  SINCE JAN 1   1327   1371    -44     1599
...............................................


WIND (MPH)
  HIGHEST WIND SPEED    20   HIGHEST WIND DIRECTION     S (200)
  HIGHEST GUST SPEED    25   HIGHEST GUST DIRECTION     S (200)
  AVERAGE WIND SPEED     8.1



WEATHER CONDITIONS
 THE FOLLOWING WEATHER WAS RECORDED TODAY.
  FOG


RELATIVE HUMIDITY (PERCENT)
 HIGHEST   100
 LOWEST     46
 AVERAGE    73

..........................................................


THE LAWRENCE KS CLIMATE NORMALS FOR TOMORROW
                         NORMAL
 MAXIMUM TEMPERATURE (F)   41
 MINIMUM TEMPERATURE (F)   20


SUNRISE AND SUNSET
DECEMBER 18 2017......SUNRISE   735 AM CST   SUNSET   501 PM CST
DECEMBER 19 2017......SUNRISE   735 AM CST   SUNSET   501 PM CST


-  INDICATES NEGATIVE NUMBERS.
R  INDICATES RECORD WAS SET OR TIED.
MM INDICATES DATA IS MISSING.
T  INDICATES TRACE AMOUNT.




$$
