000
CDUS43 KTOP 220637
CLILWC


CLIMATE REPORT
NATIONAL WEATHER SERVICE TOPEKA KS
135 AM CDT TUE AUG 22 2017


...................................

...THE LAWRENCE KS CLIMATE SUMMARY FOR AUGUST 21 2017...

CLIMATE NORMAL PERIOD 1981 TO 2010
CLIMATE RECORD PERIOD 9999 TO 9999


WEATHER ITEM   OBSERVED NORMAL DEPARTURE LAST
                VALUE   VALUE  FROM      YEAR
                               NORMAL
...............................................
TEMPERATURE (F)
 YESTERDAY
  MAXIMUM         91     89      2       83
  MINIMUM         70     65      5       52
  AVERAGE         81     77      4       68

PRECIPITATION (IN)
  YESTERDAY        3.32   0.18   3.14     0.00
  MONTH TO DATE    3.75   2.81   0.94     1.95
  SINCE JUN 1     13.05  12.45   0.60     7.90
  SINCE JAN 1     26.07  26.34  -0.27    22.54

DEGREE DAYS
 HEATING
  YESTERDAY        0      0      0        0
  MONTH TO DATE    3      0      3        0
  SINCE JUN 1      6      9     -3        0
  SINCE JUL 1      3      1      2        0

 COOLING
  YESTERDAY       16     12      4        3
  MONTH TO DATE  178    278   -100      271
  SINCE JUN 1    922    967    -45     1125
  SINCE JAN 1   1029   1086    -57     1205
...............................................


WIND (MPH)
  HIGHEST WIND SPEED    26   HIGHEST WIND DIRECTION     W (270)
  HIGHEST GUST SPEED    40   HIGHEST GUST DIRECTION     W (260)
  AVERAGE WIND SPEED     7.7


SKY COVER
  AVERAGE SKY COVER 0.4


WEATHER CONDITIONS
 THE FOLLOWING WEATHER WAS RECORDED YESTERDAY.
  THUNDERSTORM
  HEAVY RAIN
  RAIN
  LIGHT RAIN
  FOG
  HAZE


RELATIVE HUMIDITY (PERCENT)
 HIGHEST   100
 LOWEST     64
 AVERAGE    82

..........................................................


THE LAWRENCE KS CLIMATE NORMALS FOR TODAY
                         NORMAL
 MAXIMUM TEMPERATURE (F)   89
 MINIMUM TEMPERATURE (F)   64


SUNRISE AND SUNSET
AUGUST 22 2017........SUNRISE   641 AM CDT   SUNSET   806 PM CDT
AUGUST 23 2017........SUNRISE   642 AM CDT   SUNSET   804 PM CDT


-  INDICATES NEGATIVE NUMBERS.
R  INDICATES RECORD WAS SET OR TIED.
MM INDICATES DATA IS MISSING.
T  INDICATES TRACE AMOUNT.




$$
