000
CDUS43 KTOP 030640
CLILWC


CLIMATE REPORT
NATIONAL WEATHER SERVICE TOPEKA KS
1239 AM CST SAT DEC 3 2016


...................................

...THE LAWRENCE KS CLIMATE SUMMARY FOR DECEMBER 2 2016...

CLIMATE NORMAL PERIOD 1981 TO 2010
CLIMATE RECORD PERIOD 9999 TO 9999


WEATHER ITEM   OBSERVED NORMAL DEPARTURE LAST
                VALUE   VALUE  FROM      YEAR
                               NORMAL
...............................................
TEMPERATURE (F)
 YESTERDAY
  MAXIMUM         50     47      3       49
  MINIMUM         16     25     -9       26
  AVERAGE         33     36     -3       38

PRECIPITATION (IN)
  YESTERDAY        0.00   0.04  -0.04     0.00
  MONTH TO DATE    0.00   0.09  -0.09     0.00
  SINCE DEC 1      0.00   0.09  -0.09     0.00
  SINCE JAN 1     31.59  37.17  -5.58    39.27

DEGREE DAYS
 HEATING
  YESTERDAY       32     29      3       27
  MONTH TO DATE   65     58      7       54
  SINCE DEC 1     65     58      7       54
  SINCE JUL 1    709   1066   -357      877

 COOLING
  YESTERDAY        0      0      0        0
  MONTH TO DATE    0      0      0        0
  SINCE DEC 1      0      0      0        0
  SINCE JAN 1   1599   1371    228     1407
...............................................


WIND (MPH)
  HIGHEST WIND SPEED     7   HIGHEST WIND DIRECTION     S (160)
  HIGHEST GUST SPEED     8   HIGHEST GUST DIRECTION     E (110)
  AVERAGE WIND SPEED     1.3


SKY COVER
  AVERAGE SKY COVER 0.0


WEATHER CONDITIONS
 THE FOLLOWING WEATHER WAS RECORDED YESTERDAY.
  FOG
  HAZE


RELATIVE HUMIDITY (PERCENT)
 HIGHEST   100
 LOWEST     42
 AVERAGE    71

..........................................................


THE LAWRENCE KS CLIMATE NORMALS FOR TODAY
                         NORMAL
 MAXIMUM TEMPERATURE (F)   46
 MINIMUM TEMPERATURE (F)   25


SUNRISE AND SUNSET
DECEMBER  3 2016......SUNRISE   723 AM CST   SUNSET   458 PM CST
DECEMBER  4 2016......SUNRISE   724 AM CST   SUNSET   458 PM CST


-  INDICATES NEGATIVE NUMBERS.
R  INDICATES RECORD WAS SET OR TIED.
MM INDICATES DATA IS MISSING.
T  INDICATES TRACE AMOUNT.




$$
