000
CDUS43 KTOP 240652
CLILWC


CLIMATE REPORT
NATIONAL WEATHER SERVICE TOPEKA KS
1252 AM CST FRI FEB 24 2017


...................................

...THE LAWRENCE KS CLIMATE SUMMARY FOR FEBRUARY 23 2017...

CLIMATE NORMAL PERIOD 1981 TO 2010
CLIMATE RECORD PERIOD 9999 TO 9999


WEATHER ITEM   OBSERVED NORMAL DEPARTURE LAST
                VALUE   VALUE  FROM      YEAR
                               NORMAL
...............................................
TEMPERATURE (F)
 YESTERDAY
  MAXIMUM         61     48     13       50
  MINIMUM         42     25     17       31
  AVERAGE         52     36     16       41

PRECIPITATION (IN)
  YESTERDAY        0.00   0.05  -0.05     0.00
  MONTH TO DATE    T      1.07  -1.07     0.44
  SINCE DEC 1      1.98   3.55  -1.57     4.33
  SINCE JAN 1      0.98   2.08  -1.10     1.12

DEGREE DAYS
 HEATING
  YESTERDAY       13     28    -15       24
  MONTH TO DATE  474    727   -253      628
  SINCE DEC 1   2519   2870   -351     2539
  SINCE JUL 1   3163   3878   -715     3362

 COOLING
  YESTERDAY        0      0      0        0
  MONTH TO DATE    0      0      0        0
  SINCE DEC 1      0      0      0        0
  SINCE JAN 1      0      0      0        0
...............................................


WIND (MPH)
  HIGHEST WIND SPEED    31   HIGHEST WIND DIRECTION    NW (310)
  HIGHEST GUST SPEED    36   HIGHEST GUST DIRECTION    NW (310)
  AVERAGE WIND SPEED    12.4


SKY COVER
  AVERAGE SKY COVER 0.2


WEATHER CONDITIONS
 THE FOLLOWING WEATHER WAS RECORDED YESTERDAY.
  FOG


RELATIVE HUMIDITY (PERCENT)
 HIGHEST    86
 LOWEST     59
 AVERAGE    73

..........................................................


THE LAWRENCE KS CLIMATE NORMALS FOR TODAY
                         NORMAL
 MAXIMUM TEMPERATURE (F)   48
 MINIMUM TEMPERATURE (F)   25


SUNRISE AND SUNSET
FEBRUARY 24 2017......SUNRISE   700 AM CST   SUNSET   608 PM CST
FEBRUARY 25 2017......SUNRISE   659 AM CST   SUNSET   610 PM CST


-  INDICATES NEGATIVE NUMBERS.
R  INDICATES RECORD WAS SET OR TIED.
MM INDICATES DATA IS MISSING.
T  INDICATES TRACE AMOUNT.




$$
