000
CDUS43 KTOP 260634
CLILWC


CLIMATE REPORT
NATIONAL WEATHER SERVICE TOPEKA KS
133 AM CDT WED APR 26 2017


...................................

...THE LAWRENCE KS CLIMATE SUMMARY FOR APRIL 25 2017...

CLIMATE NORMAL PERIOD 1981 TO 2010
CLIMATE RECORD PERIOD 9999 TO 9999


WEATHER ITEM   OBSERVED NORMAL DEPARTURE LAST
                VALUE   VALUE  FROM      YEAR
                               NORMAL
...............................................
TEMPERATURE (F)
 YESTERDAY
  MAXIMUM         72     70      2       79
  MINIMUM         49     46      3       60
  AVERAGE         61     58      3       70

PRECIPITATION (IN)
  YESTERDAY        0.16   0.14   0.02     0.06
  MONTH TO DATE    4.45   2.97   1.48     1.54
  SINCE MAR 1      6.81   5.59   1.22     3.19
  SINCE JAN 1      7.82   7.90  -0.08     4.31

DEGREE DAYS
 HEATING
  YESTERDAY        4      8     -4        0
  MONTH TO DATE  183    288   -105      207
  SINCE MAR 1    702    929   -227      691
  SINCE JUL 1   3983   4944   -961     4193

 COOLING
  YESTERDAY        0      1     -1        5
  MONTH TO DATE   25     18      7       13
  SINCE MAR 1     32     21     11       16
  SINCE JAN 1     32     21     11       16
...............................................


WIND (MPH)
  HIGHEST WIND SPEED    24   HIGHEST WIND DIRECTION    NW (310)
  HIGHEST GUST SPEED    29   HIGHEST GUST DIRECTION    NW (320)
  AVERAGE WIND SPEED    10.5


SKY COVER
  AVERAGE SKY COVER 0.4


WEATHER CONDITIONS
 THE FOLLOWING WEATHER WAS RECORDED YESTERDAY.
  THUNDERSTORM
  HEAVY RAIN
  LIGHT RAIN
  FOG


RELATIVE HUMIDITY (PERCENT)
 HIGHEST    89
 LOWEST     52
 AVERAGE    71

..........................................................


THE LAWRENCE KS CLIMATE NORMALS FOR TODAY
                         NORMAL
 MAXIMUM TEMPERATURE (F)   70
 MINIMUM TEMPERATURE (F)   46


SUNRISE AND SUNSET
APRIL 26 2017.........SUNRISE   629 AM CDT   SUNSET   809 PM CDT
APRIL 27 2017.........SUNRISE   627 AM CDT   SUNSET   810 PM CDT


-  INDICATES NEGATIVE NUMBERS.
R  INDICATES RECORD WAS SET OR TIED.
MM INDICATES DATA IS MISSING.
T  INDICATES TRACE AMOUNT.




$$
