000
CDUS43 KTOP 040635
CLILWC


CLIMATE REPORT
NATIONAL WEATHER SERVICE TOPEKA KS
1234 AM CST WED MAR 4 2015


...................................

...THE LAWRENCE KS CLIMATE SUMMARY FOR MARCH 3 2015...

CLIMATE NORMAL PERIOD 1981 TO 2010
CLIMATE RECORD PERIOD 9999 TO 9999


WEATHER ITEM   OBSERVED NORMAL DEPARTURE LAST
                VALUE   VALUE  FROM      YEAR
                               NORMAL
...............................................
TEMPERATURE (F)
 YESTERDAY
  MAXIMUM         49     51     -2       21
  MINIMUM         27     28     -1       -6
  AVERAGE         38     39     -1        8

PRECIPITATION (IN)
  YESTERDAY        0.00   0.08  -0.08     0.00
  MONTH TO DATE    T      0.23  -0.23     0.14
  SINCE MAR 1      T      0.23  -0.23     0.14
  SINCE JAN 1      1.69   2.54  -0.85     1.19

DEGREE DAYS
 HEATING
  YESTERDAY       27     26      1       57
  MONTH TO DATE  101     78     23      158
  SINCE MAR 1    101     78     23      158
  SINCE JUL 1   4390   4093    297     4584

 COOLING
  YESTERDAY        0      0      0        0
  MONTH TO DATE    0      0      0        0
  SINCE MAR 1      0      0      0        0
  SINCE JAN 1      0      0      0        0
...............................................


WIND (MPH)
  HIGHEST WIND SPEED    22   HIGHEST WIND DIRECTION    SW (220)
  HIGHEST GUST SPEED    31   HIGHEST GUST DIRECTION     S (200)
  AVERAGE WIND SPEED    12.8


SKY COVER
  AVERAGE SKY COVER 0.8


WEATHER CONDITIONS
 THE FOLLOWING WEATHER WAS RECORDED YESTERDAY.
  FOG
  HAZE


RELATIVE HUMIDITY (PERCENT)
 HIGHEST    96
 LOWEST     53
 AVERAGE    75

..........................................................


THE LAWRENCE KS CLIMATE NORMALS FOR TODAY
                         NORMAL
 MAXIMUM TEMPERATURE (F)   52
 MINIMUM TEMPERATURE (F)   28


SUNRISE AND SUNSET
MARCH  4 2015.........SUNRISE   649 AM CST   SUNSET   616 PM CST
MARCH  5 2015.........SUNRISE   648 AM CST   SUNSET   617 PM CST


-  INDICATES NEGATIVE NUMBERS.
R  INDICATES RECORD WAS SET OR TIED.
MM INDICATES DATA IS MISSING.
T  INDICATES TRACE AMOUNT.




$$
