000
CDUS43 KTOP 250641
CLILWC


CLIMATE REPORT
NATIONAL WEATHER SERVICE TOPEKA KS
140 AM CDT SAT OCT 25 2014


...................................

...THE LAWRENCE KS CLIMATE SUMMARY FOR OCTOBER 24 2014...

CLIMATE NORMAL PERIOD 1981 TO 2010
CLIMATE RECORD PERIOD 9999 TO 9999


WEATHER ITEM   OBSERVED NORMAL DEPARTURE LAST
                VALUE   VALUE  FROM      YEAR
                               NORMAL
...............................................
TEMPERATURE (F)
 YESTERDAY
  MAXIMUM         76     66     10       54
  MINIMUM         53     41     12       27
  AVERAGE         65     53     12       41

PRECIPITATION (IN)
  YESTERDAY        0.00   0.07  -0.07     0.00
  MONTH TO DATE    5.57   2.39   3.18     1.64
  SINCE SEP 1     10.19   6.55   3.64     4.98
  SINCE JAN 1     34.64  34.41   0.23    25.26

DEGREE DAYS
 HEATING
  YESTERDAY        0     12    -12       24
  MONTH TO DATE  193    206    -13      221
  SINCE SEP 1    264    266     -2      244
  SINCE JUL 1    265    269     -4      244

 COOLING
  YESTERDAY        0      0      0        0
  MONTH TO DATE    8     24    -16       36
  SINCE SEP 1    112    177    -65      271
  SINCE JAN 1   1419   1368     51     1492
...............................................


WIND (MPH)
  HIGHEST WIND SPEED    16   HIGHEST WIND DIRECTION    SW (210)
  HIGHEST GUST SPEED    19   HIGHEST GUST DIRECTION    SW (210)
  AVERAGE WIND SPEED     5.5


SKY COVER
  AVERAGE SKY COVER 0.3


WEATHER CONDITIONS
 THE FOLLOWING WEATHER WAS RECORDED YESTERDAY.
  FOG
  FOG W/VISIBILITY <= 1/4 MILE
  HAZE


RELATIVE HUMIDITY (PERCENT)
 HIGHEST   100
 LOWEST     64
 AVERAGE    82

..........................................................


THE LAWRENCE KS CLIMATE NORMALS FOR TODAY
                         NORMAL
 MAXIMUM TEMPERATURE (F)   65
 MINIMUM TEMPERATURE (F)   40


SUNRISE AND SUNSET
OCTOBER 25 2014.......SUNRISE   741 AM CDT   SUNSET   629 PM CDT
OCTOBER 26 2014.......SUNRISE   742 AM CDT   SUNSET   627 PM CDT


-  INDICATES NEGATIVE NUMBERS.
R  INDICATES RECORD WAS SET OR TIED.
MM INDICATES DATA IS MISSING.
T  INDICATES TRACE AMOUNT.




$$
