000
CDUS43 KTOP 312132
CLILWC


CLIMATE REPORT
NATIONAL WEATHER SERVICE TOPEKA KS
432 PM CDT FRI JUL 31 2015


...................................

...THE LAWRENCE KS CLIMATE SUMMARY FOR JULY 31 2015...
VALID TODAY AS OF 0400 PM LOCAL TIME.

CLIMATE NORMAL PERIOD 1981 TO 2010
CLIMATE RECORD PERIOD 9999 TO 9999


WEATHER ITEM   OBSERVED NORMAL DEPARTURE LAST
                VALUE   VALUE  FROM      YEAR
                               NORMAL
...............................................
TEMPERATURE (F)
 TODAY
  MAXIMUM         90     90      0       88
  MINIMUM         58     67     -9       53
  AVERAGE         74     79     -5       71

PRECIPITATION (IN)
  TODAY            0.00   0.14  -0.14     0.00
  MONTH TO DATE    8.41   4.18   4.23     1.80
  SINCE JUN 1     12.72   9.64   3.08    10.96
  SINCE JAN 1     27.00  23.53   3.47    18.62

DEGREE DAYS
 HEATING
  TODAY            0      0      0        0
  MONTH TO DATE    1      0      1        1
  SINCE JUN 1      4      9     -5        1
  SINCE JUL 1      1      1      0        1

 COOLING
  TODAY            9     14     -5        6
  MONTH TO DATE  417    414      3      316
  SINCE JUN 1    757    689     68      634
  SINCE JAN 1    833    808     25      827
...............................................


WIND (MPH)
  HIGHEST WIND SPEED     7   HIGHEST WIND DIRECTION    NW (320)
  HIGHEST GUST SPEED    10   HIGHEST GUST DIRECTION    NW (330)
  AVERAGE WIND SPEED     2.2



WEATHER CONDITIONS
 THE FOLLOWING WEATHER WAS RECORDED TODAY.
  FOG


RELATIVE HUMIDITY (PERCENT)
 HIGHEST    97
 LOWEST     47
 AVERAGE    72

..........................................................


THE LAWRENCE KS CLIMATE NORMALS FOR TOMORROW
                         NORMAL
 MAXIMUM TEMPERATURE (F)   90
 MINIMUM TEMPERATURE (F)   67


SUNRISE AND SUNSET
JULY 31 2015..........SUNRISE   620 AM CDT   SUNSET   833 PM CDT
AUGUST  1 2015........SUNRISE   621 AM CDT   SUNSET   832 PM CDT


-  INDICATES NEGATIVE NUMBERS.
R  INDICATES RECORD WAS SET OR TIED.
MM INDICATES DATA IS MISSING.
T  INDICATES TRACE AMOUNT.




$$
