000
CDUS46 KOTX 060445
CLILWS


CLIMATE REPORT
NATIONAL WEATHER SERVICE SPOKANE, WA
845 PM PST THU MAR 5 2015


...................................

...THE LEWISTON ID AIRPORT CLIMATE SUMMARY FOR MARCH 5 2015...
VALID TODAY AS OF 0800 PM LOCAL TIME.

CLIMATE NORMAL PERIOD 1981 TO 2010
CLIMATE RECORD PERIOD 1881 TO 2015


WEATHER ITEM   OBSERVED TIME   RECORD YEAR NORMAL DEPARTURE LAST
                VALUE   (LST)  VALUE       VALUE  FROM      YEAR
                                                  NORMAL
..................................................................
TEMPERATURE (F)
 TODAY
  MAXIMUM         54    355 PM  68    1987  52      2       56
                                      1905
  MINIMUM         27    557 AM   2    1955  33     -6       42
  AVERAGE         41                        42     -1       49

PRECIPITATION (IN)
  TODAY            0.00          0.42 1930   0.03  -0.03     0.05
  MONTH TO DATE    0.02                      0.17  -0.15     0.11
  SINCE OCT 1      6.50                      5.14   1.36     4.06
  SINCE JAN 1      2.31                      2.03   0.28     2.53

DEGREE DAYS
 HEATING
  TODAY           24                        23      1       16
  MONTH TO DATE  139                       116     23      130
  SINCE MAR 1    139                       116     23      130
  SINCE JUL 1   3361                      3971   -610     4291

 COOLING
  TODAY            0                         0      0        0
  MONTH TO DATE    0                         0      0        0
  SINCE MAR 1      0                         0      0        0
  SINCE JAN 1      0                         0      0        0
..................................................................


WIND (MPH)
  HIGHEST WIND SPEED     7   HIGHEST WIND DIRECTION     S (160)
  HIGHEST GUST SPEED    12   HIGHEST GUST DIRECTION     N (360)
  AVERAGE WIND SPEED     2.7


SKY COVER
  POSSIBLE SUNSHINE  MM
  AVERAGE SKY COVER 0.0


WEATHER CONDITIONS
 THE FOLLOWING WEATHER WAS RECORDED TODAY.
  HAZE


RELATIVE HUMIDITY (PERCENT)
 HIGHEST    75           600 AM
 LOWEST     32           300 PM
 AVERAGE    54

..........................................................


THE LEWISTON ID AIRPORT CLIMATE NORMALS FOR TOMORROW
                         NORMAL    RECORD    YEAR
 MAXIMUM TEMPERATURE (F)   52        67      2007
 MINIMUM TEMPERATURE (F)   34        12      1945


SUNRISE AND SUNSET
MARCH  5 2015.........SUNRISE   620 AM PST   SUNSET   540 PM PST
MARCH  6 2015.........SUNRISE   618 AM PST   SUNSET   541 PM PST


-  INDICATES NEGATIVE NUMBERS.
R  INDICATES RECORD WAS SET OR TIED.
MM INDICATES DATA IS MISSING.
T  INDICATES TRACE AMOUNT.




$$
