000
CDUS46 KOTX 250827
CLILWS


CLIMATE REPORT
NATIONAL WEATHER SERVICE SPOKANE, WA
127 AM PDT WED MAY 25 2016


...................................

...THE LEWISTON ID AIRPORT CLIMATE SUMMARY FOR MAY 24 2016...

CLIMATE NORMAL PERIOD 1981 TO 2010
CLIMATE RECORD PERIOD 1881 TO 2016


WEATHER ITEM   OBSERVED TIME   RECORD YEAR NORMAL DEPARTURE LAST
                VALUE   (LST)  VALUE       VALUE  FROM      YEAR
                                                  NORMAL
..................................................................
TEMPERATURE (F)
 YESTERDAY
  MAXIMUM         70    415 PM  99    1934  73     -3       81
  MINIMUM         51   1159 PM  37    1950  49      2       54
  AVERAGE         61                        61      0       68

PRECIPITATION (IN)
  YESTERDAY        0.01          0.80 1973   0.06  -0.05      T
  MONTH TO DATE    1.53                      1.22   0.31     1.01
  SINCE OCT 1     10.27                      8.66   1.61     8.96
  SINCE JAN 1      6.82                      5.55   1.27     4.77

SNOWFALL (IN)
  YESTERDAY        0.0           0.0  1995   0.0    0.0      0.0
  MONTH TO DATE    0.0                       0.0    0.0      0.0
  SINCE MAR 1      0.0                       0.7   -0.7      0.0
  SINCE JUL 1      6.4                      10.5   -4.1      1.5
  SNOW DEPTH       0

DEGREE DAYS
 HEATING
  YESTERDAY        4                         5     -1        0
  MONTH TO DATE  102                       187    -85       85
  SINCE MAR 1    882                      1212   -330      982
  SINCE JUL 1   4146                      5067   -921     4204

 COOLING
  YESTERDAY        0                         1     -1        3
  MONTH TO DATE   33                        21     12       20
  SINCE MAR 1     40                        23     17       21
  SINCE JAN 1     40                        23     17       21
..................................................................


WIND (MPH)
  HIGHEST WIND SPEED    10   HIGHEST WIND DIRECTION    SE (130)
  HIGHEST GUST SPEED    14   HIGHEST GUST DIRECTION    SE (130)
  AVERAGE WIND SPEED     4.6


SKY COVER
  POSSIBLE SUNSHINE  MM
  AVERAGE SKY COVER 0.7


WEATHER CONDITIONS
 THE FOLLOWING WEATHER WAS RECORDED YESTERDAY.
  LIGHT RAIN


RELATIVE HUMIDITY (PERCENT)
 HIGHEST    89           700 AM
 LOWEST     42           300 PM
 AVERAGE    66

..........................................................


THE LEWISTON ID AIRPORT CLIMATE NORMALS FOR TODAY
                         NORMAL    RECORD    YEAR
 MAXIMUM TEMPERATURE (F)   73       101      1928
 MINIMUM TEMPERATURE (F)   49        35      1955
                                             1918


SUNRISE AND SUNSET
MAY 25 2016...........SUNRISE   504 AM PDT   SUNSET   827 PM PDT
MAY 26 2016...........SUNRISE   503 AM PDT   SUNSET   828 PM PDT


-  INDICATES NEGATIVE NUMBERS.
R  INDICATES RECORD WAS SET OR TIED.
MM INDICATES DATA IS MISSING.
T  INDICATES TRACE AMOUNT.




$$
