000
CDUS46 KOTX 170834
CLILWS


CLIMATE REPORT
NATIONAL WEATHER SERVICE SPOKANE, WA
134 AM PDT WED SEP 17 2014


...................................

...THE LEWISTON ID AIRPORT CLIMATE SUMMARY FOR SEPTEMBER 16 2014...

CLIMATE NORMAL PERIOD 1981 TO 2010
CLIMATE RECORD PERIOD 1881 TO 2014


WEATHER ITEM   OBSERVED TIME   RECORD YEAR NORMAL DEPARTURE LAST
                VALUE   (LST)  VALUE       VALUE  FROM      YEAR
                                                  NORMAL
..................................................................
TEMPERATURE (F)
 YESTERDAY
  MAXIMUM         93    303 PM  97    1981  78     15       81
  MINIMUM         57    542 AM  35    1965  51      6       61
  AVERAGE         75                        65     10       71

PRECIPITATION (IN)
  YESTERDAY        0.00          0.83 1947   0.02  -0.02      T
  MONTH TO DATE    T                         0.34  -0.34     0.42
  SINCE OCT 1      9.20                     11.98  -2.78    10.97
  SINCE JAN 1      7.67                      8.87  -1.20     6.81

SNOWFALL (IN)
  YESTERDAY        0.0           0.0  1998   0.0    0.0      0.0
  MONTH TO DATE    0.0                       0.0    0.0      0.0
  SINCE SEP 1      0.0                       0.0    0.0      0.0
  SINCE JUL 1      0.0                       0.0    0.0      0.0
  SNOW DEPTH       0

DEGREE DAYS
 HEATING
  YESTERDAY        0                         3     -3        0
  MONTH TO DATE   13                        28    -15        0
  SINCE SEP 1     13                        28    -15        0
  SINCE JUL 1     13                        43    -30        0

 COOLING
  YESTERDAY       10                         3      7        6
  MONTH TO DATE   48                        66    -18      179
  SINCE SEP 1     48                        66    -18      179
  SINCE JAN 1   1018                       783    235     1173
..................................................................


WIND (MPH)
  HIGHEST WIND SPEED    13   HIGHEST WIND DIRECTION    NW (300)
  HIGHEST GUST SPEED    16   HIGHEST GUST DIRECTION    NW (310)
  AVERAGE WIND SPEED     3.5


SKY COVER
  POSSIBLE SUNSHINE  MM
  AVERAGE SKY COVER 0.0


WEATHER CONDITIONS
 THE FOLLOWING WEATHER WAS RECORDED YESTERDAY.
  HAZE


RELATIVE HUMIDITY (PERCENT)
 HIGHEST    51           600 AM
 LOWEST     13           300 PM
 AVERAGE    32

..........................................................


THE LEWISTON ID AIRPORT CLIMATE NORMALS FOR TODAY
                         NORMAL    RECORD    YEAR
 MAXIMUM TEMPERATURE (F)   78       101      1938
 MINIMUM TEMPERATURE (F)   51        28      1965


SUNRISE AND SUNSET
SEPTEMBER 17 2014.....SUNRISE   629 AM PDT   SUNSET   655 PM PDT
SEPTEMBER 18 2014.....SUNRISE   630 AM PDT   SUNSET   653 PM PDT


-  INDICATES NEGATIVE NUMBERS.
R  INDICATES RECORD WAS SET OR TIED.
MM INDICATES DATA IS MISSING.
T  INDICATES TRACE AMOUNT.




$$
