000
CDUS46 KOTX 190831
CLILWS


CLIMATE REPORT
NATIONAL WEATHER SERVICE SPOKANE, WA
1231 AM PST SUN NOV 19 2017


...................................

...THE LEWISTON ID AIRPORT CLIMATE SUMMARY FOR NOVEMBER 18 2017...

CLIMATE NORMAL PERIOD 1981 TO 2010
CLIMATE RECORD PERIOD 1881 TO 2017


WEATHER ITEM   OBSERVED TIME   RECORD YEAR NORMAL DEPARTURE LAST
                VALUE   (LST)  VALUE       VALUE  FROM      YEAR
                                                  NORMAL
..................................................................
TEMPERATURE (F)
 YESTERDAY
  MAXIMUM         51    213 PM  64    1895  47      4       43
  MINIMUM         34    622 AM  18    1881  34      0       27
  AVERAGE         43                        40      3       35

PRECIPITATION (IN)
  YESTERDAY        0.00          1.22 1996   0.04  -0.04     0.00
  MONTH TO DATE    0.84                      0.73   0.11     0.38
  SINCE OCT 1      2.01                      1.69   0.32     3.04
  SINCE JAN 1     12.97                     10.89   2.08    13.23

SNOWFALL (IN)
  YESTERDAY        0.0           2.0  1921   0.1   -0.1      0.0
  MONTH TO DATE    T                         0.8   -0.8      0.0
  SINCE SEP 1      T                         0.8   -0.8      0.0
  SINCE JUL 1      T                         0.8   -0.8      0.0
  SNOW DEPTH       0

DEGREE DAYS
 HEATING
  YESTERDAY       22                        25     -3       30
  MONTH TO DATE  410                       393     17      254
  SINCE SEP 1    920                       903     17      662
  SINCE JUL 1    920                       918      2      673

 COOLING
  YESTERDAY        0                         0      0        0
  MONTH TO DATE    0                         0      0        0
  SINCE SEP 1    141                        90     51       47
  SINCE JAN 1   1160                       807    353      863
..................................................................


WIND (MPH)
  HIGHEST WIND SPEED    12   HIGHEST WIND DIRECTION     E (70)
  HIGHEST GUST SPEED    14   HIGHEST GUST DIRECTION     E (70)
  AVERAGE WIND SPEED     2.9


SKY COVER
  POSSIBLE SUNSHINE  MM
  AVERAGE SKY COVER 0.2


WEATHER CONDITIONS
 THE FOLLOWING WEATHER WAS RECORDED YESTERDAY.
  NO SIGNIFICANT WEATHER WAS OBSERVED.


RELATIVE HUMIDITY (PERCENT)
 HIGHEST    89           600 AM
 LOWEST     42           200 PM
 AVERAGE    66

..........................................................


THE LEWISTON ID AIRPORT CLIMATE NORMALS FOR TODAY
                         NORMAL    RECORD    YEAR
 MAXIMUM TEMPERATURE (F)   47        67      1932
 MINIMUM TEMPERATURE (F)   33        17      1956


SUNRISE AND SUNSET
NOVEMBER 19 2017......SUNRISE   656 AM PST   SUNSET   411 PM PST
NOVEMBER 20 2017......SUNRISE   657 AM PST   SUNSET   410 PM PST


-  INDICATES NEGATIVE NUMBERS.
R  INDICATES RECORD WAS SET OR TIED.
MM INDICATES DATA IS MISSING.
T  INDICATES TRACE AMOUNT.




$$
