000
CDUS46 KOTX 260833
CLILWS


CLIMATE REPORT
NATIONAL WEATHER SERVICE SPOKANE, WA
133 AM PDT SAT JUL 26 2014


...................................

...THE LEWISTON ID AIRPORT CLIMATE SUMMARY FOR JULY 25 2014...

CLIMATE NORMAL PERIOD 1981 TO 2010
CLIMATE RECORD PERIOD 1881 TO 2014


WEATHER ITEM   OBSERVED TIME   RECORD YEAR NORMAL DEPARTURE LAST
                VALUE   (LST)  VALUE       VALUE  FROM      YEAR
                                                  NORMAL
..................................................................
TEMPERATURE (F)
 YESTERDAY
  MAXIMUM         83    557 PM 113    1928  92     -9      102
  MINIMUM         53    448 AM  48    1897  61     -8       63
  AVERAGE         68                        76     -8       83

PRECIPITATION (IN)
  YESTERDAY        0.00          0.20 1921   0.02  -0.02     0.00
  MONTH TO DATE    0.26                      0.56  -0.30     0.09
  SINCE OCT 1      8.03                     10.85  -2.82    10.05
  SINCE JAN 1      6.50                      7.74  -1.24     5.89

SNOWFALL (IN)
  YESTERDAY        0.0           0.0  1995   0.0    0.0      0.0
  MONTH TO DATE    0.0                       0.0    0.0      0.0
  SINCE JUN 1      0.0                       0.0    0.0      0.0
  SINCE JUL 1      0.0                       0.0    0.0      0.0
  SNOW DEPTH       0

DEGREE DAYS
 HEATING
  YESTERDAY        0                         0      0        0
  MONTH TO DATE    0                         4     -4        0
  SINCE JUN 1     41                        74    -33       44
  SINCE JUL 1      0                         4     -4        0

 COOLING
  YESTERDAY        3                        11     -8       18
  MONTH TO DATE  369                       228    141      353
  SINCE JUN 1    459                       326    133      473
  SINCE JAN 1    487                       358    129      530
..................................................................


WIND (MPH)
  HIGHEST WIND SPEED    13   HIGHEST WIND DIRECTION     W (290)
  HIGHEST GUST SPEED    22   HIGHEST GUST DIRECTION    NW (300)
  AVERAGE WIND SPEED     4.4


SKY COVER
  POSSIBLE SUNSHINE  MM
  AVERAGE SKY COVER 0.0


WEATHER CONDITIONS
 THE FOLLOWING WEATHER WAS RECORDED YESTERDAY.
  LIGHT RAIN


RELATIVE HUMIDITY (PERCENT)
 HIGHEST    71           500 AM
 LOWEST     22           600 PM
 AVERAGE    47

..........................................................


THE LEWISTON ID AIRPORT CLIMATE NORMALS FOR TODAY
                         NORMAL    RECORD    YEAR
 MAXIMUM TEMPERATURE (F)   92       113      1928
 MINIMUM TEMPERATURE (F)   61        48      1908


SUNRISE AND SUNSET
JULY 26 2014..........SUNRISE   522 AM PDT   SUNSET   826 PM PDT
JULY 27 2014..........SUNRISE   524 AM PDT   SUNSET   825 PM PDT


-  INDICATES NEGATIVE NUMBERS.
R  INDICATES RECORD WAS SET OR TIED.
MM INDICATES DATA IS MISSING.
T  INDICATES TRACE AMOUNT.




$$
