900
CDUS46 KOTX 270824
CLILWS


CLIMATE REPORT
NATIONAL WEATHER SERVICE SPOKANE, WA
124 AM PDT TUE SEP 27 2016


...................................

...THE LEWISTON ID AIRPORT CLIMATE SUMMARY FOR SEPTEMBER 26 2016...

CLIMATE NORMAL PERIOD 1981 TO 2010
CLIMATE RECORD PERIOD 1881 TO 2016


WEATHER ITEM   OBSERVED TIME   RECORD YEAR NORMAL DEPARTURE LAST
                VALUE   (LST)  VALUE       VALUE  FROM      YEAR
                                                  NORMAL
..................................................................
TEMPERATURE (F)
 YESTERDAY
  MAXIMUM         91    405 PM  94    1914  73     18       74
  MINIMUM         55    555 AM  30    1934  47      8       51
  AVERAGE         73                        60     13       63

PRECIPITATION (IN)
  YESTERDAY        0.00          1.07 1905   0.02  -0.02     0.00
  MONTH TO DATE    0.52                      0.57  -0.05     0.65
  SINCE OCT 1     13.61                     12.21   1.40    10.96
  SINCE JAN 1     10.16                      9.10   1.06     6.77

SNOWFALL (IN)
  YESTERDAY        0.0           0.0  1998   0.0    0.0      0.0
  MONTH TO DATE    0.0                       0.0    0.0      0.0
  SINCE SEP 1      0.0                       0.0    0.0      0.0
  SINCE JUL 1      0.0                       0.0    0.0      0.0
  SNOW DEPTH       0

DEGREE DAYS
 HEATING
  YESTERDAY        0                         6     -6        2
  MONTH TO DATE   61                        73    -12       68
  SINCE SEP 1     61                        73    -12       68
  SINCE JUL 1     72                        88    -16       68

 COOLING
  YESTERDAY        8                         1      7        0
  MONTH TO DATE   27                        84    -57       57
  SINCE SEP 1     27                        84    -57       57
  SINCE JAN 1    843                       801     42     1206
..................................................................


WIND (MPH)
  HIGHEST WIND SPEED    13   HIGHEST WIND DIRECTION     E (80)
  HIGHEST GUST SPEED    17   HIGHEST GUST DIRECTION     E (80)
  AVERAGE WIND SPEED     5.7


SKY COVER
  POSSIBLE SUNSHINE  MM
  AVERAGE SKY COVER 0.0


WEATHER CONDITIONS
 THE FOLLOWING WEATHER WAS RECORDED YESTERDAY.
  NO SIGNIFICANT WEATHER WAS OBSERVED.


RELATIVE HUMIDITY (PERCENT)
 HIGHEST    61           600 AM
 LOWEST     20           400 PM
 AVERAGE    41

..........................................................


THE LEWISTON ID AIRPORT CLIMATE NORMALS FOR TODAY
                         NORMAL    RECORD    YEAR
 MAXIMUM TEMPERATURE (F)   73        93      1963
 MINIMUM TEMPERATURE (F)   47        35      1945
                                             1926
                                             1883


SUNRISE AND SUNSET
SEPTEMBER 27 2016.....SUNRISE   642 AM PDT   SUNSET   635 PM PDT
SEPTEMBER 28 2016.....SUNRISE   643 AM PDT   SUNSET   633 PM PDT


-  INDICATES NEGATIVE NUMBERS.
R  INDICATES RECORD WAS SET OR TIED.
MM INDICATES DATA IS MISSING.
T  INDICATES TRACE AMOUNT.




$$
