007
CDUS45 KTFX 290909
CLILWT


CLIMATE REPORT
NATIONAL WEATHER SERVICE GREAT FALLS MT
307 AM MDT SAT APR 29 2017


...................................

...THE LEWISTOWN MT CLIMATE SUMMARY FOR APRIL 28 2017...

CLIMATE NORMAL PERIOD 1981 TO 2010
CLIMATE RECORD PERIOD 1896 TO 2017


WEATHER ITEM   OBSERVED TIME   RECORD YEAR NORMAL DEPARTURE LAST
                VALUE   (LST)  VALUE       VALUE  FROM      YEAR
                                                  NORMAL
..................................................................
TEMPERATURE (F)
 YESTERDAY
  MAXIMUM         50    405 PM  86    1939  58     -8       43
  MINIMUM         29   1159 PM   9    1907  32     -3       32
  AVERAGE         40                        45     -5       38

PRECIPITATION (IN)
  YESTERDAY        0.08          0.82 1970   0.06   0.02     0.01
  MONTH TO DATE    2.59                      1.29   1.30     1.51
  SINCE OCT 1      8.45                      5.79   2.66     5.79
  SINCE JAN 1      4.05                      3.29   0.76     3.71

SNOWFALL (IN)
  YESTERDAY       MM
  SNOW DEPTH       0

DEGREE DAYS
 HEATING
  YESTERDAY       25                        20      5       27
  MONTH TO DATE  634                       669    -35      508
  SINCE MAR 1   1516                      1664   -148     1303
  SINCE JUL 1   7327                      7468   -141     6261

 COOLING
  YESTERDAY        0                         0      0        0
  MONTH TO DATE    0                         0      0        0
  SINCE MAR 1      0                         0      0        0
  SINCE JAN 1      0                         0      0        0
..................................................................


WIND (MPH)
  HIGHEST WIND SPEED    14   HIGHEST WIND DIRECTION     N (340)
  HIGHEST GUST SPEED    18   HIGHEST GUST DIRECTION    NW (310)
  AVERAGE WIND SPEED     7.5


SKY COVER
  AVERAGE SKY COVER 0.8


WEATHER CONDITIONS
 THE FOLLOWING WEATHER WAS RECORDED YESTERDAY.
  RAIN
  LIGHT RAIN
  LIGHT SNOW
  FOG


RELATIVE HUMIDITY (PERCENT)
 HIGHEST   100          1100 PM
 LOWEST     50           400 PM
 AVERAGE    75

..........................................................


THE LEWISTOWN MT CLIMATE NORMALS FOR TODAY
                         NORMAL    RECORD    YEAR
 MAXIMUM TEMPERATURE (F)   58        89      1939
 MINIMUM TEMPERATURE (F)   32        12      1903


SUNRISE AND SUNSET
APRIL 29 2017.........SUNRISE   605 AM MDT   SUNSET   826 PM MDT
APRIL 30 2017.........SUNRISE   603 AM MDT   SUNSET   828 PM MDT


-  INDICATES NEGATIVE NUMBERS.
R  INDICATES RECORD WAS SET OR TIED.
MM INDICATES DATA IS MISSING.
T  INDICATES TRACE AMOUNT.




$$
