000
CDUS45 KTFX 010738
CLILWT


CLIMATE REPORT
NATIONAL WEATHER SERVICE GREAT FALLS MT
1237 AM MST WED MAR 1 2017


...................................

...THE LEWISTOWN MT CLIMATE SUMMARY FOR FEBRUARY 28 2017...

CLIMATE NORMAL PERIOD 1981 TO 2010
CLIMATE RECORD PERIOD 1896 TO 2017


WEATHER ITEM   OBSERVED TIME   RECORD YEAR NORMAL DEPARTURE LAST
                VALUE   (LST)  VALUE       VALUE  FROM      YEAR
                                                  NORMAL
..................................................................
TEMPERATURE (F)
 YESTERDAY
  MAXIMUM         31    228 PM  66    1986  39     -8       55
  MINIMUM          7    108 AM -17    1962  17    -10       28
  AVERAGE         19                        28     -9       42

PRECIPITATION (IN)
  YESTERDAY        T             0.60 1906   0.02  -0.02     0.01
  MONTH TO DATE    0.68                      0.44   0.24     0.71
  SINCE OCT 1      5.43                      3.51   1.92     3.46
  SINCE JAN 1      1.03                      1.01   0.02     1.38

SNOWFALL (IN)
  YESTERDAY       MM
  SNOW DEPTH       3

DEGREE DAYS
 HEATING
  YESTERDAY       46                        37      9       23
  MONTH TO DATE 1067                      1098    -31      809
  SINCE DEC 1   4085                      3676    409     3173
  SINCE JUL 1   5811                      5804      7     4930

 COOLING
  YESTERDAY        0                         0      0        0
  MONTH TO DATE    0                         0      0        0
  SINCE DEC 1      0                         0      0        0
  SINCE JAN 1      0                         0      0        0
..................................................................


WIND (MPH)
  HIGHEST WIND SPEED    23   HIGHEST WIND DIRECTION    SW (220)
  HIGHEST GUST SPEED    27   HIGHEST GUST DIRECTION    SW (220)
  AVERAGE WIND SPEED    12.4


SKY COVER
  AVERAGE SKY COVER 0.6


WEATHER CONDITIONS
 THE FOLLOWING WEATHER WAS RECORDED YESTERDAY.
  LIGHT SNOW
  FOG


RELATIVE HUMIDITY (PERCENT)
 HIGHEST    92           600 PM
 LOWEST     47           200 PM
 AVERAGE    70

..........................................................


THE LEWISTOWN MT CLIMATE NORMALS FOR TODAY
                         NORMAL    RECORD    YEAR
 MAXIMUM TEMPERATURE (F)   39        66      1905
 MINIMUM TEMPERATURE (F)   18       -19      2014


SUNRISE AND SUNSET
MARCH  1 2017.........SUNRISE   657 AM MST   SUNSET   604 PM MST
MARCH  2 2017.........SUNRISE   655 AM MST   SUNSET   605 PM MST


-  INDICATES NEGATIVE NUMBERS.
R  INDICATES RECORD WAS SET OR TIED.
MM INDICATES DATA IS MISSING.
T  INDICATES TRACE AMOUNT.




$$
