000
CDUS45 KTFX 030910
CLILWT


CLIMATE REPORT
NATIONAL WEATHER SERVICE GREAT FALLS MT
309 AM MDT MON AUG 3 2015


...................................

...THE LEWISTOWN MT CLIMATE SUMMARY FOR AUGUST 2 2015...

CLIMATE NORMAL PERIOD 1981 TO 2010
CLIMATE RECORD PERIOD 1896 TO 2015


WEATHER ITEM   OBSERVED TIME   RECORD YEAR NORMAL DEPARTURE LAST
                VALUE   (LST)  VALUE       VALUE  FROM      YEAR
                                                  NORMAL
..................................................................
TEMPERATURE (F)
 YESTERDAY
  MAXIMUM         85    436 PM  96    1971  83      2       90
  MINIMUM         56    352 AM  36    1937  52      4       59
  AVERAGE         71                        67      4       75

PRECIPITATION (IN)
  YESTERDAY        0.00          2.35 1985   0.06  -0.06     0.28
  MONTH TO DATE    0.00                      0.11  -0.11     0.28
  SINCE OCT 1     12.50                     13.88  -1.38    11.38
  SINCE JAN 1     10.19                     11.38  -1.19     9.30

SNOWFALL (IN)
  YESTERDAY       MM
  SNOW DEPTH       0

DEGREE DAYS
 HEATING
  YESTERDAY        0                         1     -1        0
  MONTH TO DATE    0                         2     -2        0
  SINCE JUN 1    119                       302   -183      296
  SINCE JUL 1     33                        75    -42       10

 COOLING
  YESTERDAY        6                         4      2       10
  MONTH TO DATE   15                         8      7       18
  SINCE JUN 1    191                       116     75      172
  SINCE JAN 1    191                       118     73      172
..................................................................


WIND (MPH)
  HIGHEST WIND SPEED    17   HIGHEST WIND DIRECTION     E (110)
  HIGHEST GUST SPEED    21   HIGHEST GUST DIRECTION     E (110)
  AVERAGE WIND SPEED    10.7


SKY COVER
  AVERAGE SKY COVER 0.0


WEATHER CONDITIONS
 THE FOLLOWING WEATHER WAS RECORDED YESTERDAY.
  NO SIGNIFICANT WEATHER WAS OBSERVED.


RELATIVE HUMIDITY (PERCENT)
 HIGHEST    72           500 AM
 LOWEST     27           500 PM
 AVERAGE    50

..........................................................


THE LEWISTOWN MT CLIMATE NORMALS FOR TODAY
                         NORMAL    RECORD    YEAR
 MAXIMUM TEMPERATURE (F)   83        99      2001
                                             1961
 MINIMUM TEMPERATURE (F)   52        33      1896


SUNRISE AND SUNSET
AUGUST  3 2015........SUNRISE   559 AM MDT   SUNSET   848 PM MDT
AUGUST  4 2015........SUNRISE   601 AM MDT   SUNSET   846 PM MDT


-  INDICATES NEGATIVE NUMBERS.
R  INDICATES RECORD WAS SET OR TIED.
MM INDICATES DATA IS MISSING.
T  INDICATES TRACE AMOUNT.




$$
