000
CDUS45 KTFX 281013
CLILWT


CLIMATE REPORT
NATIONAL WEATHER SERVICE GREAT FALLS MT
413 AM MDT THU JUL 28 2016


...................................

...THE LEWISTOWN MT CLIMATE SUMMARY FOR JULY 27 2016...

CLIMATE NORMAL PERIOD 1981 TO 2010
CLIMATE RECORD PERIOD 1896 TO 2016


WEATHER ITEM   OBSERVED TIME   RECORD YEAR NORMAL DEPARTURE LAST
                VALUE   (LST)  VALUE       VALUE  FROM      YEAR
                                                  NORMAL
..................................................................
TEMPERATURE (F)
 YESTERDAY
  MAXIMUM         81        MM 100    1947  83     -2       64
  MINIMUM         52        MM  38    1913  52      0       48
  AVERAGE         67                        67      0       56

PRECIPITATION (IN)
  YESTERDAY        T             0.88 1909   0.05  -0.05     0.77
  MONTH TO DATE    3.41                      1.72   1.69     1.63
  SINCE OCT 1     13.94                     13.56   0.38    12.24
  SINCE JAN 1     11.86                     11.06   0.80     9.93

SNOWFALL (IN)
  YESTERDAY        0.0
  SNOW DEPTH       0

DEGREE DAYS
 HEATING
  YESTERDAY        0                         1     -1        9
  MONTH TO DATE   45                        67    -22       26
  SINCE JUN 1    135                       294   -159      112
  SINCE JUL 1     45                        67    -22       26

 COOLING
  YESTERDAY        2                         4     -2        0
  MONTH TO DATE   83                        76      7       92
  SINCE JUN 1    140                        96     44      167
  SINCE JAN 1    140                        98     42      167
..................................................................


WIND (MPH)
  HIGHEST WIND SPEED    13   HIGHEST WIND DIRECTION     N (10)
  HIGHEST GUST SPEED    MM   HIGHEST GUST DIRECTION    MM
  AVERAGE WIND SPEED     5.6


SKY COVER
  AVERAGE SKY COVER 0.1


WEATHER CONDITIONS
 THE FOLLOWING WEATHER WAS RECORDED YESTERDAY.
  NO SIGNIFICANT WEATHER WAS OBSERVED.


RELATIVE HUMIDITY (PERCENT)
 HIGHEST    89           600 AM
 LOWEST     36           300 PM
 AVERAGE    63

..........................................................


THE LEWISTOWN MT CLIMATE NORMALS FOR TODAY
                         NORMAL    RECORD    YEAR
 MAXIMUM TEMPERATURE (F)   83        99      1914
 MINIMUM TEMPERATURE (F)   52        35      1929


SUNRISE AND SUNSET
JULY 28 2016..........SUNRISE   553 AM MDT   SUNSET   855 PM MDT
JULY 29 2016..........SUNRISE   554 AM MDT   SUNSET   854 PM MDT


-  INDICATES NEGATIVE NUMBERS.
R  INDICATES RECORD WAS SET OR TIED.
MM INDICATES DATA IS MISSING.
T  INDICATES TRACE AMOUNT.




$$
