000
CDUS45 KTFX 231119
CLILWT


CLIMATE REPORT
NATIONAL WEATHER SERVICE GREAT FALLS MT
418 AM MST THU NOV 23 2017


...................................

...THE LEWISTOWN MT CLIMATE SUMMARY FOR NOVEMBER 22 2017...

CLIMATE NORMAL PERIOD 1981 TO 2010
CLIMATE RECORD PERIOD 1896 TO 2017


WEATHER ITEM   OBSERVED TIME   RECORD YEAR NORMAL DEPARTURE LAST
                VALUE   (LST)  VALUE       VALUE  FROM      YEAR
                                                  NORMAL
..................................................................
TEMPERATURE (F)
 YESTERDAY
  MAXIMUM         63    157 PM  72    1939  40     23       46
  MINIMUM         49   1200 AM -28    1985  19     30       22
  AVERAGE         56                        29     27       34

PRECIPITATION (IN)
  YESTERDAY        0.00          0.21 1926   0.02  -0.02     0.00
  MONTH TO DATE    0.40                      0.53  -0.13     0.06
  SINCE OCT 1      1.38                      1.66  -0.28     4.07
  SINCE JAN 1     11.99                     16.01  -4.02    20.10

SNOWFALL (IN)
  YESTERDAY       MM
  SNOW DEPTH       0

DEGREE DAYS
 HEATING
  YESTERDAY        9                        36    -27       31
  MONTH TO DATE  795                       690    105      436
  SINCE SEP 1   1758                      1670     88     1360
  SINCE JUL 1   1796                      1828    -32     1471

 COOLING
  YESTERDAY        0                         0      0        0
  MONTH TO DATE    0                         0      0        0
  SINCE SEP 1     33                        14     19       14
  SINCE JAN 1    375                       210    165      259
..................................................................


WIND (MPH)
  HIGHEST WIND SPEED    32   HIGHEST WIND DIRECTION    SW (240)
  HIGHEST GUST SPEED    43   HIGHEST GUST DIRECTION    SW (240)
  AVERAGE WIND SPEED    21.3


SKY COVER
  AVERAGE SKY COVER 0.3


WEATHER CONDITIONS
 THE FOLLOWING WEATHER WAS RECORDED YESTERDAY.
  NO SIGNIFICANT WEATHER WAS OBSERVED.


RELATIVE HUMIDITY (PERCENT)
 HIGHEST    66          1200 AM
 LOWEST     43           200 PM
 AVERAGE    55

..........................................................


THE LEWISTOWN MT CLIMATE NORMALS FOR TODAY
                         NORMAL    RECORD    YEAR
 MAXIMUM TEMPERATURE (F)   40        65      1944
 MINIMUM TEMPERATURE (F)   18       -30      1985


SUNRISE AND SUNSET
NOVEMBER 23 2017......SUNRISE   733 AM MST   SUNSET   435 PM MST
NOVEMBER 24 2017......SUNRISE   734 AM MST   SUNSET   434 PM MST


-  INDICATES NEGATIVE NUMBERS.
R  INDICATES RECORD WAS SET OR TIED.
MM INDICATES DATA IS MISSING.
T  INDICATES TRACE AMOUNT.




$$
