000
CDUS43 KILX 230656
CLILWV


CLIMATE REPORT
NATIONAL WEATHER SERVICE LINCOLN IL
155 AM CDT SAT AUG 23 2014


...................................

...THE LAWRENCEVILLE IL AIRPORT CLIMATE SUMMARY FOR AUGUST 22 2014...

CLIMATE NORMAL PERIOD 1981 TO 2010
CLIMATE RECORD PERIOD 9999 TO 9999


WEATHER ITEM   OBSERVED TIME   RECORD YEAR NORMAL DEPARTURE LAST
                VALUE   (LST)  VALUE       VALUE  FROM      YEAR
                                                  NORMAL
..................................................................
TEMPERATURE (F)
 YESTERDAY
  MAXIMUM         87   1234 PM  MM      MM  88     -1       90
  MINIMUM         74   1249 AM  MM      MM  65      9       66
  AVERAGE         81                        76      5       78

PRECIPITATION (IN)
  YESTERDAY        0.03         MM      MM   0.12  -0.09     0.01
  MONTH TO DATE    4.25                      2.37   1.88     0.80
  SINCE JUN 1     12.68                     10.77   1.91    15.70
  SINCE JAN 1     28.29                     28.33  -0.04    40.73

DEGREE DAYS
 HEATING
  YESTERDAY        0                         0      0        0
  MONTH TO DATE    0                         0      0        4
  SINCE JUN 1      0                         7     -7        8
  SINCE JUL 1      0                         0      0        5

 COOLING
  YESTERDAY       16                        11      5       13
  MONTH TO DATE  195                       260    -65      183
  SINCE JUN 1    742                       948   -206      748
  SINCE JAN 1    933                      1087   -154      916
..................................................................


WIND (MPH)
  HIGHEST WIND SPEED    15   HIGHEST WIND DIRECTION    SW (240)
  HIGHEST GUST SPEED    18   HIGHEST GUST DIRECTION    SW (240)
  AVERAGE WIND SPEED     5.9


SKY COVER
  POSSIBLE SUNSHINE  MM
  AVERAGE SKY COVER 0.2


WEATHER CONDITIONS
 THE FOLLOWING WEATHER WAS RECORDED YESTERDAY.
  THUNDERSTORM
  RAIN
  FOG
  HAZE


RELATIVE HUMIDITY (PERCENT)
 HIGHEST    94          1200 AM
 LOWEST     70          1100 AM
 AVERAGE    82

..........................................................


THE LAWRENCEVILLE IL AIRPORT CLIMATE NORMALS FOR TODAY
                         NORMAL    RECORD    YEAR
 MAXIMUM TEMPERATURE (F)   87        MM        MM
 MINIMUM TEMPERATURE (F)   65        MM        MM


SUNRISE AND SUNSET
AUGUST 23 2014........SUNRISE   611 AM CDT   SUNSET   734 PM CDT
AUGUST 24 2014........SUNRISE   612 AM CDT   SUNSET   732 PM CDT


-  INDICATES NEGATIVE NUMBERS.
R  INDICATES RECORD WAS SET OR TIED.
MM INDICATES DATA IS MISSING.
T  INDICATES TRACE AMOUNT.




$$
