000
CDUS43 KILX 200627
CLILWV


CLIMATE REPORT
NATIONAL WEATHER SERVICE LINCOLN IL
127 AM CDT MON OCT 20 2014


...................................

...THE LAWRENCEVILLE IL AIRPORT CLIMATE SUMMARY FOR OCTOBER 19 2014...

CLIMATE NORMAL PERIOD 1981 TO 2010
CLIMATE RECORD PERIOD 9999 TO 9999


WEATHER ITEM   OBSERVED TIME   RECORD YEAR NORMAL DEPARTURE LAST
                VALUE   (LST)  VALUE       VALUE  FROM      YEAR
                                                  NORMAL
..................................................................
TEMPERATURE (F)
 YESTERDAY
  MAXIMUM         55    343 PM  MM      MM  68    -13       57
  MINIMUM         44    854 PM  MM      MM  45     -1       40
  AVERAGE         50                        57     -7       49

PRECIPITATION (IN)
  YESTERDAY        0.00         MM      MM   0.13  -0.13     0.04
  MONTH TO DATE    3.93                      2.60   1.33     3.26
  SINCE SEP 1      6.86                      5.79   1.07     4.22
  SINCE JAN 1     35.66                     35.14   0.52    45.86

DEGREE DAYS
 HEATING
  YESTERDAY       15                         9      6       16
  MONTH TO DATE  144                       127     17       91
  SINCE SEP 1    204                       165     39      102
  SINCE JUL 1    204                       166     38      107

 COOLING
  YESTERDAY        0                         1     -1        0
  MONTH TO DATE   22                        29     -7       45
  SINCE SEP 1    140                       200    -60      232
  SINCE JAN 1   1213                      1383   -170     1287
..................................................................


WIND (MPH)
  HIGHEST WIND SPEED    13   HIGHEST WIND DIRECTION     W (260)
  HIGHEST GUST SPEED    15   HIGHEST GUST DIRECTION     W (250)
  AVERAGE WIND SPEED     3.5


SKY COVER
  POSSIBLE SUNSHINE  MM
  AVERAGE SKY COVER 0.7


WEATHER CONDITIONS
 THE FOLLOWING WEATHER WAS RECORDED YESTERDAY.
  FOG
  HAZE


RELATIVE HUMIDITY (PERCENT)
 HIGHEST    93           100 AM
 LOWEST     59          1100 AM
 AVERAGE    76

..........................................................


THE LAWRENCEVILLE IL AIRPORT CLIMATE NORMALS FOR TODAY
                         NORMAL    RECORD    YEAR
 MAXIMUM TEMPERATURE (F)   68        MM        MM
 MINIMUM TEMPERATURE (F)   45        MM        MM


SUNRISE AND SUNSET
OCTOBER 20 2014.......SUNRISE   705 AM CDT   SUNSET   605 PM CDT
OCTOBER 21 2014.......SUNRISE   706 AM CDT   SUNSET   604 PM CDT


-  INDICATES NEGATIVE NUMBERS.
R  INDICATES RECORD WAS SET OR TIED.
MM INDICATES DATA IS MISSING.
T  INDICATES TRACE AMOUNT.




$$
