000
CDUS43 KILX 290640
CLILWV


CLIMATE REPORT
NATIONAL WEATHER SERVICE LINCOLN IL
140 AM CDT THU SEP 29 2016


...................................

...THE LAWRENCEVILLE IL AIRPORT CLIMATE SUMMARY FOR SEPTEMBER 28 2016...

CLIMATE NORMAL PERIOD 1981 TO 2010
CLIMATE RECORD PERIOD 9999 TO 9999


WEATHER ITEM   OBSERVED TIME   RECORD YEAR NORMAL DEPARTURE LAST
                VALUE   (LST)  VALUE       VALUE  FROM      YEAR
                                                  NORMAL
..................................................................
TEMPERATURE (F)
 YESTERDAY
  MAXIMUM         71   1256 PM  MM      MM  77     -6       85
  MINIMUM         53   1159 PM  MM      MM  52      1       60
  AVERAGE         62                        64     -2       73

PRECIPITATION (IN)
  YESTERDAY        0.02         MM      MM   0.12  -0.10     0.09
  MONTH TO DATE    2.13                      2.92  -0.79     2.12
  SINCE SEP 1      2.13                      2.92  -0.79     2.12
  SINCE JAN 1     34.39                     32.27   2.12    34.06

DEGREE DAYS
 HEATING
  YESTERDAY        3                         4     -1        0
  MONTH TO DATE    7                        29    -22       11
  SINCE SEP 1      7                        29    -22       11
  SINCE JUL 1      7                        30    -23       11

 COOLING
  YESTERDAY        0                         3     -3        8
  MONTH TO DATE  241                       165     76      204
  SINCE SEP 1    241                       165     76      204
  SINCE JAN 1   1532                      1348    184     1307
..................................................................


WIND (MPH)
  HIGHEST WIND SPEED    25   HIGHEST WIND DIRECTION    NW (310)
  HIGHEST GUST SPEED    30   HIGHEST GUST DIRECTION    NW (310)
  AVERAGE WIND SPEED    10.0


SKY COVER
  POSSIBLE SUNSHINE  MM
  AVERAGE SKY COVER 0.5


WEATHER CONDITIONS
 THE FOLLOWING WEATHER WAS RECORDED YESTERDAY.
  LIGHT RAIN


RELATIVE HUMIDITY (PERCENT)
 HIGHEST    86           500 AM
 LOWEST     40           200 PM
 AVERAGE    63

..........................................................


THE LAWRENCEVILLE IL AIRPORT CLIMATE NORMALS FOR TODAY
                         NORMAL    RECORD    YEAR
 MAXIMUM TEMPERATURE (F)   77        MM        MM
 MINIMUM TEMPERATURE (F)   51        MM        MM


SUNRISE AND SUNSET
SEPTEMBER 29 2016.....SUNRISE   645 AM CDT   SUNSET   635 PM CDT
SEPTEMBER 30 2016.....SUNRISE   646 AM CDT   SUNSET   634 PM CDT


-  INDICATES NEGATIVE NUMBERS.
R  INDICATES RECORD WAS SET OR TIED.
MM INDICATES DATA IS MISSING.
T  INDICATES TRACE AMOUNT.




$$
