000
CDUS43 KILX 180655
CLILWV


CLIMATE REPORT
NATIONAL WEATHER SERVICE LINCOLN IL
1249 AM CST SUN FEB 18 2018


...................................

...THE LAWRENCEVILLE IL AIRPORT CLIMATE SUMMARY FOR FEBRUARY 17 2018...

CLIMATE NORMAL PERIOD 1981 TO 2010
CLIMATE RECORD PERIOD 9999 TO 9999


WEATHER ITEM   OBSERVED TIME   RECORD YEAR NORMAL DEPARTURE LAST
                VALUE   (LST)  VALUE       VALUE  FROM      YEAR
                                                  NORMAL
..................................................................
TEMPERATURE (F)
 YESTERDAY
  MAXIMUM         40    732 PM  MM      MM  45     -5       69
  MINIMUM         30    434 AM  MM      MM  27      3       37
  AVERAGE         35                        36     -1       53

PRECIPITATION (IN)
  YESTERDAY        0.09         MM      MM   0.07   0.02     0.00
  MONTH TO DATE    1.57                      1.30   0.27     0.16
  SINCE DEC 1      4.96                      7.07  -2.11     5.27
  SINCE JAN 1      3.92                      3.68   0.24     3.60

DEGREE DAYS
 HEATING
  YESTERDAY       30                        29      1       12
  MONTH TO DATE  537                       528      9      425
  SINCE DEC 1   2682                      2521    161     2290
  SINCE JUL 1   3451                      3379     72     2912

 COOLING
  YESTERDAY        0                         0      0        0
  MONTH TO DATE    0                         0      0        0
  SINCE DEC 1      0                         0      0        0
  SINCE JAN 1      0                         0      0        0
..................................................................


WIND (MPH)
  HIGHEST WIND SPEED    16   HIGHEST WIND DIRECTION    NW (310)
  HIGHEST GUST SPEED    20   HIGHEST GUST DIRECTION    NW (310)
  AVERAGE WIND SPEED     6.4


SKY COVER
  POSSIBLE SUNSHINE  MM
  AVERAGE SKY COVER 0.6


WEATHER CONDITIONS
 THE FOLLOWING WEATHER WAS RECORDED YESTERDAY.
  SNOW
  LIGHT SNOW
  FOG
  FOG W/VISIBILITY <= 1/4 MILE
  HAZE


RELATIVE HUMIDITY (PERCENT)
 HIGHEST   100          1100 AM
 LOWEST     85           800 PM
 AVERAGE    93

..........................................................


THE LAWRENCEVILLE IL AIRPORT CLIMATE NORMALS FOR TODAY
                         NORMAL    RECORD    YEAR
 MAXIMUM TEMPERATURE (F)   45        MM        MM
 MINIMUM TEMPERATURE (F)   28        MM        MM


SUNRISE AND SUNSET
FEBRUARY 18 2018......SUNRISE   638 AM CST   SUNSET   531 PM CST
FEBRUARY 19 2018......SUNRISE   636 AM CST   SUNSET   533 PM CST


-  INDICATES NEGATIVE NUMBERS.
R  INDICATES RECORD WAS SET OR TIED.
MM INDICATES DATA IS MISSING.
T  INDICATES TRACE AMOUNT.




$$
