000
CDUS43 KILX 240644
CLILWV


CLIMATE REPORT
NATIONAL WEATHER SERVICE LINCOLN IL
1242 AM CST FRI NOV 24 2017


...................................

...THE LAWRENCEVILLE IL AIRPORT CLIMATE SUMMARY FOR NOVEMBER 23 2017...

CLIMATE NORMAL PERIOD 1981 TO 2010
CLIMATE RECORD PERIOD 9999 TO 9999


WEATHER ITEM   OBSERVED TIME   RECORD YEAR NORMAL DEPARTURE LAST
                VALUE   (LST)  VALUE       VALUE  FROM      YEAR
                                                  NORMAL
..................................................................
TEMPERATURE (F)
 YESTERDAY
  MAXIMUM         48    333 PM  MM      MM  52     -4       52
  MINIMUM         27    610 AM  MM      MM  34     -7       42
  AVERAGE         38                        43     -5       47

PRECIPITATION (IN)
  YESTERDAY        0.00         MM      MM   0.14  -0.14     1.05
  MONTH TO DATE    2.75                      2.98  -0.23     1.98
  SINCE SEP 1      8.29                     10.15  -1.86     6.84
  SINCE JAN 1     32.65                     39.50  -6.85    39.10

DEGREE DAYS
 HEATING
  YESTERDAY       27                        22      5       18
  MONTH TO DATE  437                       395     42      339
  SINCE SEP 1    650                       691    -41      481
  SINCE JUL 1    650                       692    -42      481

 COOLING
  YESTERDAY        0                         0      0        0
  MONTH TO DATE    1                         0      1       10
  SINCE SEP 1    289                       203     86      324
  SINCE JAN 1   1432                      1386     46     1615
..................................................................


WIND (MPH)
  HIGHEST WIND SPEED    15   HIGHEST WIND DIRECTION     S (170)
  HIGHEST GUST SPEED    18   HIGHEST GUST DIRECTION     S (170)
  AVERAGE WIND SPEED     5.6


SKY COVER
  POSSIBLE SUNSHINE  MM
  AVERAGE SKY COVER 0.3


WEATHER CONDITIONS
 THE FOLLOWING WEATHER WAS RECORDED YESTERDAY.
  NO SIGNIFICANT WEATHER WAS OBSERVED.


RELATIVE HUMIDITY (PERCENT)
 HIGHEST    92           600 AM
 LOWEST     42           100 PM
 AVERAGE    67

..........................................................


THE LAWRENCEVILLE IL AIRPORT CLIMATE NORMALS FOR TODAY
                         NORMAL    RECORD    YEAR
 MAXIMUM TEMPERATURE (F)   51        MM        MM
 MINIMUM TEMPERATURE (F)   34        MM        MM


SUNRISE AND SUNSET
NOVEMBER 24 2017......SUNRISE   643 AM CST   SUNSET   431 PM CST
NOVEMBER 25 2017......SUNRISE   644 AM CST   SUNSET   431 PM CST


-  INDICATES NEGATIVE NUMBERS.
R  INDICATES RECORD WAS SET OR TIED.
MM INDICATES DATA IS MISSING.
T  INDICATES TRACE AMOUNT.




$$
