000
CDUS41 KRNK 240926
CLILYH


CLIMATE REPORT
NATIONAL WEATHER SERVICE BLACKSBURG VA
524 AM EDT SAT JUN 24 2017


...................................

...THE LYNCHBURG VA CLIMATE SUMMARY FOR JUNE 23 2017...

CLIMATE NORMAL PERIOD 1981 TO 2010
CLIMATE RECORD PERIOD 1893 TO 2017


WEATHER ITEM   OBSERVED TIME   RECORD YEAR NORMAL DEPARTURE LAST
                VALUE   (LST)  VALUE       VALUE  FROM      YEAR
                                                  NORMAL
..................................................................
TEMPERATURE (F)
 YESTERDAY
  MAXIMUM         87    347 PM  98    1911  85      2       76
  MINIMUM         70    307 AM  48    1918  62      8       65
  AVERAGE         79                        74      5       71

PRECIPITATION (IN)
  YESTERDAY        0.15          3.54 2016   0.12   0.03     3.54
  MONTH TO DATE    1.87                      2.84  -0.97     5.29
  SINCE JUN 1      1.87                      2.84  -0.97     5.29
  SINCE JAN 1     20.97                     19.53   1.44    24.95

SNOWFALL (IN)
  YESTERDAY        0.0                                       0.0
  MONTH TO DATE    0.0                                       0.0
  SINCE JUN 1      0.0                                       0.0
  SINCE JUL 1      5.9                                      15.6
  SNOW DEPTH       0

DEGREE DAYS
 HEATING
  YESTERDAY        0                         0      0        0
  MONTH TO DATE    4                        13     -9        1
  SINCE JUN 1      4                        13     -9        1
  SINCE JUL 1   3506                      4458   -952     3766

 COOLING
  YESTERDAY       14                         9      5        6
  MONTH TO DATE  176                       149     27      170
  SINCE JUN 1    176                       149     27      170
  SINCE JAN 1    312                       231     81      241
..................................................................


WIND (MPH)
  HIGHEST WIND SPEED    21   HIGHEST WIND DIRECTION     S (190)
  HIGHEST GUST SPEED    28   HIGHEST GUST DIRECTION    SW (220)
  AVERAGE WIND SPEED    10.5


SKY COVER
  AVERAGE SKY COVER 0.7


WEATHER CONDITIONS
 THE FOLLOWING WEATHER WAS RECORDED YESTERDAY.
  RAIN
  LIGHT RAIN
  FOG


RELATIVE HUMIDITY (PERCENT)
 HIGHEST   100           700 AM
 LOWEST     61           400 PM
 AVERAGE    81

..........................................................


THE LYNCHBURG VA CLIMATE NORMALS FOR TODAY
                         NORMAL    RECORD    YEAR
 MAXIMUM TEMPERATURE (F)   85        98      1930
                                             1914
 MINIMUM TEMPERATURE (F)   62        48      1918


SUNRISE AND SUNSET
JUNE 24 2017..........SUNRISE   557 AM EDT   SUNSET   841 PM EDT
JUNE 25 2017..........SUNRISE   558 AM EDT   SUNSET   841 PM EDT


-  INDICATES NEGATIVE NUMBERS.
R  INDICATES RECORD WAS SET OR TIED.
MM INDICATES DATA IS MISSING.
T  INDICATES TRACE AMOUNT.

REMARKS:
DUE TO A POWER OUTAGE CAUSING A MISSING LOW TEMPERATURE ON FEBRUARY 23...
THE SEASONAL HEATING DEGREE DAY TOTAL AND DEPARTURE FROM NORMAL WILL BE
CALCULATED WITOUT DATA FROM THIS DATE.

$$

RAB
