000
CDUS41 KRNK 230922
CLILYH


CLIMATE REPORT
NATIONAL WEATHER SERVICE BLACKSBURG VA
518 AM EDT WED APR 23 2014


...................................

...THE LYNCHBURG VA CLIMATE SUMMARY FOR APRIL 22 2014...

CLIMATE NORMAL PERIOD 1981 TO 2010
CLIMATE RECORD PERIOD 1893 TO 2014


WEATHER ITEM   OBSERVED TIME   RECORD YEAR NORMAL DEPARTURE LAST
                VALUE   (LST)  VALUE       VALUE  FROM      YEAR
                                                  NORMAL
..................................................................
TEMPERATURE (F)
 YESTERDAY
  MAXIMUM         81   1253 PM  92    1985  70     11       60
  MINIMUM         49    545 AM  28    1934  44      5       36
  AVERAGE         65                        57      8       48

PRECIPITATION (IN)
  YESTERDAY        T             1.20 2006   0.11  -0.11     0.00
  MONTH TO DATE    3.41                      2.44   0.97     2.88
  SINCE MAR 1      6.34                      6.02   0.32     6.19
  SINCE JAN 1     13.42                     12.09   1.33    13.82

SNOWFALL (IN)
  YESTERDAY        0.0
  MONTH TO DATE    T
  SINCE MAR 1      9.4
  SINCE JUL 1     21.4
  SNOW DEPTH       0

DEGREE DAYS
 HEATING
  YESTERDAY        0                         8     -8       17
  MONTH TO DATE  148                       244    -96      192
  SINCE MAR 1    798                       839    -41      911
  SINCE JUL 1   4312                      4263     49     4086

 COOLING
  YESTERDAY        0                         1     -1        0
  MONTH TO DATE   19                        10      9       40
  SINCE MAR 1     19                        12      7       40
  SINCE JAN 1     19                        12      7       40
..................................................................


WIND (MPH)
  HIGHEST WIND SPEED    15   HIGHEST WIND DIRECTION     W (270)
  HIGHEST GUST SPEED    24   HIGHEST GUST DIRECTION     W (280)
  AVERAGE WIND SPEED     3.5


SKY COVER
  POSSIBLE SUNSHINE  MM
  AVERAGE SKY COVER 0.2


WEATHER CONDITIONS
 THE FOLLOWING WEATHER WAS RECORDED YESTERDAY.
  LIGHT RAIN


RELATIVE HUMIDITY (PERCENT)
 HIGHEST    72          1100 PM
 LOWEST     32          1000 AM
 AVERAGE    52

..........................................................


THE LYNCHBURG VA CLIMATE NORMALS FOR TODAY
                         NORMAL    RECORD    YEAR
 MAXIMUM TEMPERATURE (F)   70        91      1980
                                             1960
 MINIMUM TEMPERATURE (F)   45        32      1936


SUNRISE AND SUNSET
APRIL 23 2014.........SUNRISE   632 AM EDT   SUNSET   759 PM EDT
APRIL 24 2014.........SUNRISE   630 AM EDT   SUNSET   800 PM EDT


-  INDICATES NEGATIVE NUMBERS.
R  INDICATES RECORD WAS SET OR TIED.
MM INDICATES DATA IS MISSING.
T  INDICATES TRACE AMOUNT.



$$
