000
CDUS41 KRNK 220911
CLILYH


CLIMATE REPORT
NATIONAL WEATHER SERVICE BLACKSBURG VA
507 AM EDT TUE JUL 22 2014


...................................

...THE LYNCHBURG VA CLIMATE SUMMARY FOR JULY 21 2014...

CLIMATE NORMAL PERIOD 1981 TO 2010
CLIMATE RECORD PERIOD 1893 TO 2014


WEATHER ITEM   OBSERVED TIME   RECORD YEAR NORMAL DEPARTURE LAST
                VALUE   (LST)  VALUE       VALUE  FROM      YEAR
                                                  NORMAL
..................................................................
TEMPERATURE (F)
 YESTERDAY
  MAXIMUM         79    413 PM 103    1926  87     -8       90
  MINIMUM         67   1246 AM  54    1909  64      3       69
  AVERAGE         73                        75     -2       80

PRECIPITATION (IN)
  YESTERDAY        0.01          1.89 1938   0.13  -0.12      T
  MONTH TO DATE    1.73                      2.91  -1.18     3.34
  SINCE JUN 1      4.13                      6.53  -2.40     9.66
  SINCE JAN 1     25.15                     23.22   1.93    30.10

SNOWFALL (IN)
  YESTERDAY        0.0
  MONTH TO DATE    0.0
  SINCE JUN 1      0.0
  SINCE JUL 1      0.0
  SNOW DEPTH       0

DEGREE DAYS
 HEATING
  YESTERDAY        0                         0      0        0
  MONTH TO DATE    0                         0      0        0
  SINCE JUN 1      1                        14    -13        1
  SINCE JUL 1      0                         0      0        0

 COOLING
  YESTERDAY        8                        10     -2       15
  MONTH TO DATE  207                       210     -3      284
  SINCE JUN 1    462                       424     38      539
  SINCE JAN 1    576                       506     70      674
..................................................................


WIND (MPH)
  HIGHEST WIND SPEED    12   HIGHEST WIND DIRECTION    NE (60)
  HIGHEST GUST SPEED    14   HIGHEST GUST DIRECTION    NE (60)
  AVERAGE WIND SPEED     3.7


SKY COVER
  POSSIBLE SUNSHINE  MM
  AVERAGE SKY COVER 0.8


WEATHER CONDITIONS
 THE FOLLOWING WEATHER WAS RECORDED YESTERDAY.
  LIGHT RAIN
  FOG


RELATIVE HUMIDITY (PERCENT)
 HIGHEST    97           900 AM
 LOWEST     74           200 PM
 AVERAGE    86

..........................................................


THE LYNCHBURG VA CLIMATE NORMALS FOR TODAY
                         NORMAL    RECORD    YEAR
 MAXIMUM TEMPERATURE (F)   87       102      1926
 MINIMUM TEMPERATURE (F)   64        53      2001


SUNRISE AND SUNSET
JULY 22 2014..........SUNRISE   613 AM EDT   SUNSET   833 PM EDT
JULY 23 2014..........SUNRISE   614 AM EDT   SUNSET   832 PM EDT


-  INDICATES NEGATIVE NUMBERS.
R  INDICATES RECORD WAS SET OR TIED.
MM INDICATES DATA IS MISSING.
T  INDICATES TRACE AMOUNT.




$$
