000
CDUS41 KRNK 162114
CLILYH


CLIMATE REPORT
NATIONAL WEATHER SERVICE BLACKSBURG VA
510 PM EDT TUE SEP 16 2014


...................................

...THE LYNCHBURG VA CLIMATE SUMMARY FOR SEPTEMBER 16 2014...
VALID TODAY AS OF 0500 PM LOCAL TIME.

CLIMATE NORMAL PERIOD 1981 TO 2010
CLIMATE RECORD PERIOD 1893 TO 2014


WEATHER ITEM   OBSERVED TIME   RECORD YEAR NORMAL DEPARTURE LAST
                VALUE   (LST)  VALUE       VALUE  FROM      YEAR
                                                  NORMAL
..................................................................
TEMPERATURE (F)
 TODAY
  MAXIMUM         78    403 PM  97    1897  78      0       75
  MINIMUM         57    523 AM  42    2001  56      1       52
                                      2000
  AVERAGE         68                        67      1       64

PRECIPITATION (IN)
  TODAY            0.00          2.23 1934   0.14  -0.14      T
  MONTH TO DATE    0.95                      2.12  -1.17     0.02
  SINCE SEP 1      0.95                      2.12  -1.17     0.02
  SINCE JAN 1     34.94                     30.05   4.89    33.74

SNOWFALL (IN)
  TODAY            0.0
  MONTH TO DATE    0.0
  SINCE SEP 1      0.0
  SINCE JUL 1      0.0
  SNOW DEPTH       0

DEGREE DAYS
 HEATING
  TODAY            0                         2     -2        1
  MONTH TO DATE    6                        10     -4        7
  SINCE SEP 1      6                        10     -4        7
  SINCE JUL 1      6                        13     -7       12

 COOLING
  TODAY            3                         4     -1        0
  MONTH TO DATE  108                        86     22      118
  SINCE SEP 1    108                        86     22      118
  SINCE JAN 1    938                       984    -46     1147
..................................................................


WIND (MPH)
  HIGHEST WIND SPEED     8   HIGHEST WIND DIRECTION     W (270)
  HIGHEST GUST SPEED    11   HIGHEST GUST DIRECTION     W (290)
  AVERAGE WIND SPEED     2.5


SKY COVER
  POSSIBLE SUNSHINE  MM
  AVERAGE SKY COVER 0.4


WEATHER CONDITIONS
 THE FOLLOWING WEATHER WAS RECORDED TODAY.
  FOG


RELATIVE HUMIDITY (PERCENT)
 HIGHEST   100          1200 AM
 LOWEST     54           300 PM
 AVERAGE    77

..........................................................


THE LYNCHBURG VA CLIMATE NORMALS FOR TOMORROW
                         NORMAL    RECORD    YEAR
 MAXIMUM TEMPERATURE (F)   78        95      1991
 MINIMUM TEMPERATURE (F)   55        38      2000


SUNRISE AND SUNSET
SEPTEMBER 16 2014.....SUNRISE   700 AM EDT   SUNSET   723 PM EDT
SEPTEMBER 17 2014.....SUNRISE   700 AM EDT   SUNSET   721 PM EDT


-  INDICATES NEGATIVE NUMBERS.
R  INDICATES RECORD WAS SET OR TIED.
MM INDICATES DATA IS MISSING.
T  INDICATES TRACE AMOUNT.

REMARKS:
DUE TO A SYSTEM FAILURE CAUSING MISSING TEMPERATURES ON
AUGUST 21-24...THE SEASONAL TOTAL AND DEPARTURE FROM NORMAL
FOR CDD WILL BE CALCULATED WITHOUT DATA FROM THOSE DATES.


$$
