000
CDUS41 KRNK 262214
CLILYH


CLIMATE REPORT
NATIONAL WEATHER SERVICE BLACKSBURG VA
510 PM EST WED NOV 26 2014


...................................

...THE LYNCHBURG VA CLIMATE SUMMARY FOR NOVEMBER 26 2014...
VALID TODAY AS OF 0500 PM LOCAL TIME.

CLIMATE NORMAL PERIOD 1981 TO 2010
CLIMATE RECORD PERIOD 1893 TO 2014


WEATHER ITEM   OBSERVED TIME   RECORD YEAR NORMAL DEPARTURE LAST
                VALUE   (LST)  VALUE       VALUE  FROM      YEAR
                                                  NORMAL
..................................................................
TEMPERATURE (F)
 TODAY
  MAXIMUM         47   1235 AM  73    1990  54     -7       44
                                      1896
  MINIMUM         35    114 PM  11    1950  32      3       30
  AVERAGE         41                        43     -2       37

PRECIPITATION (IN)
  TODAY            1.10          2.50 2013   0.11   0.99     2.50
  MONTH TO DATE    2.43                      2.95  -0.52     2.98
  SINCE SEP 1      7.62                      9.94  -2.32     5.80
  SINCE JAN 1     41.61                     37.87   3.74    39.52

SNOWFALL (IN)
  TODAY            0.0
  MONTH TO DATE    T
  SINCE SEP 1      T
  SINCE JUL 1      T
  SNOW DEPTH       0

DEGREE DAYS
 HEATING
  TODAY           24                        22      2       28
  MONTH TO DATE  573                       457    116      506
  SINCE SEP 1    866                       801     65      780
  SINCE JUL 1    866                       804     62      785

 COOLING
  TODAY            0                         0      0        0
  MONTH TO DATE    0                         0      0        0
  SINCE SEP 1    137                       133      4      155
  SINCE JAN 1    967                      1031    -64     1184
..................................................................


WIND (MPH)
  HIGHEST WIND SPEED    17   HIGHEST WIND DIRECTION    NE (40)
  HIGHEST GUST SPEED    23   HIGHEST GUST DIRECTION    NE (60)
  AVERAGE WIND SPEED     6.8


SKY COVER
  POSSIBLE SUNSHINE  MM
  AVERAGE SKY COVER 1.0


WEATHER CONDITIONS
 THE FOLLOWING WEATHER WAS RECORDED TODAY.
  RAIN
  LIGHT RAIN
  FOG


RELATIVE HUMIDITY (PERCENT)
 HIGHEST   100           500 AM
 LOWEST     65          1200 AM
 AVERAGE    83

..........................................................


THE LYNCHBURG VA CLIMATE NORMALS FOR TOMORROW
                         NORMAL    RECORD    YEAR
 MAXIMUM TEMPERATURE (F)   54        76      1927
 MINIMUM TEMPERATURE (F)   32        16      1974


SUNRISE AND SUNSET
NOVEMBER 26 2014......SUNRISE   707 AM EST   SUNSET   501 PM EST
NOVEMBER 27 2014......SUNRISE   708 AM EST   SUNSET   500 PM EST


-  INDICATES NEGATIVE NUMBERS.
R  INDICATES RECORD WAS SET OR TIED.
MM INDICATES DATA IS MISSING.
T  INDICATES TRACE AMOUNT.

REMARKS:
DUE TO A SYSTEM FAILURE CAUSING MISSING TEMPERATURES ON
AUGUST 21-24...THE SEASONAL TOTAL AND DEPARTURE FROM NORMAL
FOR CDD WILL BE CALCULATED WITHOUT DATA FROM THOSE DATES.


$$
