000
CDUS41 KRNK 140910
CLILYH


CLIMATE REPORT
NATIONAL WEATHER SERVICE BLACKSBURG VA
509 AM EDT MON JUL 14 2014


...................................

...THE LYNCHBURG VA CLIMATE SUMMARY FOR JULY 13 2014...

CLIMATE NORMAL PERIOD 1981 TO 2010
CLIMATE RECORD PERIOD 1893 TO 2014


WEATHER ITEM   OBSERVED TIME   RECORD YEAR NORMAL DEPARTURE LAST
                VALUE   (LST)  VALUE       VALUE  FROM      YEAR
                                                  NORMAL
..................................................................
TEMPERATURE (F)
 YESTERDAY
  MAXIMUM         88    320 PM  99    1932  87      1       81
  MINIMUM         67    550 AM  53    1976  64      3       68
                                      1963
  AVERAGE         78                        75      3       75

PRECIPITATION (IN)
  YESTERDAY        T             3.04 1935   0.15  -0.15     0.05
  MONTH TO DATE    1.68                      1.74  -0.06     3.19
  SINCE JUN 1      4.08                      5.36  -1.28     9.51
  SINCE JAN 1     25.10                     22.05   3.05    29.95

SNOWFALL (IN)
  YESTERDAY        0.0
  MONTH TO DATE    0.0
  SINCE JUN 1      0.0
  SINCE JUL 1      0.0
  SNOW DEPTH       0

DEGREE DAYS
 HEATING
  YESTERDAY        0                         0      0        0
  MONTH TO DATE    0                         0      0        0
  SINCE JUN 1      1                        14    -13        1
  SINCE JUL 1      0                         0      0        0

 COOLING
  YESTERDAY       13                        10      3       10
  MONTH TO DATE  137                       130      7      155
  SINCE JUN 1    392                       344     48      410
  SINCE JAN 1    506                       426     80      545
..................................................................


WIND (MPH)
  HIGHEST WIND SPEED    15   HIGHEST WIND DIRECTION     S (200)
  HIGHEST GUST SPEED    20   HIGHEST GUST DIRECTION    SW (210)
  AVERAGE WIND SPEED     5.4


SKY COVER
  POSSIBLE SUNSHINE  MM
  AVERAGE SKY COVER 0.2


WEATHER CONDITIONS
 THE FOLLOWING WEATHER WAS RECORDED YESTERDAY.
  LIGHT RAIN


RELATIVE HUMIDITY (PERCENT)
 HIGHEST    93           500 AM
 LOWEST     55           200 PM
 AVERAGE    74

..........................................................


THE LYNCHBURG VA CLIMATE NORMALS FOR TODAY
                         NORMAL    RECORD    YEAR
 MAXIMUM TEMPERATURE (F)   87       103      1954
 MINIMUM TEMPERATURE (F)   64        52      2001


SUNRISE AND SUNSET
JULY 14 2014..........SUNRISE   607 AM EDT   SUNSET   838 PM EDT
JULY 15 2014..........SUNRISE   608 AM EDT   SUNSET   837 PM EDT


-  INDICATES NEGATIVE NUMBERS.
R  INDICATES RECORD WAS SET OR TIED.
MM INDICATES DATA IS MISSING.
T  INDICATES TRACE AMOUNT.




$$
