000
CDUS41 KRNK 162205
CLILYH


CLIMATE REPORT
NATIONAL WEATHER SERVICE BLACKSBURG VA
504 PM EST TUE JAN 16 2018


...................................

...THE LYNCHBURG VA CLIMATE SUMMARY FOR JANUARY 16 2018...
VALID TODAY AS OF 0500 PM LOCAL TIME.

CLIMATE NORMAL PERIOD 1981 TO 2010
CLIMATE RECORD PERIOD 1893 TO 2018


WEATHER ITEM   OBSERVED TIME   RECORD YEAR NORMAL DEPARTURE LAST
                VALUE   (LST)  VALUE       VALUE  FROM      YEAR
                                                  NORMAL
..................................................................
TEMPERATURE (F)
 TODAY
  MAXIMUM         42    402 PM  69    1953  45     -3       47
  MINIMUM         18    758 AM  -4    1972  25     -7       37
  AVERAGE         30                        35     -5       42

PRECIPITATION (IN)
  TODAY            0.00          1.31 1924   0.10  -0.10     0.07
  MONTH TO DATE    1.48                      1.60  -0.12     1.53
  SINCE DEC 1      2.17                      4.84  -2.67     4.63
  SINCE JAN 1      1.48                      1.60  -0.12     1.53

SNOWFALL (IN)
  TODAY            0.0                                       0.0
  MONTH TO DATE    T                                         5.9
  SINCE DEC 1      1.5                                       5.9
  SINCE JUL 1      1.5                                       5.9
  SNOW DEPTH       0

DEGREE DAYS
 HEATING
  TODAY           35                        30      5       23
  MONTH TO DATE  592                       480    112      453
  SINCE DEC 1   1444                      1331    113     1262
  SINCE JUL 1   2259                      2225     34     1892

 COOLING
  TODAY            0                         0      0        0
  MONTH TO DATE    0                         0      0        0
  SINCE DEC 1      0                         0      0        0
  SINCE JAN 1      0                         0      0        0
..................................................................


WIND (MPH)
  HIGHEST WIND SPEED     9   HIGHEST WIND DIRECTION     S (180)
  HIGHEST GUST SPEED    12   HIGHEST GUST DIRECTION     S (190)
  AVERAGE WIND SPEED     2.0


SKY COVER
  AVERAGE SKY COVER 0.0


WEATHER CONDITIONS
 THE FOLLOWING WEATHER WAS RECORDED TODAY.
  NO SIGNIFICANT WEATHER WAS OBSERVED.


RELATIVE HUMIDITY (PERCENT)
 HIGHEST    80           800 AM
 LOWEST     34           300 PM
 AVERAGE    57

..........................................................


THE LYNCHBURG VA CLIMATE NORMALS FOR TOMORROW
                         NORMAL    RECORD    YEAR
 MAXIMUM TEMPERATURE (F)   45        78      1943
 MINIMUM TEMPERATURE (F)   25        -8      1977


SUNRISE AND SUNSET
JANUARY 16 2018.......SUNRISE   730 AM EST   SUNSET   524 PM EST
JANUARY 17 2018.......SUNRISE   729 AM EST   SUNSET   525 PM EST


-  INDICATES NEGATIVE NUMBERS.
R  INDICATES RECORD WAS SET OR TIED.
MM INDICATES DATA IS MISSING.
T  INDICATES TRACE AMOUNT.




$$
