000
CDUS44 KLZK 200635
CLILZK


CLIMATE REPORT
NATIONAL WEATHER SERVICE LITTLE ROCK AR
134 AM CDT THU JUL 20 2017


...................................

...THE NORTH LITTLE ROCK CLIMATE SUMMARY FOR JULY 19 2017...

CLIMATE NORMAL PERIOD 1981 TO 2010
CLIMATE RECORD PERIOD 1975 TO 2017


WEATHER ITEM   OBSERVED TIME   RECORD YEAR NORMAL DEPARTURE LAST
                VALUE   (LST)  VALUE       VALUE  FROM      YEAR
                                                  NORMAL
..................................................................
TEMPERATURE (F)
 YESTERDAY
  MAXIMUM         95        MM 104    2006  92      3       94
                                      2000
  MINIMUM         76        MM  63    2014  73      3       77
  AVERAGE         86                        83      3       86

PRECIPITATION (IN)
  YESTERDAY        0.00          2.81 1988   0.12  -0.12     0.00
  MONTH TO DATE    4.65                      2.35   2.30     4.05
  SINCE JUN 1     10.77                      5.66   5.11     5.97
  SINCE JAN 1     36.76                     27.26   9.50    34.20

SNOWFALL (IN)
  YESTERDAY        0.0          MM      MM   0.0    0.0      0.0
  MONTH TO DATE    T                         0.0    0.0       T
  SINCE JUN 1      T                         0.0    0.0       T
  SINCE JUL 1      T                         0.0    0.0       T
  SNOW DEPTH      MM

DEGREE DAYS
 HEATING
  YESTERDAY        0                         0      0        0
  MONTH TO DATE    0                         0      0        0
  SINCE JUN 1      0                         1     -1        0
  SINCE JUL 1      0                         0      0        0

 COOLING
  YESTERDAY       21                        18      3       21
  MONTH TO DATE  309                       328    -19      352
  SINCE JUN 1    663                       741    -78      835
  SINCE JAN 1    966                      1037    -71     1063
..................................................................


WIND (MPH)
  HIGHEST WIND SPEED     6   HIGHEST WIND DIRECTION     E (110)
  HIGHEST GUST SPEED    MM   HIGHEST GUST DIRECTION    MM
  AVERAGE WIND SPEED     1.4


SKY COVER
  POSSIBLE SUNSHINE  MM
  AVERAGE SKY COVER 0.0


WEATHER CONDITIONS
 THE FOLLOWING WEATHER WAS RECORDED YESTERDAY.
  NO SIGNIFICANT WEATHER WAS OBSERVED.


RELATIVE HUMIDITY (PERCENT)
 HIGHEST    85           700 AM
 LOWEST     52           100 PM
 AVERAGE    69

..........................................................


THE NORTH LITTLE ROCK CLIMATE NORMALS FOR TODAY
                         NORMAL    RECORD    YEAR
 MAXIMUM TEMPERATURE (F)   92       104      2012
                                             2006
 MINIMUM TEMPERATURE (F)   73        65      1989
                                             1984


SUNRISE AND SUNSET
JULY 20 2017..........SUNRISE   610 AM CDT   SUNSET   820 PM CDT
JULY 21 2017..........SUNRISE   611 AM CDT   SUNSET   820 PM CDT


-  INDICATES NEGATIVE NUMBERS.
R  INDICATES RECORD WAS SET OR TIED.
MM INDICATES DATA IS MISSING.
T  INDICATES TRACE AMOUNT.




$$
