000
CDUS44 KLZK 242100
CLILZK


CLIMATE REPORT
NATIONAL WEATHER SERVICE LITTLE ROCK AR
400 PM CDT SUN SEP 24 2017


...................................

...THE NORTH LITTLE ROCK CLIMATE SUMMARY FOR SEPTEMBER 24 2017...
VALID TODAY AS OF 0400 PM LOCAL TIME.

CLIMATE NORMAL PERIOD 1981 TO 2010
CLIMATE RECORD PERIOD 1975 TO 2017


WEATHER ITEM   OBSERVED TIME   RECORD YEAR NORMAL DEPARTURE LAST
                VALUE   (LST)  VALUE       VALUE  FROM      YEAR
                                                  NORMAL
..................................................................
TEMPERATURE (F)
 TODAY
  MAXIMUM         90        MM  92    2016  81      9       92
  MINIMUM         71        MM  41    1989  61     10       72
  AVERAGE         81                        71     10       82

PRECIPITATION (IN)
  TODAY            T             2.56 2005   0.10  -0.10     0.00
  MONTH TO DATE    0.28                      2.60  -2.32     0.93
  SINCE SEP 1      0.28                      2.60  -2.32     0.93
  SINCE JAN 1     42.87                     34.12   8.75    45.12

SNOWFALL (IN)
  TODAY            0.0          MM      MM   0.0    0.0      0.0
  MONTH TO DATE    0.0                       0.0    0.0      0.0
  SINCE SEP 1      0.0                       0.0    0.0      0.0
  SINCE JUL 1      T                         0.0    0.0       T
  SNOW DEPTH       0

DEGREE DAYS
 HEATING
  TODAY            0                         1     -1        0
  MONTH TO DATE    1                         6     -5        0
  SINCE SEP 1      1                         6     -5        0
  SINCE JUL 1      1                         6     -5        0

 COOLING
  TODAY           16                         7      9       17
  MONTH TO DATE  257                       260     -3      341
  SINCE SEP 1    257                       260     -3      341
  SINCE JAN 1   1854                      2037   -183     2136
..................................................................


WIND (MPH)
  HIGHEST WIND SPEED     7   HIGHEST WIND DIRECTION     S (160)
  HIGHEST GUST SPEED    MM   HIGHEST GUST DIRECTION    MM
  AVERAGE WIND SPEED     2.2


SKY COVER
  POSSIBLE SUNSHINE  MM
  AVERAGE SKY COVER 0.0


WEATHER CONDITIONS
 THE FOLLOWING WEATHER WAS RECORDED TODAY.
  LIGHT RAIN


RELATIVE HUMIDITY (PERCENT)
 HIGHEST    90           600 AM
 LOWEST     47           100 PM
 AVERAGE    69

..........................................................


THE NORTH LITTLE ROCK CLIMATE NORMALS FOR TOMORROW
                         NORMAL    RECORD    YEAR
 MAXIMUM TEMPERATURE (F)   81        92      1998
 MINIMUM TEMPERATURE (F)   61        48      2001


SUNRISE AND SUNSET
SEPTEMBER 24 2017.....SUNRISE   659 AM CDT   SUNSET   703 PM CDT
SEPTEMBER 25 2017.....SUNRISE   659 AM CDT   SUNSET   701 PM CDT


-  INDICATES NEGATIVE NUMBERS.
R  INDICATES RECORD WAS SET OR TIED.
MM INDICATES DATA IS MISSING.
T  INDICATES TRACE AMOUNT.




$$
