000
CDUS44 KLZK 190903
CLILZK


CLIMATE REPORT
NATIONAL WEATHER SERVICE LITTLE ROCK AR
403 AM CDT SAT APR 19 2014


...................................

...THE NORTH LITTLE ROCK CLIMATE SUMMARY FOR APRIL 18 2014...

CLIMATE NORMAL PERIOD 1981 TO 2010
CLIMATE RECORD PERIOD 1975 TO 2014


WEATHER ITEM   OBSERVED TIME   RECORD YEAR NORMAL DEPARTURE LAST
                VALUE   (LST)  VALUE       VALUE  FROM      YEAR
                                                  NORMAL
..................................................................
TEMPERATURE (F)
 YESTERDAY
  MAXIMUM         74        MM  93    2006  74      0       76
  MINIMUM         54        MM  36    1983  54      0       43
  AVERAGE         64                        64      0       60

PRECIPITATION (IN)
  YESTERDAY        0.01          1.22 1977   0.17  -0.16     0.90
  MONTH TO DATE    3.67                      2.76   0.91     3.46
  SINCE MAR 1      8.84                      7.53   1.31     8.45
  SINCE JAN 1     14.16                     14.61  -0.45    17.97

SNOWFALL (IN)
  YESTERDAY        0.0          MM      MM   0.0    0.0      0.0
  MONTH TO DATE    0.0                       0.0    0.0      0.0
  SINCE MAR 1      1.6                       0.4    1.2       T
  SINCE JUL 1      5.2                       4.4    0.8     10.9
  SNOW DEPTH       0

DEGREE DAYS
 HEATING
  YESTERDAY        1                         4     -3        5
  MONTH TO DATE  135                       103     32      118
  SINCE MAR 1    624                       463    161      631
  SINCE JUL 1   3451                      2949    502     2900

 COOLING
  YESTERDAY        0                         2     -2        0
  MONTH TO DATE   26                        31     -5       46
  SINCE MAR 1     26                        48    -22       49
  SINCE JAN 1     26                        50    -24       51
..................................................................


WIND (MPH)
  HIGHEST WIND SPEED    MM   HIGHEST WIND DIRECTION    MM
  HIGHEST GUST SPEED    MM   HIGHEST GUST DIRECTION    MM
  AVERAGE WIND SPEED    MM


SKY COVER
  POSSIBLE SUNSHINE  MM
  AVERAGE SKY COVER  MM


WEATHER CONDITIONS
 THE FOLLOWING WEATHER WAS RECORDED YESTERDAY.
  LIGHT RAIN


RELATIVE HUMIDITY (PERCENT)
 HIGHEST    MM
 LOWEST     MM
 AVERAGE    MM

..........................................................


THE NORTH LITTLE ROCK CLIMATE NORMALS FOR TODAY
                         NORMAL    RECORD    YEAR
 MAXIMUM TEMPERATURE (F)   74        90      2011
                                             1987
 MINIMUM TEMPERATURE (F)   54        32      1983


SUNRISE AND SUNSET
APRIL 19 2014.........SUNRISE   632 AM CDT   SUNSET   745 PM CDT
APRIL 20 2014.........SUNRISE   631 AM CDT   SUNSET   745 PM CDT


-  INDICATES NEGATIVE NUMBERS.
R  INDICATES RECORD WAS SET OR TIED.
MM INDICATES DATA IS MISSING.
T  INDICATES TRACE AMOUNT.




$$
