000
CDUS44 KLZK 220901
CLILZK


CLIMATE REPORT
NATIONAL WEATHER SERVICE LITTLE ROCK AR
401 AM CDT TUE JUL 22 2014


...................................

...THE NORTH LITTLE ROCK CLIMATE SUMMARY FOR JULY 21 2014...

CLIMATE NORMAL PERIOD 1981 TO 2010
CLIMATE RECORD PERIOD 1975 TO 2014


WEATHER ITEM   OBSERVED TIME   RECORD YEAR NORMAL DEPARTURE LAST
                VALUE   (LST)  VALUE       VALUE  FROM      YEAR
                                                  NORMAL
..................................................................
TEMPERATURE (F)
 YESTERDAY
  MAXIMUM         86        MM 102    2011  92     -6       92
  MINIMUM         66        MM  65    1989  73     -7       72
  AVERAGE         76                        83     -7       82

PRECIPITATION (IN)
  YESTERDAY        0.00          3.15 2009   0.13  -0.13     0.00
  MONTH TO DATE    2.46                      2.60  -0.14     0.17
  SINCE JUN 1     10.04                      5.91   4.13     1.85
  SINCE JAN 1     32.52                     27.51   5.01    27.30

SNOWFALL (IN)
  YESTERDAY        0.0          MM      MM   0.0    0.0      0.0
  MONTH TO DATE    0.0                       0.0    0.0      0.0
  SINCE JUN 1      0.0                       0.0    0.0      0.0
  SINCE JUL 1      0.0                       0.0    0.0      0.0
  SNOW DEPTH       0

DEGREE DAYS
 HEATING
  YESTERDAY        0                         0      0        0
  MONTH TO DATE    0                         0      0        0
  SINCE JUN 1      0                         1     -1        0
  SINCE JUL 1      0                         0      0        0

 COOLING
  YESTERDAY       11                        18     -7       17
  MONTH TO DATE  236                       364   -128      339
  SINCE JUN 1    628                       777   -149      768
  SINCE JAN 1    892                      1073   -181     1019
..................................................................


WIND (MPH)
  HIGHEST WIND SPEED    MM   HIGHEST WIND DIRECTION    MM
  HIGHEST GUST SPEED    MM   HIGHEST GUST DIRECTION    MM
  AVERAGE WIND SPEED    MM


SKY COVER
  POSSIBLE SUNSHINE  MM
  AVERAGE SKY COVER  MM


WEATHER CONDITIONS
 THE FOLLOWING WEATHER WAS RECORDED YESTERDAY.
  NO SIGNIFICANT WEATHER WAS OBSERVED.


RELATIVE HUMIDITY (PERCENT)
 HIGHEST    MM
 LOWEST     MM
 AVERAGE    MM

..........................................................


THE NORTH LITTLE ROCK CLIMATE NORMALS FOR TODAY
                         NORMAL    RECORD    YEAR
 MAXIMUM TEMPERATURE (F)   92       101      2011
 MINIMUM TEMPERATURE (F)   73        65      2009
                                             2007
                                             1988


SUNRISE AND SUNSET
JULY 22 2014..........SUNRISE   612 AM CDT   SUNSET   819 PM CDT
JULY 23 2014..........SUNRISE   612 AM CDT   SUNSET   818 PM CDT


-  INDICATES NEGATIVE NUMBERS.
R  INDICATES RECORD WAS SET OR TIED.
MM INDICATES DATA IS MISSING.
T  INDICATES TRACE AMOUNT.




$$
