000
CDUS44 KLZK 170656
CLILZK


CLIMATE REPORT
NATIONAL WEATHER SERVICE LITTLE ROCK AR
1255 AM CST WED JAN 17 2018


...................................

...THE NORTH LITTLE ROCK CLIMATE SUMMARY FOR JANUARY 16 2018...

CLIMATE NORMAL PERIOD 1981 TO 2010
CLIMATE RECORD PERIOD 1975 TO 2018


WEATHER ITEM   OBSERVED TIME   RECORD YEAR NORMAL DEPARTURE LAST
                VALUE   (LST)  VALUE       VALUE  FROM      YEAR
                                                  NORMAL
..................................................................
TEMPERATURE (F)
 YESTERDAY
  MAXIMUM         21        MM  68    1996  49    -28       64
  MINIMUM          9    800 AM   5    1982  33    -24       44
  AVERAGE         15                        41    -26       54

PRECIPITATION (IN)
  YESTERDAY        0.02          1.60 1978   0.10  -0.08     0.84
  MONTH TO DATE    1.17                      1.82  -0.65     1.49
  SINCE DEC 1      7.67                      6.83   0.84     4.66
  SINCE JAN 1      1.17                      1.82  -0.65     1.49

SNOWFALL (IN)
  YESTERDAY        0.5 R         0.3  1978   0.0    0.5      0.0
  MONTH TO DATE    1.5                       0.7    0.8      0.8
  SINCE DEC 1      1.5                       1.2    0.3      0.8
  SINCE JUL 1      1.5                       1.2    0.3      0.8
  SNOW DEPTH       2

DEGREE DAYS
 HEATING
  YESTERDAY       50                        24     26       11
  MONTH TO DATE  526                       384    142      354
  SINCE DEC 1   1180                      1064    116     1000
  SINCE JUL 1   1586                      1576     10     1294

 COOLING
  YESTERDAY        0                         0      0        0
  MONTH TO DATE    0                         0      0        1
  SINCE DEC 1      0                         1     -1        2
  SINCE JAN 1      0                         0      0        1
..................................................................


WIND (MPH)
  HIGHEST WIND SPEED     9   HIGHEST WIND DIRECTION     N (360)
  HIGHEST GUST SPEED    17   HIGHEST GUST DIRECTION     N (360)
  AVERAGE WIND SPEED     5.7


SKY COVER
  POSSIBLE SUNSHINE  MM
  AVERAGE SKY COVER 0.0


WEATHER CONDITIONS
 THE FOLLOWING WEATHER WAS RECORDED YESTERDAY.
  NO SIGNIFICANT WEATHER WAS OBSERVED.


RELATIVE HUMIDITY (PERCENT)
 HIGHEST    84          1200 AM
 LOWEST     45           400 PM
 AVERAGE    65

..........................................................


THE NORTH LITTLE ROCK CLIMATE NORMALS FOR TODAY
                         NORMAL    RECORD    YEAR
 MAXIMUM TEMPERATURE (F)   49        73      1999
 MINIMUM TEMPERATURE (F)   33         1      1982


SUNRISE AND SUNSET
JANUARY 17 2018.......SUNRISE   716 AM CST   SUNSET   523 PM CST
JANUARY 18 2018.......SUNRISE   715 AM CST   SUNSET   524 PM CST


-  INDICATES NEGATIVE NUMBERS.
R  INDICATES RECORD WAS SET OR TIED.
MM INDICATES DATA IS MISSING.
T  INDICATES TRACE AMOUNT.




$$
