176
CDUS46 KHNX 260023
CLIMAE


CLIMATE REPORT
NATIONAL WEATHER SERVICE SAN JOAQUIN VALLEY, CA
523 PM PDT SAT MAR 25 2017


...................................

...THE MADERA CA CLIMATE SUMMARY FOR MARCH 25 2017...
VALID AS OF 0400 PM LOCAL TIME.

CLIMATE NORMAL PERIOD 1981 TO 2010
CLIMATE RECORD PERIOD 1998 TO 2017


WEATHER ITEM   OBSERVED TIME   RECORD YEAR NORMAL DEPARTURE LAST
                VALUE   (LST)  VALUE       VALUE  FROM      YEAR
                                                  NORMAL
..................................................................
TEMPERATURE (F)
 TODAY
  MAXIMUM         65    345 PM  77    2013  68     -3       72
  MINIMUM         52    733 AM  35    2002  42     10       44
  AVERAGE         59                        55      4       58

PRECIPITATION (IN)
  TODAY            0.22          0.40 2006   0.04   0.18     0.00
  MONTH TO DATE    0.60                      1.53  -0.93     3.12
  SINCE OCT 1     13.69                      9.84   3.85    11.37
  SINCE JAN 1      9.62                      6.11   3.51     6.81

SNOWFALL (IN)
  TODAY            0.0
  MONTH TO DATE    0.0
  SINCE MAR 1      0.0
  SINCE JUL 1      0.0
  SNOW DEPTH       0

DEGREE DAYS
 HEATING
  TODAY            6                                         7
  MONTH TO DATE  192                                       181
  SINCE MAR 1    192                                       181
  SINCE JUL 1   1871                                      1925

 COOLING
  TODAY            0                                         0
  MONTH TO DATE    6                                         0
  SINCE MAR 1      6                                         0
  SINCE JAN 1      6                                         0
..................................................................


WIND (MPH)
  HIGHEST WIND SPEED    13   HIGHEST WIND DIRECTION     W (290)
  HIGHEST GUST SPEED    15   HIGHEST GUST DIRECTION     W (280)
  AVERAGE WIND SPEED     5.6




RELATIVE HUMIDITY (PERCENT)
 HIGHEST   100
 LOWEST     63
 AVERAGE    82

..........................................................


THE MADERA CA CLIMATE NORMALS FOR TOMORROW
                         NORMAL    RECORD    YEAR
 MAXIMUM TEMPERATURE (F)   68        87      2015
 MINIMUM TEMPERATURE (F)   42        37      2006


SUNRISE AND SUNSET
MARCH 25 2017.........SUNRISE   656 AM PDT   SUNSET   717 PM PDT
MARCH 26 2017.........SUNRISE   655 AM PDT   SUNSET   718 PM PDT


-  INDICATES NEGATIVE NUMBERS.
R  INDICATES RECORD WAS SET OR TIED.
MM INDICATES DATA IS MISSING.
T  INDICATES TRACE AMOUNT.




$$
