000
CDUS46 KHNX 280026
CLIMAE


CLIMATE REPORT
NATIONAL WEATHER SERVICE SAN JOAQUIN VALLEY, CA
525 PM PDT SUN JUL 27 2014


...................................

...THE MADERA CA CLIMATE SUMMARY FOR JULY 27 2014...
VALID AS OF 0500 PM LOCAL TIME.

CLIMATE NORMAL PERIOD 1981 TO 2010
CLIMATE RECORD PERIOD 1998 TO 2014


WEATHER ITEM   OBSERVED TIME   RECORD YEAR NORMAL DEPARTURE LAST
                VALUE   (LST)  VALUE       VALUE  FROM      YEAR
                                                  NORMAL
..................................................................
TEMPERATURE (F)
 TODAY
  MAXIMUM        105R   302 PM 104    2006  97      8       99
  MINIMUM         71    531 AM  54    2000  60     11       67
  AVERAGE         88                        79      9       83

PRECIPITATION (IN)
  TODAY           MM             0.00   MM   0.00  MM        0.00
  MONTH TO DATE    0.00                      0.02  -0.02      T
  SINCE JUL 1      0.00                      0.02  -0.02      T
  SINCE JAN 1      3.61                      8.02  -4.41     3.52

SNOWFALL (IN)
  TODAY            0.0
  MONTH TO DATE    0.0
  SINCE JUN 1      0.0
  SINCE JUL 1      0.0
  SNOW DEPTH       0

DEGREE DAYS
 HEATING
  TODAY            0                                         0
  MONTH TO DATE    0                                         0
  SINCE JUN 1      0                                         0
  SINCE JUL 1      0                                         0

 COOLING
  TODAY           23                                        18
  MONTH TO DATE  457                                       460
  SINCE JUN 1    796                                       803
  SINCE JAN 1   1038                                       980
..................................................................


WIND (MPH)
  HIGHEST WIND SPEED    13   HIGHEST WIND DIRECTION    NW (320)
  HIGHEST GUST SPEED    17   HIGHEST GUST DIRECTION    NW (320)
  AVERAGE WIND SPEED     7.8




RELATIVE HUMIDITY (PERCENT)
 HIGHEST    53
 LOWEST     12
 AVERAGE    33

..........................................................


THE MADERA CA CLIMATE NORMALS FOR TOMORROW
                         NORMAL    RECORD    YEAR
 MAXIMUM TEMPERATURE (F)   97       102      2003
 MINIMUM TEMPERATURE (F)   60        56      2010


SUNRISE AND SUNSET
JULY 27 2014..........SUNRISE   602 AM PDT   SUNSET   812 PM PDT
JULY 28 2014..........SUNRISE   603 AM PDT   SUNSET   811 PM PDT


-  INDICATES NEGATIVE NUMBERS.
R  INDICATES RECORD WAS SET OR TIED.
MM INDICATES DATA IS MISSING.
T  INDICATES TRACE AMOUNT.




$$
