000
CDUS46 KHNX 240022
CLIMAE


CLIMATE REPORT
NATIONAL WEATHER SERVICE SAN JOAQUIN VALLEY, CA
521 PM PDT THU OCT 23 2014


...................................

...THE MADERA CA CLIMATE SUMMARY FOR OCTOBER 23 2014...
VALID AS OF 0500 PM LOCAL TIME.

CLIMATE NORMAL PERIOD 1981 TO 2010
CLIMATE RECORD PERIOD 1998 TO 2014


WEATHER ITEM   OBSERVED TIME   RECORD YEAR NORMAL DEPARTURE LAST
                VALUE   (LST)  VALUE       VALUE  FROM      YEAR
                                                  NORMAL
..................................................................
TEMPERATURE (F)
 TODAY
  MAXIMUM         78    359 PM  85    2011  76      2       80
                                      2008
  MINIMUM         47    518 AM  42    2012  47      0       45
  AVERAGE         63                        62      1       63

PRECIPITATION (IN)
  TODAY            0.00          T    2004   0.03  -0.03     0.00
  MONTH TO DATE    T                         0.45  -0.45      T
  SINCE JUL 1      0.03                      0.74  -0.71     0.28
  SINCE JAN 1      3.64                      8.74  -5.10     3.80

SNOWFALL (IN)
  TODAY            0.0
  MONTH TO DATE    0.0
  SINCE SEP 1      0.0
  SINCE JUL 1      0.0
  SNOW DEPTH       0

DEGREE DAYS
 HEATING
  TODAY            2                                         2
  MONTH TO DATE   12                                        49
  SINCE SEP 1     12                                        58
  SINCE JUL 1     12                                        58

 COOLING
  TODAY            0                                         0
  MONTH TO DATE  119                                         9
  SINCE SEP 1    463                                       246
  SINCE JAN 1   2949                                      1688
..................................................................


WIND (MPH)
  HIGHEST WIND SPEED     7   HIGHEST WIND DIRECTION     W (280)
  HIGHEST GUST SPEED    10   HIGHEST GUST DIRECTION     W (280)
  AVERAGE WIND SPEED     2.8




RELATIVE HUMIDITY (PERCENT)
 HIGHEST    74
 LOWEST     28
 AVERAGE    51

..........................................................


THE MADERA CA CLIMATE NORMALS FOR TOMORROW
                         NORMAL    RECORD    YEAR
 MAXIMUM TEMPERATURE (F)   76        91      2007
 MINIMUM TEMPERATURE (F)   47        41      2012
                                             2002


SUNRISE AND SUNSET
OCTOBER 23 2014.......SUNRISE   716 AM PDT   SUNSET   613 PM PDT
OCTOBER 24 2014.......SUNRISE   717 AM PDT   SUNSET   612 PM PDT


-  INDICATES NEGATIVE NUMBERS.
R  INDICATES RECORD WAS SET OR TIED.
MM INDICATES DATA IS MISSING.
T  INDICATES TRACE AMOUNT.




$$
