000
CDUS46 KHNX 210024
CLIMAE


CLIMATE REPORT
NATIONAL WEATHER SERVICE SAN JOAQUIN VALLEY, CA
522 PM PDT WED SEP 20 2017


...................................

...THE MADERA CA CLIMATE SUMMARY FOR SEPTEMBER 20 2017...
VALID AS OF 0400 PM LOCAL TIME.

CLIMATE NORMAL PERIOD 1981 TO 2010
CLIMATE RECORD PERIOD 1998 TO 2017


WEATHER ITEM   OBSERVED TIME   RECORD YEAR NORMAL DEPARTURE LAST
                VALUE   (LST)  VALUE       VALUE  FROM      YEAR
                                                  NORMAL
..................................................................
TEMPERATURE (F)
 TODAY
  MAXIMUM         83        MM 102    2000  89     -6       96
  MINIMUM         51        MM  44    2007  55     -4       64
  AVERAGE         67                        72     -5       80

PRECIPITATION (IN)
  TODAY            0.00          0.09 2005   0.01  -0.01     0.00
  MONTH TO DATE    0.08                      0.14  -0.06     0.00
  SINCE OCT 1     14.26                     11.91   2.35    12.96
  SINCE JAN 1     10.19                      8.18   2.01     8.40

SNOWFALL (IN)
  TODAY            0.0
  MONTH TO DATE    0.0
  SINCE SEP 1      0.0
  SINCE JUL 1      0.0
  SNOW DEPTH       0

DEGREE DAYS
 HEATING
  TODAY            0                                         0
  MONTH TO DATE    0                                         2
  SINCE SEP 1      0                                         2
  SINCE JUL 1      0                                         2

 COOLING
  TODAY            2                                        15
  MONTH TO DATE  283                                       186
  SINCE SEP 1    283                                       186
  SINCE JAN 1   1954                                      1681
..................................................................


WIND (MPH)
  HIGHEST WIND SPEED    14   HIGHEST WIND DIRECTION    NW (330)
  HIGHEST GUST SPEED    MM   HIGHEST GUST DIRECTION    MM
  AVERAGE WIND SPEED     6.3




RELATIVE HUMIDITY (PERCENT)
 HIGHEST    89
 LOWEST     36
 AVERAGE    63

..........................................................


THE MADERA CA CLIMATE NORMALS FOR TOMORROW
                         NORMAL    RECORD    YEAR
 MAXIMUM TEMPERATURE (F)   89       103      2015
 MINIMUM TEMPERATURE (F)   55        46      2004


SUNRISE AND SUNSET
SEPTEMBER 20 2017.....SUNRISE   647 AM PDT   SUNSET   700 PM PDT
SEPTEMBER 21 2017.....SUNRISE   648 AM PDT   SUNSET   658 PM PDT


-  INDICATES NEGATIVE NUMBERS.
R  INDICATES RECORD WAS SET OR TIED.
MM INDICATES DATA IS MISSING.
T  INDICATES TRACE AMOUNT.




$$
