000
CDUS46 KHNX 240023
CLIMAE


CLIMATE REPORT
NATIONAL WEATHER SERVICE SAN JOAQUIN VALLEY, CA
422 PM PST THU FEB 23 2017


...................................

...THE MADERA CA CLIMATE SUMMARY FOR FEBRUARY 23 2017...
VALID AS OF 0400 PM LOCAL TIME.

CLIMATE NORMAL PERIOD 1981 TO 2010
CLIMATE RECORD PERIOD 1998 TO 2017


WEATHER ITEM   OBSERVED TIME   RECORD YEAR NORMAL DEPARTURE LAST
                VALUE   (LST)  VALUE       VALUE  FROM      YEAR
                                                  NORMAL
..................................................................
TEMPERATURE (F)
 TODAY
  MAXIMUM         55    332 PM  75    2014  63     -8       71
  MINIMUM         34    621 AM  32    2011  41     -7       42
                                      2006
  AVERAGE         45                        52     -7       57

PRECIPITATION (IN)
  TODAY            0.00          0.47 2010   0.09  -0.09     0.00
  MONTH TO DATE    3.85                      1.70   2.15     0.06
  SINCE OCT 1     13.09                      7.88   5.21     8.25
  SINCE JAN 1      9.02                      4.15   4.87     3.69

SNOWFALL (IN)
  TODAY            0.0
  MONTH TO DATE    0.0
  SINCE DEC 1      0.0
  SINCE JUL 1      0.0
  SNOW DEPTH       0

DEGREE DAYS
 HEATING
  TODAY           20                                         8
  MONTH TO DATE  215                                       264
  SINCE DEC 1   1278                                      1292
  SINCE JUL 1   1586                                      1703

 COOLING
  TODAY            0                                         0
  MONTH TO DATE    0                                         0
  SINCE DEC 1      0                                         0
  SINCE JAN 1      0                                         0
..................................................................


WIND (MPH)
  HIGHEST WIND SPEED    16   HIGHEST WIND DIRECTION     W (290)
  HIGHEST GUST SPEED    21   HIGHEST GUST DIRECTION     W (280)
  AVERAGE WIND SPEED     7.8




RELATIVE HUMIDITY (PERCENT)
 HIGHEST    92
 LOWEST     46
 AVERAGE    69

..........................................................


THE MADERA CA CLIMATE NORMALS FOR TOMORROW
                         NORMAL    RECORD    YEAR
 MAXIMUM TEMPERATURE (F)   63        78      2014
 MINIMUM TEMPERATURE (F)   41        30      2013


SUNRISE AND SUNSET
FEBRUARY 23 2017......SUNRISE   639 AM PST   SUNSET   549 PM PST
FEBRUARY 24 2017......SUNRISE   637 AM PST   SUNSET   550 PM PST


-  INDICATES NEGATIVE NUMBERS.
R  INDICATES RECORD WAS SET OR TIED.
MM INDICATES DATA IS MISSING.
T  INDICATES TRACE AMOUNT.




$$
