000
CDUS46 KHNX 301226
CLIMAE


CLIMATE REPORT
NATIONAL WEATHER SERVICE SAN JOAQUIN VALLEY, CA
522 AM PDT THU JUL 30 2015


...................................

...THE MADERA CA AIRPORT CLIMATE SUMMARY FOR JULY 29 2015...

CLIMATE NORMAL PERIOD 1981 TO 2010
CLIMATE RECORD PERIOD 1998 TO 2015


WEATHER ITEM   OBSERVED TIME   RECORD YEAR NORMAL DEPARTURE
                VALUE   (LST)  VALUE       VALUE  FROM
                                                  NORMAL
...............................................................
TEMPERATURE (F)
 YESTERDAY
  MAXIMUM        106R   422 PM 106    2015  97      9
  MINIMUM         64    449 AM  56    2010  60      4
                                      1999
  AVERAGE         85                        79      6

PRECIPITATION (IN)
  YESTERDAY        0.00          T    2006   0.00   0.00
  MONTH TO DATE    0.11                      0.02   0.09
  SINCE OCT 1      5.82                     11.75  -5.93
  SINCE JAN 1      2.14                      8.02  -5.88

SNOWFALL (IN)
  YESTERDAY        0.0
  MONTH TO DATE    0.0
  SINCE JUN 1      0.0
  SINCE JUL 1      0.0
  SNOW DEPTH       0

DEGREE DAYS
 HEATING
  YESTERDAY        0
  MONTH TO DATE    0
  SINCE JUN 1      0
  SINCE JUL 1      0

 COOLING
  YESTERDAY       20
  MONTH TO DATE  444
  SINCE JUN 1    873
  SINCE JAN 1   1054
...............................................................


WIND (MPH)
  HIGHEST WIND SPEED    12   HIGHEST WIND DIRECTION     W (280)
  HIGHEST GUST SPEED    14   HIGHEST GUST DIRECTION     W (280)
  AVERAGE WIND SPEED     5.4




RELATIVE HUMIDITY (PERCENT)
 HIGHEST    73
 LOWEST     11
 AVERAGE    42

..........................................................


THE MADERA CA AIRPORT CLIMATE NORMALS FOR TODAY
                         NORMAL    RECORD    YEAR
 MAXIMUM TEMPERATURE (F)   97       103      2000
 MINIMUM TEMPERATURE (F)   60        56      2008


SUNRISE AND SUNSET
JULY 30 2015..........SUNRISE   604 AM PDT   SUNSET   809 PM PDT
JULY 31 2015..........SUNRISE   605 AM PDT   SUNSET   808 PM PDT


-  INDICATES NEGATIVE NUMBERS.
R  INDICATES RECORD WAS SET OR TIED.
MM INDICATES DATA IS MISSING.
T  INDICATES TRACE AMOUNT.




$$
