000
CDUS46 KHNX 270830
CLIMAE


CLIMATE REPORT
NATIONAL WEATHER SERVICE SAN JOAQUIN VALLEY, CA
130 AM PDT WED AUG 27 2014


...................................

...THE MADERA CA AIRPORT CLIMATE SUMMARY FOR AUGUST 26 2014...

CLIMATE NORMAL PERIOD 1981 TO 2010
CLIMATE RECORD PERIOD 1998 TO 2014


WEATHER ITEM   OBSERVED TIME   RECORD YEAR NORMAL DEPARTURE
                VALUE   (LST)  VALUE       VALUE  FROM
                                                  NORMAL
...............................................................
TEMPERATURE (F)
 YESTERDAY
  MAXIMUM         91    414 PM 101    2003  94     -3
  MINIMUM         57    547 AM  54    2002  59     -2
  AVERAGE         74                        76     -2

PRECIPITATION (IN)
  YESTERDAY        0.00          T    1999   0.00   0.00
  MONTH TO DATE    T                         0.01  -0.01
  SINCE JUL 1      T                         0.03  -0.03
  SINCE JAN 1      3.61                      8.03  -4.42

SNOWFALL (IN)
  YESTERDAY        0.0
  MONTH TO DATE    0.0
  SINCE JUN 1      0.0
  SINCE JUL 1      0.0
  SNOW DEPTH       0

DEGREE DAYS
 HEATING
  YESTERDAY        0
  MONTH TO DATE    0
  SINCE JUN 1      0
  SINCE JUL 1      0

 COOLING
  YESTERDAY        9
  MONTH TO DATE 1289
  SINCE JUN 1   2170
  SINCE JAN 1   2412
...............................................................


WIND (MPH)
  HIGHEST WIND SPEED     9   HIGHEST WIND DIRECTION    NW (300)
  HIGHEST GUST SPEED    12   HIGHEST GUST DIRECTION    NW (300)
  AVERAGE WIND SPEED     3.9




RELATIVE HUMIDITY (PERCENT)
 HIGHEST    86
 LOWEST     23
 AVERAGE    55

..........................................................


THE MADERA CA AIRPORT CLIMATE NORMALS FOR TODAY
                         NORMAL    RECORD    YEAR
 MAXIMUM TEMPERATURE (F)   93       102      1999
 MINIMUM TEMPERATURE (F)   59        52      2012


SUNRISE AND SUNSET
AUGUST 27 2014........SUNRISE   627 AM PDT   SUNSET   736 PM PDT
AUGUST 28 2014........SUNRISE   628 AM PDT   SUNSET   734 PM PDT


-  INDICATES NEGATIVE NUMBERS.
R  INDICATES RECORD WAS SET OR TIED.
MM INDICATES DATA IS MISSING.
T  INDICATES TRACE AMOUNT.




$$
