000
CDUS44 KMAF 300008
CLIMAF


CLIMATE REPORT
NATIONAL WEATHER SERVICE MIDLAND/ODESSA TX
707 PM CDT MON JUN 29 2015


...................................

...THE MIDLAND CLIMATE SUMMARY FOR JUNE 29 2015...
VALID TODAY AS OF 0500 PM LOCAL TIME.

CLIMATE NORMAL PERIOD 1981 TO 2010
CLIMATE RECORD PERIOD 1930 TO 2015


WEATHER ITEM   OBSERVED TIME   RECORD YEAR NORMAL DEPARTURE LAST
                VALUE   (LST)  VALUE       VALUE  FROM      YEAR
                                                  NORMAL
..................................................................
TEMPERATURE (F)
 TODAY
  MAXIMUM         95    512 PM 109    1946  95      0      101
  MINIMUM         67    613 AM  57    1985  69     -2       76
  AVERAGE         81                        82     -1       89

PRECIPITATION (IN)
  TODAY            0.00          2.61 2010   0.06  -0.06     0.00
  MONTH TO DATE    1.35                      1.74  -0.39     0.48
  SINCE JUN 1      1.35                      1.74  -0.39     0.48
  SINCE JAN 1     10.34                      6.00   4.34     3.64

DEGREE DAYS
 COOLING
  TODAY           16                        17     -1       24
  MONTH TO DATE  439                       445     -6      525
  SINCE JUN 1    439                       445     -6      525
  SINCE JAN 1    794                       834    -40     1001
..................................................................


WIND (MPH)
  HIGHEST WIND SPEED    16   HIGHEST WIND DIRECTION    SE (140)
  HIGHEST GUST SPEED    19   HIGHEST GUST DIRECTION     S (160)
  AVERAGE WIND SPEED     6.8


SKY COVER
  POSSIBLE SUNSHINE  MM
  AVERAGE SKY COVER 0.0


WEATHER CONDITIONS
 THE FOLLOWING WEATHER WAS RECORDED TODAY.
  FOG
  HAZE


RELATIVE HUMIDITY (PERCENT)
 HIGHEST    84           500 AM
 LOWEST     26           500 PM
 AVERAGE    55

..........................................................


THE MIDLAND CLIMATE NORMALS FOR TOMORROW
                         NORMAL    RECORD    YEAR
 MAXIMUM TEMPERATURE (F)   95       106      1994
 MINIMUM TEMPERATURE (F)   69        56      1982


SUNRISE AND SUNSET
JUNE 29 2015..........SUNRISE   646 AM CDT   SUNSET   859 PM CDT
JUNE 30 2015..........SUNRISE   646 AM CDT   SUNSET   859 PM CDT


-  INDICATES NEGATIVE NUMBERS.
R  INDICATES RECORD WAS SET OR TIED.
MM INDICATES DATA IS MISSING.
T  INDICATES TRACE AMOUNT.




$$
