000
CDUS44 KMAF 310815
CLIMAF


CLIMATE REPORT
NATIONAL WEATHER SERVICE MIDLAND TX
313 AM CDT TUE MAY 31 2016


...................................

...THE MIDLAND CLIMATE SUMMARY FOR MAY 30 2016...

CLIMATE NORMAL PERIOD 1981 TO 2010
CLIMATE RECORD PERIOD 1930 TO 2016


WEATHER ITEM   OBSERVED TIME   RECORD YEAR NORMAL DEPARTURE LAST
                VALUE   (LST)  VALUE       VALUE  FROM      YEAR
                                                  NORMAL
..................................................................
TEMPERATURE (F)
 YESTERDAY
  MAXIMUM         92    512 PM 104    1998  91      1       79
  MINIMUM         59    602 AM  46    1947  64     -5       61
  AVERAGE         76                        77     -1       70

PRECIPITATION (IN)
  YESTERDAY        0.07          1.23 1957   0.07   0.00     0.16
  MONTH TO DATE    0.33                      1.66  -1.33     3.35
  SINCE MAR 1      2.12                      2.91  -0.79     6.30
  SINCE JAN 1      2.60                      4.18  -1.58     8.99

DEGREE DAYS
 COOLING
  YESTERDAY       11                        12     -1        5
  MONTH TO DATE  297                       269     28      218
  SINCE MAR 1    455                       375     80      351
  SINCE JAN 1    470                       377     93      352
..................................................................


WIND (MPH)
  HIGHEST WIND SPEED    46   HIGHEST WIND DIRECTION     N (350)
  HIGHEST GUST SPEED    56   HIGHEST GUST DIRECTION     N (350)
  AVERAGE WIND SPEED    12.1


SKY COVER
  POSSIBLE SUNSHINE  MM
  AVERAGE SKY COVER 0.4


WEATHER CONDITIONS
 THE FOLLOWING WEATHER WAS RECORDED YESTERDAY.
  THUNDERSTORM
  LIGHT RAIN
  FOG
  HAZE


RELATIVE HUMIDITY (PERCENT)
 HIGHEST    93           900 AM
 LOWEST     32           300 PM
 AVERAGE    63

..........................................................


THE MIDLAND CLIMATE NORMALS FOR TODAY
                         NORMAL    RECORD    YEAR
 MAXIMUM TEMPERATURE (F)   91       106      2008
                                             1998
 MINIMUM TEMPERATURE (F)   64        45      1947


SUNRISE AND SUNSET
MAY 31 2016...........SUNRISE   644 AM CDT   SUNSET   850 PM CDT
JUNE  1 2016..........SUNRISE   643 AM CDT   SUNSET   850 PM CDT


-  INDICATES NEGATIVE NUMBERS.
R  INDICATES RECORD WAS SET OR TIED.
MM INDICATES DATA IS MISSING.
T  INDICATES TRACE AMOUNT.




$$
