000
CDUS44 KMAF 292120
CLIMAF


CLIMATE REPORT
NATIONAL WEATHER SERVICE MIDLAND TX
420 PM CDT SAT AUG 29 2015


...................................

...THE MIDLAND CLIMATE SUMMARY FOR AUGUST 29 2015...
VALID TODAY AS OF 0400 PM LOCAL TIME.

CLIMATE NORMAL PERIOD 1981 TO 2010
CLIMATE RECORD PERIOD 1930 TO 2015


WEATHER ITEM   OBSERVED TIME   RECORD YEAR NORMAL DEPARTURE LAST
                VALUE   (LST)  VALUE       VALUE  FROM      YEAR
                                                  NORMAL
..................................................................
TEMPERATURE (F)
 TODAY
  MAXIMUM         82    221 PM 106    2011  92    -10       94
  MINIMUM         71    905 AM  57    1930  67      4       69
  AVERAGE         77                        80     -3       82

PRECIPITATION (IN)
  TODAY            0.02          1.06 2003   0.07  -0.05     0.00
  MONTH TO DATE    1.01                      1.71  -0.70     0.77
  SINCE JUN 1      5.02                      5.33  -0.31     1.58
  SINCE JAN 1     14.01                      9.59   4.42     4.74

DEGREE DAYS
 COOLING
  TODAY           12                        14     -2       17
  MONTH TO DATE  593                       473    120      555
  SINCE JUN 1   1662                      1466    196     1670
  SINCE JAN 1   2020                      1855    165     2146
..................................................................


WIND (MPH)
  HIGHEST WIND SPEED    15   HIGHEST WIND DIRECTION     N (340)
  HIGHEST GUST SPEED    18   HIGHEST GUST DIRECTION     N (340)
  AVERAGE WIND SPEED     7.7


SKY COVER
  POSSIBLE SUNSHINE  MM
  AVERAGE SKY COVER 0.9


WEATHER CONDITIONS
 THE FOLLOWING WEATHER WAS RECORDED TODAY.
  LIGHT RAIN


RELATIVE HUMIDITY (PERCENT)
 HIGHEST    73          1100 AM
 LOWEST     37          1200 AM
 AVERAGE    55

..........................................................


THE MIDLAND CLIMATE NORMALS FOR TOMORROW
                         NORMAL    RECORD    YEAR
 MAXIMUM TEMPERATURE (F)   92       106      2011
 MINIMUM TEMPERATURE (F)   67        60      2012


SUNRISE AND SUNSET
AUGUST 29 2015........SUNRISE   722 AM CDT   SUNSET   817 PM CDT
AUGUST 30 2015........SUNRISE   723 AM CDT   SUNSET   815 PM CDT


-  INDICATES NEGATIVE NUMBERS.
R  INDICATES RECORD WAS SET OR TIED.
MM INDICATES DATA IS MISSING.
T  INDICATES TRACE AMOUNT.




$$
