000
CDUS44 KMAF 240831
CLIMAF


CLIMATE REPORT
NATIONAL WEATHER SERVICE MIDLAND TX
231 AM CST FRI NOV 24 2017


...................................

...THE MIDLAND CLIMATE SUMMARY FOR NOVEMBER 23 2017...

CLIMATE NORMAL PERIOD 1981 TO 2010
CLIMATE RECORD PERIOD 1930 TO 2017


WEATHER ITEM   OBSERVED TIME   RECORD YEAR NORMAL DEPARTURE LAST
                VALUE   (LST)  VALUE       VALUE  FROM      YEAR
                                                  NORMAL
..................................................................
TEMPERATURE (F)
 YESTERDAY
  MAXIMUM         75    417 PM  84    1965  64     11       65
  MINIMUM         34    713 AM  17    1938  36     -2       39
  AVERAGE         55                        50      5       52

PRECIPITATION (IN)
  YESTERDAY        0.00          0.43 2013   0.02  -0.02     0.00
  MONTH TO DATE    0.40                      0.54  -0.14     1.74
  SINCE SEP 1      4.60                      4.13   0.47     4.16
  SINCE JAN 1     17.34                     13.85   3.49    14.50

SNOWFALL (IN)
  YESTERDAY        0.0
  MONTH TO DATE    0.0
  SINCE SEP 1      0.0
  SINCE JUL 1      0.0
  SNOW DEPTH       0

DEGREE DAYS
 HEATING
  YESTERDAY       10                        15     -5       13
  MONTH TO DATE  163                       253    -90      122
  SINCE SEP 1    273                       362    -89      133
  SINCE JUL 1    273                       362    -89      133
..................................................................


WIND (MPH)
  HIGHEST WIND SPEED     9   HIGHEST WIND DIRECTION    SW (230)
  HIGHEST GUST SPEED    11   HIGHEST GUST DIRECTION    SW (230)
  AVERAGE WIND SPEED     4.1


SKY COVER
  POSSIBLE SUNSHINE  MM
  AVERAGE SKY COVER 0.0


WEATHER CONDITIONS
 THE FOLLOWING WEATHER WAS RECORDED YESTERDAY.
  HAZE


RELATIVE HUMIDITY (PERCENT)
 HIGHEST    70           400 AM
 LOWEST     19           300 PM
 AVERAGE    45

..........................................................


THE MIDLAND CLIMATE NORMALS FOR TODAY
                         NORMAL    RECORD    YEAR
 MAXIMUM TEMPERATURE (F)   63        83      1965
                                             1946
 MINIMUM TEMPERATURE (F)   36        10      1938


SUNRISE AND SUNSET
NOVEMBER 24 2017......SUNRISE   725 AM CST   SUNSET   545 PM CST
NOVEMBER 25 2017......SUNRISE   726 AM CST   SUNSET   545 PM CST


-  INDICATES NEGATIVE NUMBERS.
R  INDICATES RECORD WAS SET OR TIED.
MM INDICATES DATA IS MISSING.
T  INDICATES TRACE AMOUNT.




$$
