000
CDUS44 KMAF 272237
CLIMAF


CLIMATE REPORT
NATIONAL WEATHER SERVICE MIDLAND/ODESSA TX
436 PM CST FRI FEB 27 2015


...................................

...THE MIDLAND CLIMATE SUMMARY FOR FEBRUARY 27 2015...
VALID TODAY AS OF 0400 PM LOCAL TIME.

CLIMATE NORMAL PERIOD 1981 TO 2010
CLIMATE RECORD PERIOD 1930 TO 2015


WEATHER ITEM   OBSERVED TIME   RECORD YEAR NORMAL DEPARTURE LAST
                VALUE   (LST)  VALUE       VALUE  FROM      YEAR
                                                  NORMAL
..................................................................
TEMPERATURE (F)
 TODAY
  MAXIMUM         27    120 AM  84    2011  66    -39       66
  MINIMUM         19    830 AM  17    1934  37    -18       27
  AVERAGE         23                        51    -28       47

PRECIPITATION (IN)
  TODAY            0.06          0.62 1990   0.02   0.04     0.00
  MONTH TO DATE    0.26                      0.68  -0.42     0.26
  SINCE DEC 1      2.91                      1.84   1.07     1.70
  SINCE JAN 1      2.69                      1.24   1.45     0.26

SNOWFALL (IN)
  TODAY            0.5
  MONTH TO DATE    1.0
  SINCE DEC 1      3.5
  SINCE JUL 1      3.5
  SNOW DEPTH       T

DEGREE DAYS
 HEATING
  TODAY           42                        14     28       18
  MONTH TO DATE  465                       451     14      460
  SINCE DEC 1   1663                      1744    -81     1749
  SINCE JUL 1   2111                      2223   -112     2246
..................................................................


WIND (MPH)
  HIGHEST WIND SPEED    20   HIGHEST WIND DIRECTION    NE (60)
  HIGHEST GUST SPEED    23   HIGHEST GUST DIRECTION     E (80)
  AVERAGE WIND SPEED    15.0


SKY COVER
  POSSIBLE SUNSHINE  MM
  AVERAGE SKY COVER 1.0


WEATHER CONDITIONS
 THE FOLLOWING WEATHER WAS RECORDED TODAY.
  LIGHT SNOW
  FOG


RELATIVE HUMIDITY (PERCENT)
 HIGHEST    92           300 AM
 LOWEST     55           100 AM
 AVERAGE    74

..........................................................


THE MIDLAND CLIMATE NORMALS FOR TOMORROW
                         NORMAL    RECORD    YEAR
 MAXIMUM TEMPERATURE (F)   66        87      1940
 MINIMUM TEMPERATURE (F)   38        14      1962


SUNRISE AND SUNSET
FEBRUARY 27 2015......SUNRISE   718 AM CST   SUNSET   645 PM CST
FEBRUARY 28 2015......SUNRISE   717 AM CST   SUNSET   646 PM CST


-  INDICATES NEGATIVE NUMBERS.
R  INDICATES RECORD WAS SET OR TIED.
MM INDICATES DATA IS MISSING.
T  INDICATES TRACE AMOUNT.




$$
