000
CDUS44 KMAF 240831
CLIMAF


CLIMATE REPORT
NATIONAL WEATHER SERVICE MIDLAND TX
231 AM CST SAT FEB 24 2018


...................................

...THE MIDLAND CLIMATE SUMMARY FOR FEBRUARY 23 2018...

CLIMATE NORMAL PERIOD 1981 TO 2010
CLIMATE RECORD PERIOD 1930 TO 2018


WEATHER ITEM   OBSERVED TIME   RECORD YEAR NORMAL DEPARTURE LAST
                VALUE   (LST)  VALUE       VALUE  FROM      YEAR
                                                  NORMAL
..................................................................
TEMPERATURE (F)
 YESTERDAY
  MAXIMUM         67    432 PM  86    2017  65      2       86
  MINIMUM         39   1228 AM  14    1966  36      3       50
  AVERAGE         53                        50      3       68

PRECIPITATION (IN)
  YESTERDAY        0.00          0.60 1992   0.03  -0.03     0.00
  MONTH TO DATE    0.04                      0.59  -0.55     0.72
  SINCE DEC 1      0.44                      1.75  -1.31     2.25
  SINCE JAN 1      0.05                      1.15  -1.10     1.84

SNOWFALL (IN)
  YESTERDAY        0.0
  MONTH TO DATE    T
  SINCE DEC 1      T
  SINCE JUL 1      T
  SNOW DEPTH       0

DEGREE DAYS
 HEATING
  YESTERDAY       12                        15     -3        0
  MONTH TO DATE  334                       395    -61      196
  SINCE DEC 1   1564                      1688   -124     1255
  SINCE JUL 1   1885                      2167   -282     1466
..................................................................


WIND (MPH)
  HIGHEST WIND SPEED    21   HIGHEST WIND DIRECTION     S (160)
  HIGHEST GUST SPEED    25   HIGHEST GUST DIRECTION    SE (150)
  AVERAGE WIND SPEED     7.7


SKY COVER
  POSSIBLE SUNSHINE  MM
  AVERAGE SKY COVER 0.6


WEATHER CONDITIONS
 THE FOLLOWING WEATHER WAS RECORDED YESTERDAY.
  FOG
  FOG W/VISIBILITY <= 1/4 MILE


RELATIVE HUMIDITY (PERCENT)
 HIGHEST   100           300 AM
 LOWEST     40           400 PM
 AVERAGE    70

..........................................................


THE MIDLAND CLIMATE NORMALS FOR TODAY
                         NORMAL    RECORD    YEAR
 MAXIMUM TEMPERATURE (F)   65        90      2009
 MINIMUM TEMPERATURE (F)   37        14      1965
                                             1960


SUNRISE AND SUNSET
FEBRUARY 24 2018......SUNRISE   722 AM CST   SUNSET   643 PM CST
FEBRUARY 25 2018......SUNRISE   720 AM CST   SUNSET   643 PM CST


-  INDICATES NEGATIVE NUMBERS.
R  INDICATES RECORD WAS SET OR TIED.
MM INDICATES DATA IS MISSING.
T  INDICATES TRACE AMOUNT.




$$
