000
CDUS44 KMAF 060743
CLIMAF


CLIMATE REPORT
NATIONAL WEATHER SERVICE MIDLAND TX
243 AM CDT FRI MAY 6 2016


...................................

...THE MIDLAND CLIMATE SUMMARY FOR MAY 5 2016...

CLIMATE NORMAL PERIOD 1981 TO 2010
CLIMATE RECORD PERIOD 1930 TO 2016


WEATHER ITEM   OBSERVED TIME   RECORD YEAR NORMAL DEPARTURE LAST
                VALUE   (LST)  VALUE       VALUE  FROM      YEAR
                                                  NORMAL
..................................................................
TEMPERATURE (F)
 YESTERDAY
  MAXIMUM         89    208 PM 101    2000  85      4       83
                                      1964
                                      1947
  MINIMUM         48    602 AM  39    1933  56     -8       64
  AVERAGE         69                        70     -1       74

PRECIPITATION (IN)
  YESTERDAY        0.00          1.00 1982   0.03  -0.03     0.13
  MONTH TO DATE    0.03                      0.16  -0.13     0.27
  SINCE MAR 1      1.82                      1.41   0.41     3.22
  SINCE JAN 1      2.30                      2.68  -0.38     5.91

DEGREE DAYS
 COOLING
  YESTERDAY        4                         6     -2        9
  MONTH TO DATE    7                        29    -22       40
  SINCE MAR 1    165                       135     30      173
  SINCE JAN 1    180                       137     43      174
..................................................................


WIND (MPH)
  HIGHEST WIND SPEED    22   HIGHEST WIND DIRECTION     S (160)
  HIGHEST GUST SPEED    29   HIGHEST GUST DIRECTION     S (160)
  AVERAGE WIND SPEED     8.0


SKY COVER
  POSSIBLE SUNSHINE  MM
  AVERAGE SKY COVER 0.0


WEATHER CONDITIONS
 THE FOLLOWING WEATHER WAS RECORDED YESTERDAY.
  NO SIGNIFICANT WEATHER WAS OBSERVED.


RELATIVE HUMIDITY (PERCENT)
 HIGHEST    48           400 AM
 LOWEST     12           100 PM
 AVERAGE    30

..........................................................


THE MIDLAND CLIMATE NORMALS FOR TODAY
                         NORMAL    RECORD    YEAR
 MAXIMUM TEMPERATURE (F)   85       103      1947
 MINIMUM TEMPERATURE (F)   56        37      1935


SUNRISE AND SUNSET
MAY  6 2016...........SUNRISE   658 AM CDT   SUNSET   833 PM CDT
MAY  7 2016...........SUNRISE   657 AM CDT   SUNSET   834 PM CDT


-  INDICATES NEGATIVE NUMBERS.
R  INDICATES RECORD WAS SET OR TIED.
MM INDICATES DATA IS MISSING.
T  INDICATES TRACE AMOUNT.




$$
