371
CDUS44 KMAF 302134
CLIMAF


CLIMATE REPORT
NATIONAL WEATHER SERVICE MIDLAND TX
434 PM CDT SAT JUL 30 2016


...................................

...THE MIDLAND CLIMATE SUMMARY FOR JULY 30 2016...
VALID TODAY AS OF 0400 PM LOCAL TIME.

CLIMATE NORMAL PERIOD 1981 TO 2010
CLIMATE RECORD PERIOD 1930 TO 2016


WEATHER ITEM   OBSERVED TIME   RECORD YEAR NORMAL DEPARTURE LAST
                VALUE   (LST)  VALUE       VALUE  FROM      YEAR
                                                  NORMAL
..................................................................
TEMPERATURE (F)
 TODAY
  MAXIMUM         97    327 PM 106    1937  95      2       99
  MINIMUM         73    648 AM  59    1971  70      3       74
  AVERAGE         85                        82      3       87

PRECIPITATION (IN)
  TODAY            0.00          0.68 1994   0.05  -0.05     0.00
  MONTH TO DATE    0.24                      1.76  -1.52     0.54
  SINCE JUN 1      3.40                      3.56  -0.16     3.83
  SINCE JAN 1      7.14                      7.82  -0.68    12.82

DEGREE DAYS
 COOLING
  TODAY           20                        17      3       22
  MONTH TO DATE  704                       510    194      600
  SINCE JUN 1   1190                       971    219     1049
  SINCE JAN 1   1670                      1360    310     1407
..................................................................


WIND (MPH)
  HIGHEST WIND SPEED    17   HIGHEST WIND DIRECTION     S (160)
  HIGHEST GUST SPEED    23   HIGHEST GUST DIRECTION    SE (150)
  AVERAGE WIND SPEED    10.6


SKY COVER
  POSSIBLE SUNSHINE  MM
  AVERAGE SKY COVER 0.0


WEATHER CONDITIONS
 THE FOLLOWING WEATHER WAS RECORDED TODAY.
  NO SIGNIFICANT WEATHER WAS OBSERVED.


RELATIVE HUMIDITY (PERCENT)
 HIGHEST    73           500 AM
 LOWEST     26           300 PM
 AVERAGE    50

..........................................................


THE MIDLAND CLIMATE NORMALS FOR TOMORROW
                         NORMAL    RECORD    YEAR
 MAXIMUM TEMPERATURE (F)   95       105      1944
 MINIMUM TEMPERATURE (F)   70        60      1971


SUNRISE AND SUNSET
JULY 30 2016..........SUNRISE   703 AM CDT   SUNSET   847 PM CDT
JULY 31 2016..........SUNRISE   704 AM CDT   SUNSET   846 PM CDT


-  INDICATES NEGATIVE NUMBERS.
R  INDICATES RECORD WAS SET OR TIED.
MM INDICATES DATA IS MISSING.
T  INDICATES TRACE AMOUNT.




$$
