000
CDUS44 KMAF 200731
CLIMAF


CLIMATE REPORT
NATIONAL WEATHER SERVICE MIDLAND TX
231 AM CDT WED SEP 20 2017


...................................

...THE MIDLAND CLIMATE SUMMARY FOR SEPTEMBER 19 2017...

CLIMATE NORMAL PERIOD 1981 TO 2010
CLIMATE RECORD PERIOD 1930 TO 2017


WEATHER ITEM   OBSERVED TIME   RECORD YEAR NORMAL DEPARTURE LAST
                VALUE   (LST)  VALUE       VALUE  FROM      YEAR
                                                  NORMAL
..................................................................
TEMPERATURE (F)
 YESTERDAY
  MAXIMUM         99    504 PM 105    1930  86     13       95
  MINIMUM         77    536 AM  42    1991  61     16       71
  AVERAGE         88                        73     15       83

PRECIPITATION (IN)
  YESTERDAY        T             1.77 1946   0.05  -0.05     0.00
  MONTH TO DATE    0.03                      1.23  -1.20     1.98
  SINCE SEP 1      0.03                      1.23  -1.20     1.98
  SINCE JAN 1     12.77                     10.95   1.82    12.32

DEGREE DAYS
 HEATING
  YESTERDAY        0                         0      0        0
  MONTH TO DATE    0                         0      0        0
  SINCE SEP 1      0                         0      0        0
  SINCE JUL 1      0                         0      0        0

 COOLING
  YESTERDAY       23                         9     14       18
  MONTH TO DATE  282                       215     67      279
  SINCE SEP 1    282                       215     67      279
  SINCE JAN 1   2529                      2099    430     2511
..................................................................


WIND (MPH)
  HIGHEST WIND SPEED    25   HIGHEST WIND DIRECTION     S (170)
  HIGHEST GUST SPEED    32   HIGHEST GUST DIRECTION     S (180)
  AVERAGE WIND SPEED    13.4


SKY COVER
  POSSIBLE SUNSHINE  MM
  AVERAGE SKY COVER 0.1


WEATHER CONDITIONS
 THE FOLLOWING WEATHER WAS RECORDED YESTERDAY.
  NO SIGNIFICANT WEATHER WAS OBSERVED.


RELATIVE HUMIDITY (PERCENT)
 HIGHEST    58           800 AM
 LOWEST     17           500 PM
 AVERAGE    38

..........................................................


THE MIDLAND CLIMATE NORMALS FOR TODAY
                         NORMAL    RECORD    YEAR
 MAXIMUM TEMPERATURE (F)   86       107      1953
 MINIMUM TEMPERATURE (F)   61        42      1971


SUNRISE AND SUNSET
SEPTEMBER 20 2017.....SUNRISE   736 AM CDT   SUNSET   748 PM CDT
SEPTEMBER 21 2017.....SUNRISE   736 AM CDT   SUNSET   746 PM CDT


-  INDICATES NEGATIVE NUMBERS.
R  INDICATES RECORD WAS SET OR TIED.
MM INDICATES DATA IS MISSING.
T  INDICATES TRACE AMOUNT.




$$
