000
CDUS42 KTAE 170633
CLIMAI


CLIMATE REPORT
NATIONAL WEATHER SERVICE TALLAHASSEE FL
231 AM EDT TUE OCT 17 2017


...................................

...THE MARIANNA CLIMATE SUMMARY FOR OCTOBER 16 2017...

CLIMATE NORMAL PERIOD 1981 TO 2010
CLIMATE RECORD PERIOD 1950 TO 2017


WEATHER ITEM   OBSERVED NORMAL DEPARTURE LAST
                VALUE   VALUE  FROM      YEAR
                               NORMAL
...............................................
TEMPERATURE (F)
 YESTERDAY
  MAXIMUM         84     80      4       85
  MINIMUM         61     57      4       67
  AVERAGE         73     68      5       76

PRECIPITATION (IN)
  YESTERDAY        0.00   0.12  -0.12     0.16
  MONTH TO DATE    0.46   1.66  -1.20     0.23
  SINCE SEP 1      3.59   5.46  -1.87     4.04
  SINCE JAN 1     43.29  43.79  -0.50    37.83

DEGREE DAYS
 HEATING
  YESTERDAY        0            -1
  MONTH TO DATE    0           -10
  SINCE SEP 1      2            -9
  SINCE JUL 1      2            -9

 COOLING
  YESTERDAY        8             3
  MONTH TO DATE  227           121
  SINCE SEP 1    639           146
  SINCE JAN 1   2902           444
...............................................


WIND (MPH)
  HIGHEST WIND SPEED    17   HIGHEST WIND DIRECTION    NW (330)
  HIGHEST GUST SPEED    21   HIGHEST GUST DIRECTION    NW (330)
  AVERAGE WIND SPEED     6.4




RELATIVE HUMIDITY (PERCENT)
 HIGHEST   100
 LOWEST     60
 AVERAGE    80

..........................................................




SUNRISE AND SUNSET
OCTOBER 17 2017.......SUNRISE   645 AM CDT   SUNSET   607 PM CDT
OCTOBER 18 2017.......SUNRISE   645 AM CDT   SUNSET   606 PM CDT


-  INDICATES NEGATIVE NUMBERS.
R  INDICATES RECORD WAS SET OR TIED.
MM INDICATES DATA IS MISSING.
T  INDICATES TRACE AMOUNT.




$$
