000
CDUS42 KTAE 180642
CLIMAI


CLIMATE REPORT
NATIONAL WEATHER SERVICE TALLAHASSEE FL
239 AM EDT THU SEP 18 2014


...................................

...THE MARIANNA CLIMATE SUMMARY FOR SEPTEMBER 17 2014...

CLIMATE NORMAL PERIOD 1981 TO 2010
CLIMATE RECORD PERIOD 1950 TO 2014


WEATHER ITEM   OBSERVED NORMAL DEPARTURE LAST
                VALUE   VALUE  FROM      YEAR
                               NORMAL
...............................................
TEMPERATURE (F)
 YESTERDAY
  MAXIMUM         91     88      3       93
  MINIMUM         70     68      2       73
  AVERAGE         81     78      3       83

PRECIPITATION (IN)
  YESTERDAY        0.05   0.12  -0.07     0.00
  MONTH TO DATE    4.46   2.21   2.25     0.57
  SINCE SEP 1      4.46   2.21   2.25     0.57
  SINCE JAN 1     47.40  40.54   6.86    51.25

DEGREE DAYS
 HEATING
  YESTERDAY        0             0
  MONTH TO DATE    0             0
  SINCE SEP 1      0             0
  SINCE JUL 1      0             0

 COOLING
  YESTERDAY       16             3
  MONTH TO DATE  293            47
  SINCE SEP 1    293            47
  SINCE JAN 1   2324           113
...............................................


WIND (MPH)
  HIGHEST WIND SPEED    17   HIGHEST WIND DIRECTION     N (350)
  HIGHEST GUST SPEED    22   HIGHEST GUST DIRECTION     N (340)
  AVERAGE WIND SPEED     3.1




RELATIVE HUMIDITY (PERCENT)
 HIGHEST   100
 LOWEST     56
 AVERAGE    78

..........................................................




SUNRISE AND SUNSET
SEPTEMBER 18 2014.....SUNRISE   627 AM CDT   SUNSET   642 PM CDT
SEPTEMBER 19 2014.....SUNRISE   627 AM CDT   SUNSET   641 PM CDT


-  INDICATES NEGATIVE NUMBERS.
R  INDICATES RECORD WAS SET OR TIED.
MM INDICATES DATA IS MISSING.
T  INDICATES TRACE AMOUNT.




$$
