000
CDUS42 KTAE 020646
CLIMAI


CLIMATE REPORT
NATIONAL WEATHER SERVICE TALLAHASSEE FL
246 AM EDT SAT AUG 2 2014


...................................

...THE MARIANNA CLIMATE SUMMARY FOR AUGUST 1 2014...

CLIMATE NORMAL PERIOD 1981 TO 2010
CLIMATE RECORD PERIOD 1950 TO 2014


WEATHER ITEM   OBSERVED NORMAL DEPARTURE LAST
                VALUE   VALUE  FROM      YEAR
                               NORMAL
...............................................
TEMPERATURE (F)
 YESTERDAY
  MAXIMUM         92     91      1
  MINIMUM         68     73     -5
  AVERAGE         80     82     -2

PRECIPITATION (IN)
  YESTERDAY        0.00   0.20  -0.20     0.39
  MONTH TO DATE    0.00   0.20  -0.20     0.39
  SINCE JUN 1      7.50  10.88  -3.38    15.94
  SINCE JAN 1     39.22  33.10   6.12    36.84

DEGREE DAYS
 HEATING
  YESTERDAY        0             0
  MONTH TO DATE    0             0
  SINCE JUN 1      0             0
  SINCE JUL 1      0             0

 COOLING
  YESTERDAY       15            -2
  MONTH TO DATE   15            -2
  SINCE JUN 1   1035            34
  SINCE JAN 1   1469            -2
...............................................


WIND (MPH)
  HIGHEST WIND SPEED    10   HIGHEST WIND DIRECTION    NW (320)
  HIGHEST GUST SPEED    13   HIGHEST GUST DIRECTION    NW (300)
  AVERAGE WIND SPEED     3.4




RELATIVE HUMIDITY (PERCENT)
 HIGHEST   100
 LOWEST     41
 AVERAGE    71

..........................................................




SUNRISE AND SUNSET
AUGUST  2 2014........SUNRISE   559 AM CDT   SUNSET   735 PM CDT
AUGUST  3 2014........SUNRISE   559 AM CDT   SUNSET   734 PM CDT


-  INDICATES NEGATIVE NUMBERS.
R  INDICATES RECORD WAS SET OR TIED.
MM INDICATES DATA IS MISSING.
T  INDICATES TRACE AMOUNT.




$$
