000
CDUS42 KTAE 240638
CLIMAI


CLIMATE REPORT
NATIONAL WEATHER SERVICE TALLAHASSEE FL
237 AM EDT WED AUG 24 2016

...................................

...THE MARIANNA CLIMATE SUMMARY FOR AUGUST 23 2016...

CLIMATE NORMAL PERIOD 1981 TO 2010
CLIMATE RECORD PERIOD 1950 TO 2016


WEATHER ITEM   OBSERVED NORMAL DEPARTURE LAST
                VALUE   VALUE  FROM      YEAR
                               NORMAL
...............................................
TEMPERATURE (F)
 YESTERDAY
  MAXIMUM         97     91      6       97
  MINIMUM         76     72      4       76
  AVERAGE         87     81      6       87

PRECIPITATION (IN)
  YESTERDAY        0.32   0.15   0.17     0.00
  MONTH TO DATE    6.20   4.36   1.84     2.23
  SINCE JUN 1     11.56  15.04  -3.48    10.86
  SINCE JAN 1     33.74  37.26  -3.52    36.43

DEGREE DAYS
 HEATING
  YESTERDAY        0             0
  MONTH TO DATE    0             0
  SINCE JUN 1      0             0
  SINCE JUL 1      0             0

 COOLING
  YESTERDAY       22             6
  MONTH TO DATE  433            47
  SINCE JUN 1   1530           160
  SINCE JAN 1   2029           189
...............................................


WIND (MPH)
  HIGHEST WIND SPEED    23   HIGHEST WIND DIRECTION     E (90)
  HIGHEST GUST SPEED    27   HIGHEST GUST DIRECTION     E (100)
  AVERAGE WIND SPEED     2.8




RELATIVE HUMIDITY (PERCENT)
 HIGHEST   100
 LOWEST     45
 AVERAGE    73

..........................................................



SUNRISE AND SUNSET
AUGUST 24 2016........SUNRISE   613 AM CDT   SUNSET   713 PM CDT
AUGUST 25 2016........SUNRISE   613 AM CDT   SUNSET   712 PM CDT


-  INDICATES NEGATIVE NUMBERS.
R  INDICATES RECORD WAS SET OR TIED.
MM INDICATES DATA IS MISSING.
T  INDICATES TRACE AMOUNT.

$$
