000
CDUS42 KTAE 220633
CLIMAI


CLIMATE REPORT
NATIONAL WEATHER SERVICE TALLAHASSEE FL
133 AM EST MON JAN 22 2018


...................................

...THE MARIANNA CLIMATE SUMMARY FOR JANUARY 21 2018...

CLIMATE NORMAL PERIOD 1981 TO 2010
CLIMATE RECORD PERIOD 1950 TO 2018


WEATHER ITEM   OBSERVED NORMAL DEPARTURE LAST
                VALUE   VALUE  FROM      YEAR
                               NORMAL
...............................................
TEMPERATURE (F)
 YESTERDAY
  MAXIMUM         71     62      9       77
  MINIMUM         38     39     -1       61
  AVERAGE         55     50      5       69

PRECIPITATION (IN)
  YESTERDAY        0.00   0.15  -0.15     0.97
  MONTH TO DATE    1.01   3.16  -2.15     5.84
  SINCE DEC 1      3.54   7.07  -3.53    17.61
  SINCE JAN 1      1.01   3.16  -2.15     5.84

DEGREE DAYS
 HEATING
  YESTERDAY       10            -5
  MONTH TO DATE  428           108
  SINCE DEC 1    763            42
  SINCE JUL 1    944           -15

 COOLING
  YESTERDAY        0             0
  MONTH TO DATE    9             9
  SINCE DEC 1     37            25
  SINCE JAN 1      9             9
...............................................


WIND (MPH)
  HIGHEST WIND SPEED    12   HIGHEST WIND DIRECTION     E (80)
  HIGHEST GUST SPEED    14   HIGHEST GUST DIRECTION    SE (120)
  AVERAGE WIND SPEED     2.3




RELATIVE HUMIDITY (PERCENT)
 HIGHEST    92
 LOWEST     31
 AVERAGE    62

..........................................................




SUNRISE AND SUNSET
JANUARY 22 2018.......SUNRISE   637 AM CST   SUNSET   508 PM CST
JANUARY 23 2018.......SUNRISE   637 AM CST   SUNSET   509 PM CST


-  INDICATES NEGATIVE NUMBERS.
R  INDICATES RECORD WAS SET OR TIED.
MM INDICATES DATA IS MISSING.
T  INDICATES TRACE AMOUNT.




$$
