000
CDUS42 KTAE 240637
CLIMAI


CLIMATE REPORT
NATIONAL WEATHER SERVICE TALLAHASSEE FL
237 AM EDT SUN JUL 24 2016


...................................

...THE MARIANNA CLIMATE SUMMARY FOR JULY 23 2016...

CLIMATE NORMAL PERIOD 1981 TO 2010
CLIMATE RECORD PERIOD 1950 TO 2016


WEATHER ITEM   OBSERVED NORMAL DEPARTURE LAST
                VALUE   VALUE  FROM      YEAR
                               NORMAL
...............................................
TEMPERATURE (F)
 YESTERDAY
  MAXIMUM         94     92      2       96
  MINIMUM         72     73     -1       76
  AVERAGE         83     82      1       86

PRECIPITATION (IN)
  YESTERDAY        T      0.15  -0.15     0.54
  MONTH TO DATE    2.20   3.93  -1.73     3.95
  SINCE JUN 1      4.82   9.50  -4.68     7.87
  SINCE JAN 1     27.00  31.72  -4.72    33.44

DEGREE DAYS
 HEATING
  YESTERDAY        0             0
  MONTH TO DATE    0             0
  SINCE JUN 1      0             0
  SINCE JUL 1      0             0

 COOLING
  YESTERDAY       18             1
  MONTH TO DATE  436            45
  SINCE JUN 1    941            91
  SINCE JAN 1   1440           120
...............................................


WIND (MPH)
  HIGHEST WIND SPEED    14   HIGHEST WIND DIRECTION    SE (140)
  HIGHEST GUST SPEED    19   HIGHEST GUST DIRECTION    SE (130)
  AVERAGE WIND SPEED     3.0




RELATIVE HUMIDITY (PERCENT)
 HIGHEST   100
 LOWEST     52
 AVERAGE    76

..........................................................




SUNRISE AND SUNSET
JULY 24 2016..........SUNRISE   554 AM CDT   SUNSET   741 PM CDT
JULY 25 2016..........SUNRISE   554 AM CDT   SUNSET   740 PM CDT


-  INDICATES NEGATIVE NUMBERS.
R  INDICATES RECORD WAS SET OR TIED.
MM INDICATES DATA IS MISSING.
T  INDICATES TRACE AMOUNT.




$$
