000
CDUS43 KABR 290907
CLIMBG


CLIMATE REPORT
NATIONAL WEATHER SERVICE ABERDEEN SD
407 AM CDT FRI AUG 29 2014


...................................

...THE MOBRIDGE SD CLIMATE SUMMARY FOR AUGUST 28 2014...

CLIMATE NORMAL PERIOD 1981 TO 2010
CLIMATE RECORD PERIOD 1911 TO 2014


WEATHER ITEM   OBSERVED TIME   RECORD YEAR NORMAL DEPARTURE LAST
                VALUE   (LST)  VALUE       VALUE  FROM      YEAR
                                                  NORMAL
..................................................................
TEMPERATURE (F)
 YESTERDAY
  MAXIMUM         71    619 PM 103    1991  82    -11       91
                                      1959
  MINIMUM         62   1119 PM  36    1935  56      6       68
  AVERAGE         67                        69     -2       80

PRECIPITATION (IN)
  YESTERDAY        0.42          0.66 2013   0.06   0.36     0.66
  MONTH TO DATE    4.55                      1.85   2.70     2.26
  SINCE JUN 1     12.99                      7.71   5.28     6.14
  SINCE JAN 1     19.11                     13.73   5.38    13.82

DEGREE DAYS
 HEATING
  YESTERDAY        0                         1     -1        0
  MONTH TO DATE   21                        11     10        2
  SINCE JUN 1    119                        98     21       81
  SINCE JUL 1     44                        23     21       13

 COOLING
  YESTERDAY        2                         5     -3       15
  MONTH TO DATE  136                       204    -68      206
  SINCE JUN 1    351                       552   -201      532
  SINCE JAN 1    401                       568   -167      547
..................................................................


WIND (MPH)
  HIGHEST WIND SPEED     9   HIGHEST WIND DIRECTION    SE (140)
  HIGHEST GUST SPEED    12   HIGHEST GUST DIRECTION    SE (150)
  AVERAGE WIND SPEED     4.4


SKY COVER
  POSSIBLE SUNSHINE  MM
  AVERAGE SKY COVER 0.7


WEATHER CONDITIONS
 THE FOLLOWING WEATHER WAS RECORDED YESTERDAY.
  RAIN
  LIGHT RAIN
  FOG


RELATIVE HUMIDITY (PERCENT)
 HIGHEST   100           300 AM
 LOWEST     90           400 PM
 AVERAGE    95

..........................................................


THE MOBRIDGE SD CLIMATE NORMALS FOR TODAY
                         NORMAL    RECORD    YEAR
 MAXIMUM TEMPERATURE (F)   82       106      2012
 MINIMUM TEMPERATURE (F)   55        36      1946


SUNRISE AND SUNSET
AUGUST 29 2014........SUNRISE   659 AM CDT   SUNSET   825 PM CDT
AUGUST 30 2014........SUNRISE   701 AM CDT   SUNSET   823 PM CDT


-  INDICATES NEGATIVE NUMBERS.
R  INDICATES RECORD WAS SET OR TIED.
MM INDICATES DATA IS MISSING.
T  INDICATES TRACE AMOUNT.




$$
