000
CDUS43 KABR 071032
CLIMBG


CLIMATE REPORT
NATIONAL WEATHER SERVICE ABERDEEN SD
532 AM CDT TUE JUL 7 2015


...................................

...THE MOBRIDGE SD CLIMATE SUMMARY FOR JULY 6 2015...

CLIMATE NORMAL PERIOD 1981 TO 2010
CLIMATE RECORD PERIOD 1911 TO 2015


WEATHER ITEM   OBSERVED TIME   RECORD YEAR NORMAL DEPARTURE LAST
                VALUE   (LST)  VALUE       VALUE  FROM      YEAR
                                                  NORMAL
..................................................................
TEMPERATURE (F)
 YESTERDAY
  MAXIMUM         77    457 PM 114    1936  84     -7       86
  MINIMUM         57   1157 PM  42    1915  59     -2       64
  AVERAGE         67                        72     -5       75

PRECIPITATION (IN)
  YESTERDAY        T             1.85 1994   0.10  -0.10     0.00
  MONTH TO DATE    1.29                      0.49   0.80     0.01
  SINCE JUN 1      4.84                      3.65   1.19     7.92
  SINCE JAN 1     15.63                      9.67   5.96    14.04

DEGREE DAYS
 HEATING
  YESTERDAY        0                         0      0        0
  MONTH TO DATE    0                         5     -5       10
  SINCE JUN 1     18                        80    -62       85
  SINCE JUL 1      0                         5     -5       10

 COOLING
  YESTERDAY        2                         7     -5       10
  MONTH TO DATE   50                        40     10       35
  SINCE JUN 1    199                       139     60       80
  SINCE JAN 1    215                       155     60      130
..................................................................


WIND (MPH)
  HIGHEST WIND SPEED    17   HIGHEST WIND DIRECTION     N (340)
  HIGHEST GUST SPEED    23   HIGHEST GUST DIRECTION     N (350)
  AVERAGE WIND SPEED     9.9


SKY COVER
  POSSIBLE SUNSHINE  MM
  AVERAGE SKY COVER 0.4


WEATHER CONDITIONS
 THE FOLLOWING WEATHER WAS RECORDED YESTERDAY.
  LIGHT RAIN
  FOG
  HAZE


RELATIVE HUMIDITY (PERCENT)
 HIGHEST    93           100 AM
 LOWEST     46           100 PM
 AVERAGE    70

..........................................................


THE MOBRIDGE SD CLIMATE NORMALS FOR TODAY
                         NORMAL    RECORD    YEAR
 MAXIMUM TEMPERATURE (F)   85       111      1936
 MINIMUM TEMPERATURE (F)   59        44      1915


SUNRISE AND SUNSET
JULY  7 2015..........SUNRISE   600 AM CDT   SUNSET   932 PM CDT
JULY  8 2015..........SUNRISE   601 AM CDT   SUNSET   932 PM CDT


-  INDICATES NEGATIVE NUMBERS.
R  INDICATES RECORD WAS SET OR TIED.
MM INDICATES DATA IS MISSING.
T  INDICATES TRACE AMOUNT.




$$
