000
CDUS43 KABR 171033
CLIMBG


CLIMATE REPORT
NATIONAL WEATHER SERVICE ABERDEEN SD
433 AM CST SAT FEB 17 2018


...................................

...THE MOBRIDGE SD CLIMATE SUMMARY FOR FEBRUARY 16 2018...

CLIMATE NORMAL PERIOD 1981 TO 2010
CLIMATE RECORD PERIOD 1911 TO 2018


WEATHER ITEM   OBSERVED TIME   RECORD YEAR NORMAL DEPARTURE LAST
                VALUE   (LST)  VALUE       VALUE  FROM      YEAR
                                                  NORMAL
..................................................................
TEMPERATURE (F)
 YESTERDAY
  MAXIMUM         27   1011 PM  62    1981  31     -4       47
  MINIMUM         -9    514 AM -39    1936  10    -19       28
  AVERAGE          9                        21    -12       38

PRECIPITATION (IN)
  YESTERDAY        0.00          0.22 1938   0.02  -0.02     0.00
  MONTH TO DATE    0.40                      0.23   0.17     0.07
  SINCE DEC 1      1.00                      0.96   0.04     2.90
  SINCE JAN 1      0.46                      0.52  -0.06     0.60

SNOWFALL (IN)
  YESTERDAY        0.0
  MONTH TO DATE    6.4
  SINCE OCT 1     16.7
  SINCE JUL 1     16.7
  SNOW DEPTH       3

DEGREE DAYS
 HEATING
  YESTERDAY       56                        44     12       27
  MONTH TO DATE  937                       737    200      721
  SINCE DEC 1   3740                      3704     36     3927
  SINCE JUL 1   5241                      5470   -229     5078

 COOLING
  YESTERDAY        0                         0      0        0
  MONTH TO DATE    0                         0      0        0
  SINCE DEC 1      0                         0      0        0
  SINCE JAN 1      0                         0      0        0
..................................................................


WIND (MPH)
  HIGHEST WIND SPEED    17   HIGHEST WIND DIRECTION    SE (150)
  HIGHEST GUST SPEED    20   HIGHEST GUST DIRECTION    SE (150)
  AVERAGE WIND SPEED     8.1


SKY COVER
  POSSIBLE SUNSHINE  MM
  AVERAGE SKY COVER 0.2


WEATHER CONDITIONS
 THE FOLLOWING WEATHER WAS RECORDED YESTERDAY.
  NO SIGNIFICANT WEATHER WAS OBSERVED.


RELATIVE HUMIDITY (PERCENT)
 HIGHEST    83           500 AM
 LOWEST     60           500 PM
 AVERAGE    72

..........................................................


THE MOBRIDGE SD CLIMATE NORMALS FOR TODAY
                         NORMAL    RECORD    YEAR
 MAXIMUM TEMPERATURE (F)   32        63      1954
 MINIMUM TEMPERATURE (F)   10       -26      1936


SUNRISE AND SUNSET
FEBRUARY 17 2018......SUNRISE   740 AM CST   SUNSET   612 PM CST
FEBRUARY 18 2018......SUNRISE   739 AM CST   SUNSET   613 PM CST


-  INDICATES NEGATIVE NUMBERS.
R  INDICATES RECORD WAS SET OR TIED.
MM INDICATES DATA IS MISSING.
T  INDICATES TRACE AMOUNT.




$$
