000
CDUS43 KABR 241046
CLIMBG


CLIMATE REPORT
NATIONAL WEATHER SERVICE ABERDEEN SD
436 AM CST FRI NOV 24 2017


...................................

...THE MOBRIDGE SD CLIMATE SUMMARY FOR NOVEMBER 23 2017...

CLIMATE NORMAL PERIOD 1981 TO 2010
CLIMATE RECORD PERIOD 1911 TO 2017


WEATHER ITEM   OBSERVED TIME   RECORD YEAR NORMAL DEPARTURE LAST
                VALUE   (LST)  VALUE       VALUE  FROM      YEAR
                                                  NORMAL
..................................................................
TEMPERATURE (F)
 YESTERDAY
  MAXIMUM         68    143 PM  70    1914  38     30       38
  MINIMUM         26    220 AM -10    1985  17      9       33
  AVERAGE         47                        28     19       36

PRECIPITATION (IN)
  YESTERDAY        0.00          0.18 1958   0.01  -0.01     0.00
  MONTH TO DATE    0.17                      0.45  -0.28     0.21
  SINCE SEP 1      2.36                      3.49  -1.13     1.32
  SINCE JAN 1     15.06                     17.40  -2.34    18.29

SNOWFALL (IN)
  YESTERDAY        0.0
  MONTH TO DATE    0.4
  SINCE OCT 1      0.4
  SINCE JUL 1      0.4
  SNOW DEPTH       0

DEGREE DAYS
 HEATING
  YESTERDAY       18                        37    -19       29
  MONTH TO DATE  740                       714     26      437
  SINCE SEP 1   1333                      1455   -122      916
  SINCE JUL 1   1339                      1488   -149      930

 COOLING
  YESTERDAY        0                         0      0        0
  MONTH TO DATE    0                         0      0        0
  SINCE SEP 1     80                        63     17       83
  SINCE JAN 1    791                       644    147      961
..................................................................


WIND (MPH)
  HIGHEST WIND SPEED    14   HIGHEST WIND DIRECTION    SE (150)
  HIGHEST GUST SPEED    17   HIGHEST GUST DIRECTION     S (190)
  AVERAGE WIND SPEED     7.1


SKY COVER
  POSSIBLE SUNSHINE  MM
  AVERAGE SKY COVER 0.0


WEATHER CONDITIONS
 THE FOLLOWING WEATHER WAS RECORDED YESTERDAY.
  NO SIGNIFICANT WEATHER WAS OBSERVED.


RELATIVE HUMIDITY (PERCENT)
 HIGHEST    96           800 AM
 LOWEST     44           200 PM
 AVERAGE    70

..........................................................


THE MOBRIDGE SD CLIMATE NORMALS FOR TODAY
                         NORMAL    RECORD    YEAR
 MAXIMUM TEMPERATURE (F)   38        76      1914
 MINIMUM TEMPERATURE (F)   16       -10      2003


SUNRISE AND SUNSET
NOVEMBER 24 2017......SUNRISE   753 AM CST   SUNSET   503 PM CST
NOVEMBER 25 2017......SUNRISE   755 AM CST   SUNSET   503 PM CST


-  INDICATES NEGATIVE NUMBERS.
R  INDICATES RECORD WAS SET OR TIED.
MM INDICATES DATA IS MISSING.
T  INDICATES TRACE AMOUNT.




$$
