000
CDUS43 KABR 201034
CLIMBG


CLIMATE REPORT
NATIONAL WEATHER SERVICE ABERDEEN SD
532 AM CDT SAT SEP 20 2014


...................................

...THE MOBRIDGE SD CLIMATE SUMMARY FOR SEPTEMBER 19 2014...

CLIMATE NORMAL PERIOD 1981 TO 2010
CLIMATE RECORD PERIOD 1911 TO 2014


WEATHER ITEM   OBSERVED TIME   RECORD YEAR NORMAL DEPARTURE LAST
                VALUE   (LST)  VALUE       VALUE  FROM      YEAR
                                                  NORMAL
..................................................................
TEMPERATURE (F)
 YESTERDAY
  MAXIMUM         85    346 PM  98    1914  72     13       65
  MINIMUM         59   1159 PM  24    1991  46     13       50
  AVERAGE         72                        59     13       58

PRECIPITATION (IN)
  YESTERDAY        0.34          1.98 1996   0.06   0.28     0.01
  MONTH TO DATE    0.56                      0.97  -0.41     2.97
  SINCE SEP 1      0.56                      0.97  -0.41     2.97
  SINCE JAN 1     19.88                     14.88   5.00    16.79

DEGREE DAYS
 HEATING
  YESTERDAY        0                         7     -7        7
  MONTH TO DATE  127                        85     42       22
  SINCE SEP 1    127                        85     42       22
  SINCE JUL 1    174                       118     56       35

 COOLING
  YESTERDAY        7                         1      6        0
  MONTH TO DATE   21                        53    -32      106
  SINCE SEP 1     21                        53    -32      106
  SINCE JAN 1    424                       634   -210      690
..................................................................


WIND (MPH)
  HIGHEST WIND SPEED    20   HIGHEST WIND DIRECTION    SW (240)
  HIGHEST GUST SPEED    27   HIGHEST GUST DIRECTION    SW (240)
  AVERAGE WIND SPEED     8.3


SKY COVER
  POSSIBLE SUNSHINE  MM
  AVERAGE SKY COVER 0.0


WEATHER CONDITIONS
 THE FOLLOWING WEATHER WAS RECORDED YESTERDAY.
  THUNDERSTORM
  HEAVY RAIN
  RAIN
  LIGHT RAIN
  FOG
  HAZE


RELATIVE HUMIDITY (PERCENT)
 HIGHEST   100           600 AM
 LOWEST     37           300 PM
 AVERAGE    69

..........................................................


THE MOBRIDGE SD CLIMATE NORMALS FOR TODAY
                         NORMAL    RECORD    YEAR
 MAXIMUM TEMPERATURE (F)   72        95      1960
 MINIMUM TEMPERATURE (F)   46        25      1918


SUNRISE AND SUNSET
SEPTEMBER 20 2014.....SUNRISE   726 AM CDT   SUNSET   743 PM CDT
SEPTEMBER 21 2014.....SUNRISE   727 AM CDT   SUNSET   741 PM CDT


-  INDICATES NEGATIVE NUMBERS.
R  INDICATES RECORD WAS SET OR TIED.
MM INDICATES DATA IS MISSING.
T  INDICATES TRACE AMOUNT.




$$
