000
CDUS43 KABR 261029
CLIMBG


CLIMATE REPORT
NATIONAL WEATHER SERVICE ABERDEEN SD
429 AM CST MON JAN 26 2015


...................................

...THE MOBRIDGE SD CLIMATE SUMMARY FOR JANUARY 25 2015...

CLIMATE NORMAL PERIOD 1981 TO 2010
CLIMATE RECORD PERIOD 1911 TO 2015


WEATHER ITEM   OBSERVED TIME   RECORD YEAR NORMAL DEPARTURE LAST
                VALUE   (LST)  VALUE       VALUE  FROM      YEAR
                                                  NORMAL
..................................................................
TEMPERATURE (F)
 YESTERDAY
  MAXIMUM         41    421 PM  57    2002  27     14       45
  MINIMUM         33   1137 PM -36    1929   7     26       20
  AVERAGE         37                        16     21       33

PRECIPITATION (IN)
  YESTERDAY        0.00          0.40 1913   0.01  -0.01      T
  MONTH TO DATE    0.31                      0.24   0.07     0.07
  SINCE DEC 1      0.73                      0.68   0.05     0.83
  SINCE JAN 1      0.31                      0.24   0.07     0.07

SNOWFALL (IN)
  YESTERDAY        0.0
  MONTH TO DATE    4.3
  SINCE OCT 1     14.6
  SINCE JUL 1     14.6
  SNOW DEPTH       0

DEGREE DAYS
 HEATING
  YESTERDAY       28                        48    -20       32
  MONTH TO DATE 1140                      1224    -84     1184
  SINCE DEC 1   2423                      2674   -251     2874
  SINCE JUL 1   4248                      4440   -192     4682

 COOLING
  YESTERDAY        0                         0      0        0
  MONTH TO DATE    0                         0      0        0
  SINCE DEC 1      0                         0      0        0
  SINCE JAN 1      0                         0      0        0
..................................................................


WIND (MPH)
  HIGHEST WIND SPEED    21   HIGHEST WIND DIRECTION    NW (320)
  HIGHEST GUST SPEED    27   HIGHEST GUST DIRECTION    NW (320)
  AVERAGE WIND SPEED     8.7


SKY COVER
  POSSIBLE SUNSHINE  MM
  AVERAGE SKY COVER 0.8


WEATHER CONDITIONS
 THE FOLLOWING WEATHER WAS RECORDED YESTERDAY.
  FOG


RELATIVE HUMIDITY (PERCENT)
 HIGHEST    92          1200 AM
 LOWEST     70           100 PM
 AVERAGE    81

..........................................................


THE MOBRIDGE SD CLIMATE NORMALS FOR TODAY
                         NORMAL    RECORD    YEAR
 MAXIMUM TEMPERATURE (F)   27        57      1947
 MINIMUM TEMPERATURE (F)    7       -33      1950


SUNRISE AND SUNSET
JANUARY 26 2015.......SUNRISE   810 AM CST   SUNSET   539 PM CST
JANUARY 27 2015.......SUNRISE   809 AM CST   SUNSET   541 PM CST


-  INDICATES NEGATIVE NUMBERS.
R  INDICATES RECORD WAS SET OR TIED.
MM INDICATES DATA IS MISSING.
T  INDICATES TRACE AMOUNT.




$$
