000
CDUS43 KABR 241046
CLIMBG


CLIMATE REPORT
NATIONAL WEATHER SERVICE ABERDEEN SD
543 AM CDT SUN SEP 24 2017


...................................

...THE MOBRIDGE SD CLIMATE SUMMARY FOR SEPTEMBER 23 2017...

CLIMATE NORMAL PERIOD 1981 TO 2010
CLIMATE RECORD PERIOD 1911 TO 2017


WEATHER ITEM   OBSERVED TIME   RECORD YEAR NORMAL DEPARTURE LAST
                VALUE   (LST)  VALUE       VALUE  FROM      YEAR
                                                  NORMAL
..................................................................
TEMPERATURE (F)
 YESTERDAY
  MAXIMUM         57    311 PM  97    1958  71    -14       72
  MINIMUM         51    813 AM  25    1942  44      7       58
  AVERAGE         54                        57     -3       65

PRECIPITATION (IN)
  YESTERDAY        0.41          1.43 1941   0.05   0.36     0.28
  MONTH TO DATE    1.24                      1.18   0.06     0.60
  SINCE SEP 1      1.24                      1.18   0.06     0.60
  SINCE JAN 1     13.94                     15.09  -1.15    17.57

DEGREE DAYS
 HEATING
  YESTERDAY       11                         9      2        0
  MONTH TO DATE   82                       117    -35       61
  SINCE SEP 1     82                       117    -35       61
  SINCE JUL 1     88                       150    -62       75

 COOLING
  YESTERDAY        0                         1     -1        0
  MONTH TO DATE   75                        57     18       65
  SINCE SEP 1     75                        57     18       65
  SINCE JAN 1    786                       638    148      943
..................................................................


WIND (MPH)
  HIGHEST WIND SPEED    22   HIGHEST WIND DIRECTION    NE (40)
  HIGHEST GUST SPEED    26   HIGHEST GUST DIRECTION    NE (40)
  AVERAGE WIND SPEED    10.6


SKY COVER
  POSSIBLE SUNSHINE  MM
  AVERAGE SKY COVER 1.0


WEATHER CONDITIONS
 THE FOLLOWING WEATHER WAS RECORDED YESTERDAY.
  RAIN
  LIGHT RAIN
  FOG
  HAZE


RELATIVE HUMIDITY (PERCENT)
 HIGHEST    93           600 PM
 LOWEST     67           100 PM
 AVERAGE    80

..........................................................


THE MOBRIDGE SD CLIMATE NORMALS FOR TODAY
                         NORMAL    RECORD    YEAR
 MAXIMUM TEMPERATURE (F)   70        93      1992
 MINIMUM TEMPERATURE (F)   44        24      1942


SUNRISE AND SUNSET
SEPTEMBER 24 2017.....SUNRISE   731 AM CDT   SUNSET   735 PM CDT
SEPTEMBER 25 2017.....SUNRISE   733 AM CDT   SUNSET   733 PM CDT


-  INDICATES NEGATIVE NUMBERS.
R  INDICATES RECORD WAS SET OR TIED.
MM INDICATES DATA IS MISSING.
T  INDICATES TRACE AMOUNT.




$$
