000
CDUS43 KABR 262328
CLIMBG


CLIMATE REPORT
NATIONAL WEATHER SERVICE ABERDEEN SD
527 PM CST FRI DEC 26 2014


...................................

...THE MOBRIDGE SD CLIMATE SUMMARY FOR DECEMBER 26 2014...
VALID TODAY AS OF 0500 PM LOCAL TIME.

CLIMATE NORMAL PERIOD 1981 TO 2010
CLIMATE RECORD PERIOD 1911 TO 2014


WEATHER ITEM   OBSERVED TIME   RECORD YEAR NORMAL DEPARTURE LAST
                VALUE   (LST)  VALUE       VALUE  FROM      YEAR
                                                  NORMAL
..................................................................
TEMPERATURE (F)
 TODAY
  MAXIMUM         27   1222 AM  53    1956  26      1       36
  MINIMUM         18    459 PM -27    1933   6     12       21
  AVERAGE         23                        16      7       29

PRECIPITATION (IN)
  TODAY            T             0.32 1988   0.02  -0.02      T
  MONTH TO DATE    0.42                      0.33   0.09     0.54
  SINCE DEC 1      0.42                      0.33   0.09     0.54
  SINCE JAN 1     21.81                     17.76   4.05    23.46

SNOWFALL (IN)
  TODAY            T
  MONTH TO DATE    2.5
  SINCE OCT 1     10.0
  SINCE JUL 1     10.0
  SNOW DEPTH       2

DEGREE DAYS
 HEATING
  TODAY           42                        49     -7       36
  MONTH TO DATE  983                      1204   -221     1425
  SINCE DEC 1    983                      1204   -221     1425
  SINCE JUL 1   2808                      2970   -162     3233

 COOLING
  TODAY            0                         0      0        0
  MONTH TO DATE    0                         0      0        0
  SINCE DEC 1      0                         0      0        0
  SINCE JAN 1    471                       644   -173      700
..................................................................


WIND (MPH)
  HIGHEST WIND SPEED    16   HIGHEST WIND DIRECTION     N (360)
  HIGHEST GUST SPEED    20   HIGHEST GUST DIRECTION     N (360)
  AVERAGE WIND SPEED    10.1


SKY COVER
  POSSIBLE SUNSHINE  MM
  AVERAGE SKY COVER 1.0


WEATHER CONDITIONS
 THE FOLLOWING WEATHER WAS RECORDED TODAY.
  LIGHT SNOW
  HAZE


RELATIVE HUMIDITY (PERCENT)
 HIGHEST    88           400 AM
 LOWEST     62           100 PM
 AVERAGE    75

..........................................................


THE MOBRIDGE SD CLIMATE NORMALS FOR TOMORROW
                         NORMAL    RECORD    YEAR
 MAXIMUM TEMPERATURE (F)   26        57      1928
 MINIMUM TEMPERATURE (F)    6       -19      1933


SUNRISE AND SUNSET
DECEMBER 26 2014......SUNRISE   821 AM CST   SUNSET   504 PM CST
DECEMBER 27 2014......SUNRISE   821 AM CST   SUNSET   504 PM CST


-  INDICATES NEGATIVE NUMBERS.
R  INDICATES RECORD WAS SET OR TIED.
MM INDICATES DATA IS MISSING.
T  INDICATES TRACE AMOUNT.




$$
