000
CDUS43 KABR 302233
CLIMBG


CLIMATE REPORT
NATIONAL WEATHER SERVICE ABERDEEN SD
533 PM CDT MON MAR 30 2015


...................................

...THE MOBRIDGE SD CLIMATE SUMMARY FOR MARCH 30 2015...
VALID TODAY AS OF 0500 PM LOCAL TIME.

CLIMATE NORMAL PERIOD 1981 TO 2010
CLIMATE RECORD PERIOD 1911 TO 2015


WEATHER ITEM   OBSERVED TIME   RECORD YEAR NORMAL DEPARTURE LAST
                VALUE   (LST)  VALUE       VALUE  FROM      YEAR
                                                  NORMAL
..................................................................
TEMPERATURE (F)
 TODAY
  MAXIMUM         72    320 PM  77    1943  50     22       60
  MINIMUM         33    500 AM   2    1969  27      6       27
  AVERAGE         53                        38     15       44

PRECIPITATION (IN)
  TODAY            0.00          0.98 2007   0.05  -0.05     0.00
  MONTH TO DATE    0.17                      0.86  -0.69     0.36
  SINCE MAR 1      0.17                      0.86  -0.69     0.36
  SINCE JAN 1      0.97                      1.59  -0.62     0.97

SNOWFALL (IN)
  TODAY            0.0
  MONTH TO DATE    T
  SINCE OCT 1     18.7
  SINCE JUL 1     18.7
  SNOW DEPTH       0

DEGREE DAYS
 HEATING
  TODAY           12                        27    -15       21
  MONTH TO DATE  799                      1001   -202     1102
  SINCE MAR 1    799                      1001   -202     1102
  SINCE JUL 1   6558                      6976   -418     7642

 COOLING
  TODAY            0                         0      0        0
  MONTH TO DATE    0                         0      0        0
  SINCE MAR 1      0                         0      0        0
  SINCE JAN 1      0                         0      0        0
..................................................................


WIND (MPH)
  HIGHEST WIND SPEED    28   HIGHEST WIND DIRECTION    NW (330)
  HIGHEST GUST SPEED    35   HIGHEST GUST DIRECTION    NW (310)
  AVERAGE WIND SPEED    11.4


SKY COVER
  POSSIBLE SUNSHINE  MM
  AVERAGE SKY COVER 0.0


WEATHER CONDITIONS
 THE FOLLOWING WEATHER WAS RECORDED TODAY.
  NO SIGNIFICANT WEATHER WAS OBSERVED.


RELATIVE HUMIDITY (PERCENT)
 HIGHEST    82           500 AM
 LOWEST     20           400 PM
 AVERAGE    51

..........................................................


THE MOBRIDGE SD CLIMATE NORMALS FOR TOMORROW
                         NORMAL    RECORD    YEAR
 MAXIMUM TEMPERATURE (F)   50        78      2003
                                             1963
 MINIMUM TEMPERATURE (F)   27         4      1975


SUNRISE AND SUNSET
MARCH 30 2015.........SUNRISE   726 AM CDT   SUNSET   807 PM CDT
MARCH 31 2015.........SUNRISE   724 AM CDT   SUNSET   808 PM CDT


-  INDICATES NEGATIVE NUMBERS.
R  INDICATES RECORD WAS SET OR TIED.
MM INDICATES DATA IS MISSING.
T  INDICATES TRACE AMOUNT.




$$
