000
CDUS43 KDTX 220537
CLIMBS


CLIMATE REPORT
NATIONAL WEATHER SERVICE DETROIT/PONTIAC MI
1237 AM EST SAT NOV 22 2014


...................................

...THE  TRI CITIES MI CLIMATE SUMMARY FOR NOVEMBER 21 2014...

CLIMATE NORMAL PERIOD 1981 TO 2010
CLIMATE RECORD PERIOD 1898 TO 2014


WEATHER ITEM   OBSERVED TIME   NORMAL DEPARTURE
                VALUE   (LST)  VALUE  FROM
                                      NORMAL
...................................................
TEMPERATURE (F)
 YESTERDAY
  MAXIMUM         27    356 PM  43    -16
  MINIMUM          8    725 AM  30    -22
  AVERAGE         18            36    -18

PRECIPITATION (IN)
  YESTERDAY        0.00          0.09  -0.09
  MONTH TO DATE    0.48          1.96  -1.48
  SINCE SEP 1      6.56          8.42  -1.86
  SINCE JAN 1     28.67         28.94  -0.27

SNOWFALL (IN)
  YESTERDAY        0.0
  MONTH TO DATE    2.5
  SINCE SEP 1      2.5
  SINCE JUL 1      2.5
  SNOW DEPTH       2

DEGREE DAYS
 HEATING
  YESTERDAY       47                   18
  MONTH TO DATE  643                  125
  SINCE SEP 1   1208                   51
  SINCE JUL 1   1234                   37

 COOLING
  YESTERDAY        0                    0
  MONTH TO DATE    0                    0
  SINCE SEP 1     54                    1
  SINCE JAN 1    539                  -18
...................................................


WIND (MPH)
  HIGHEST WIND SPEED    18   HIGHEST WIND DIRECTION    SW (220)
  HIGHEST GUST SPEED    25   HIGHEST GUST DIRECTION     S (200)
  AVERAGE WIND SPEED    10.3




RELATIVE HUMIDITY (PERCENT)
 HIGHEST    84
 LOWEST     50
 AVERAGE    67

..........................................................


THE  TRI CITIES MI CLIMATE NORMALS FOR TODAY
                         NORMAL
 MAXIMUM TEMPERATURE (F)   43
 MINIMUM TEMPERATURE (F)   29


SUNRISE AND SUNSET
NOVEMBER 22 2014......SUNRISE   739 AM EST   SUNSET   506 PM EST
NOVEMBER 23 2014......SUNRISE   740 AM EST   SUNSET   505 PM EST


-  INDICATES NEGATIVE NUMBERS.
R  INDICATES RECORD WAS SET OR TIED.
MM INDICATES DATA IS MISSING.
T  INDICATES TRACE AMOUNT.




$$
