000
CDUS43 KDTX 310535
CLIMBS


CLIMATE REPORT
NATIONAL WEATHER SERVICE DETROIT/PONTIAC MI
135 AM EDT MON AUG 31 2015


...................................

...THE TRI CITIES MI CLIMATE SUMMARY FOR AUGUST 30 2015...

CLIMATE NORMAL PERIOD 1981 TO 2010
CLIMATE RECORD PERIOD 1898 TO 2015


WEATHER ITEM   OBSERVED TIME   NORMAL DEPARTURE LAST
                VALUE   (LST)  VALUE  FROM      YEAR
                                      NORMAL
......................................................
TEMPERATURE (F)
 YESTERDAY
  MAXIMUM         78    544 PM  78      0       83
  MINIMUM         65    210 AM  56      9       69
  AVERAGE         72            67      5

PRECIPITATION (IN)
  YESTERDAY        0.00          0.11  -0.11
  MONTH TO DATE    5.50          3.19   2.31
  SINCE JUN 1     11.96          8.75   3.21
  SINCE JAN 1     20.60         20.40   0.20

SNOWFALL (IN)
  YESTERDAY        0.0
  MONTH TO DATE    0.0
  SINCE JUN 1      0.0
  SINCE JUL 1      0.0
  SNOW DEPTH       0

DEGREE DAYS
 HEATING
  YESTERDAY        0                   -2
  MONTH TO DATE    9                  -20
  SINCE JUN 1     58                  -43
  SINCE JUL 1     18                  -24

 COOLING
  YESTERDAY        7                    4
  MONTH TO DATE  173                   29
  SINCE JUN 1    517                   51
  SINCE JAN 1    581                   79
......................................................


WIND (MPH)
  HIGHEST WIND SPEED     9   HIGHEST WIND DIRECTION     W (270)
  HIGHEST GUST SPEED    10   HIGHEST GUST DIRECTION     W (270)
  AVERAGE WIND SPEED     3.5



WEATHER CONDITIONS
 THE FOLLOWING WEATHER WAS RECORDED YESTERDAY.
  FOG
  HAZE


RELATIVE HUMIDITY (PERCENT)
 HIGHEST    93
 LOWEST     67
 AVERAGE    80

..........................................................


THE TRI CITIES MI CLIMATE NORMALS FOR TODAY
                         NORMAL
 MAXIMUM TEMPERATURE (F)   77
 MINIMUM TEMPERATURE (F)   56


SUNRISE AND SUNSET
AUGUST 31 2015........SUNRISE   659 AM EDT   SUNSET   814 PM EDT
SEPTEMBER  1 2015.....SUNRISE   700 AM EDT   SUNSET   812 PM EDT


-  INDICATES NEGATIVE NUMBERS.
R  INDICATES RECORD WAS SET OR TIED.
MM INDICATES DATA IS MISSING.
T  INDICATES TRACE AMOUNT.




$$
