000
CDUS43 KDTX 200537
CLIMBS


CLIMATE REPORT
NATIONAL WEATHER SERVICE DETROIT/PONTIAC MI
137 AM EDT SUN APR 20 2014


...................................

...THE  TRI CITIES MI CLIMATE SUMMARY FOR APRIL 19 2014...

CLIMATE NORMAL PERIOD 1981 TO 2010
CLIMATE RECORD PERIOD 1898 TO 2014


WEATHER ITEM   OBSERVED TIME   NORMAL DEPARTURE
                VALUE   (LST)  VALUE  FROM
                                      NORMAL
...................................................
TEMPERATURE (F)
 YESTERDAY
  MAXIMUM         53    337 PM  58     -5
  MINIMUM         30    605 AM  37     -7
  AVERAGE         42            48     -6

PRECIPITATION (IN)
  YESTERDAY        0.00          0.10  -0.10
  MONTH TO DATE    2.60          1.80   0.80
  SINCE MAR 1      3.63          3.86  -0.23
  SINCE JAN 1      7.41          7.18   0.23

SNOWFALL (IN)
  YESTERDAY        0.0
  MONTH TO DATE    1.4
  SINCE MAR 1      7.2
  SINCE JUL 1     60.3
  SNOW DEPTH       0

DEGREE DAYS
 HEATING
  YESTERDAY       23                    5
  MONTH TO DATE  393                  -10
  SINCE MAR 1   1616                  244
  SINCE JUL 1   7208                  737

 COOLING
  YESTERDAY        0                    0
  MONTH TO DATE    0                    0
  SINCE MAR 1      0                    0
  SINCE JAN 1      0                    0
...................................................


WIND (MPH)
  HIGHEST WIND SPEED    17   HIGHEST WIND DIRECTION    NE (40)
  HIGHEST GUST SPEED    20   HIGHEST GUST DIRECTION    NE (30)
  AVERAGE WIND SPEED     9.2




RELATIVE HUMIDITY (PERCENT)
 HIGHEST    85
 LOWEST     53
 AVERAGE    69

..........................................................


THE  TRI CITIES MI CLIMATE NORMALS FOR TODAY
                         NORMAL
 MAXIMUM TEMPERATURE (F)   58
 MINIMUM TEMPERATURE (F)   38


SUNRISE AND SUNSET
APRIL 20 2014.........SUNRISE   646 AM EDT   SUNSET   826 PM EDT
APRIL 21 2014.........SUNRISE   644 AM EDT   SUNSET   827 PM EDT


-  INDICATES NEGATIVE NUMBERS.
R  INDICATES RECORD WAS SET OR TIED.
MM INDICATES DATA IS MISSING.
T  INDICATES TRACE AMOUNT.




$$
