000
CDUS43 KDTX 250539
CLIMBS


CLIMATE REPORT
NATIONAL WEATHER SERVICE DETROIT/PONTIAC MI
138 AM EDT WED MAY 25 2016


...................................

...THE TRI CITIES MI CLIMATE SUMMARY FOR MAY 24 2016...

CLIMATE NORMAL PERIOD 1981 TO 2010
CLIMATE RECORD PERIOD 1898 TO 2016


WEATHER ITEM   OBSERVED TIME   NORMAL DEPARTURE LAST
                VALUE   (LST)  VALUE  FROM      YEAR
                                      NORMAL
......................................................
TEMPERATURE (F)
 YESTERDAY
  MAXIMUM         87    411 PM  71     16       80
  MINIMUM         55    502 AM  49      6       55
  AVERAGE         71            60     11

PRECIPITATION (IN)
  YESTERDAY        T             0.11  -0.11
  MONTH TO DATE    1.67          2.66  -0.99
  SINCE MAR 1      7.48          7.61  -0.13
  SINCE JAN 1     11.40         10.93   0.47

SNOWFALL (IN)
  YESTERDAY        0.0
  MONTH TO DATE    0.0
  SINCE MAR 1     16.5
  SINCE JUL 1     50.2
  SNOW DEPTH       0

DEGREE DAYS
 HEATING
  YESTERDAY        0                   -7
  MONTH TO DATE  214                  -21
  SINCE MAR 1   1634                 -142
  SINCE JUL 1   5647                -1228

 COOLING
  YESTERDAY        6                    4
  MONTH TO DATE    8                   -9
  SINCE MAR 1      9                  -12
  SINCE JAN 1      9                  -12
......................................................


WIND (MPH)
  HIGHEST WIND SPEED    20   HIGHEST WIND DIRECTION     W (270)
  HIGHEST GUST SPEED    24   HIGHEST GUST DIRECTION     W (270)
  AVERAGE WIND SPEED     8.6



WEATHER CONDITIONS
 THE FOLLOWING WEATHER WAS RECORDED YESTERDAY.
  LIGHT RAIN


RELATIVE HUMIDITY (PERCENT)
 HIGHEST    59
 LOWEST     25
 AVERAGE    42

..........................................................


THE TRI CITIES MI CLIMATE NORMALS FOR TODAY
                         NORMAL
 MAXIMUM TEMPERATURE (F)   71
 MINIMUM TEMPERATURE (F)   50


SUNRISE AND SUNSET
MAY 25 2016...........SUNRISE   602 AM EDT   SUNSET   905 PM EDT
MAY 26 2016...........SUNRISE   601 AM EDT   SUNSET   906 PM EDT


-  INDICATES NEGATIVE NUMBERS.
R  INDICATES RECORD WAS SET OR TIED.
MM INDICATES DATA IS MISSING.
T  INDICATES TRACE AMOUNT.




$$
