000
CDUS43 KDTX 280538
CLIMBS


CLIMATE REPORT
NATIONAL WEATHER SERVICE DETROIT/PONTIAC MI
138 AM EDT MON JUL 28 2014


...................................

...THE  TRI CITIES MI CLIMATE SUMMARY FOR JULY 27 2014...

CLIMATE NORMAL PERIOD 1981 TO 2010
CLIMATE RECORD PERIOD 1898 TO 2014


WEATHER ITEM   OBSERVED TIME   NORMAL DEPARTURE
                VALUE   (LST)  VALUE  FROM
                                      NORMAL
...................................................
TEMPERATURE (F)
 YESTERDAY
  MAXIMUM         80    216 PM  81     -1
  MINIMUM         62    547 AM  60      2
  AVERAGE         71            71      0

PRECIPITATION (IN)
  YESTERDAY        0.34          0.09   0.25
  MONTH TO DATE    3.31          2.23   1.08
  SINCE JUN 1      5.68          5.21   0.47
  SINCE JAN 1     17.27         16.86   0.41

SNOWFALL (IN)
  YESTERDAY        0.0
  MONTH TO DATE    0.0
  SINCE JUN 1      0.0
  SINCE JUL 1      0.0
  SNOW DEPTH       0

DEGREE DAYS
 HEATING
  YESTERDAY        0                    0
  MONTH TO DATE   10                    8
  SINCE JUN 1     24                  -37
  SINCE JUL 1     10                    8

 COOLING
  YESTERDAY        6                    0
  MONTH TO DATE  122                  -54
  SINCE JUN 1    283                  -17
  SINCE JAN 1    327                   -9
...................................................


WIND (MPH)
  HIGHEST WIND SPEED    38   HIGHEST WIND DIRECTION     N (350)
  HIGHEST GUST SPEED    47   HIGHEST GUST DIRECTION     N (350)
  AVERAGE WIND SPEED     9.5




RELATIVE HUMIDITY (PERCENT)
 HIGHEST    93
 LOWEST     66
 AVERAGE    80

..........................................................


THE  TRI CITIES MI CLIMATE NORMALS FOR TODAY
                         NORMAL
 MAXIMUM TEMPERATURE (F)   81
 MINIMUM TEMPERATURE (F)   60


SUNRISE AND SUNSET
JULY 28 2014..........SUNRISE   622 AM EDT   SUNSET   903 PM EDT
JULY 29 2014..........SUNRISE   623 AM EDT   SUNSET   902 PM EDT


-  INDICATES NEGATIVE NUMBERS.
R  INDICATES RECORD WAS SET OR TIED.
MM INDICATES DATA IS MISSING.
T  INDICATES TRACE AMOUNT.




$$
