000
CDUS46 KHNX 190023
CLIMCE


CLIMATE REPORT
NATIONAL WEATHER SERVICE SAN JOAQUIN VALLEY, CA
523 PM PDT WED OCT 18 2017


...................................

...THE MERCED  CA CLIMATE SUMMARY FOR OCTOBER 18 2017...
VALID AS OF 0400 PM LOCAL TIME.

CLIMATE NORMAL PERIOD 1981 TO 2010
CLIMATE RECORD PERIOD 1998 TO 2017


WEATHER ITEM   OBSERVED TIME   RECORD YEAR NORMAL DEPARTURE LAST
                VALUE   (LST)  VALUE       VALUE  FROM      YEAR
                                                  NORMAL
..................................................................
TEMPERATURE (F)
 TODAY
  MAXIMUM         83    250 PM  92    2012  78      5       72
  MINIMUM         44    626 AM  40    1998  48     -4       49
  AVERAGE         64                        63      1       61

PRECIPITATION (IN)
  TODAY            0.00          0.28 2004   0.02  -0.02     0.00
  MONTH TO DATE    0.00                      0.28  -0.28     0.21
  SINCE OCT 1      0.00                      0.28  -0.28     0.21
  SINCE JAN 1     11.82                      9.27   2.55    11.15

SNOWFALL (IN)
  TODAY            0.0
  MONTH TO DATE    0.0
  SINCE SEP 1      0.0
  SINCE JUL 1      0.0
  SNOW DEPTH       0

DEGREE DAYS
 HEATING
  TODAY            1                                         4
  MONTH TO DATE   45                                        34
  SINCE SEP 1     54                                        43
  SINCE JUL 1     54                                        43

 COOLING
  TODAY            0                                         0
  MONTH TO DATE    7                                        23
  SINCE SEP 1    288                                       250
  SINCE JAN 1   1824                                      1643
..................................................................


WIND (MPH)
  HIGHEST WIND SPEED    15   HIGHEST WIND DIRECTION    NE (30)
  HIGHEST GUST SPEED    42   HIGHEST GUST DIRECTION    NW (330)
  AVERAGE WIND SPEED     3.3




RELATIVE HUMIDITY (PERCENT)
 HIGHEST    83
 LOWEST     14
 AVERAGE    49

..........................................................


THE MERCED  CA CLIMATE NORMALS FOR TOMORROW
                         NORMAL    RECORD    YEAR
 MAXIMUM TEMPERATURE (F)   77        86      2003
 MINIMUM TEMPERATURE (F)   48        40      1998


SUNRISE AND SUNSET
OCTOBER 18 2017.......SUNRISE   713 AM PDT   SUNSET   621 PM PDT
OCTOBER 19 2017.......SUNRISE   714 AM PDT   SUNSET   620 PM PDT


-  INDICATES NEGATIVE NUMBERS.
R  INDICATES RECORD WAS SET OR TIED.
MM INDICATES DATA IS MISSING.
T  INDICATES TRACE AMOUNT.




$$
