000
CDUS46 KHNX 020022
CLIMCE


CLIMATE REPORT
NATIONAL WEATHER SERVICE SAN JOAQUIN VALLEY, CA
420 PM PST SUN MAR 1 2015


...................................

...THE MERCED  CA CLIMATE SUMMARY FOR MARCH 1 2015...
VALID AS OF 0400 PM LOCAL TIME.

CLIMATE NORMAL PERIOD 1981 TO 2010
CLIMATE RECORD PERIOD 1998 TO 2015


WEATHER ITEM   OBSERVED TIME   RECORD YEAR NORMAL DEPARTURE LAST
                VALUE   (LST)  VALUE       VALUE  FROM      YEAR
                                                  NORMAL
..................................................................
TEMPERATURE (F)
 TODAY
  MAXIMUM         MM        MM  74    2013  63     MM       67
  MINIMUM         MM        MM  31    2011  41     MM       50
  AVERAGE         MM                        52     MM       59

PRECIPITATION (IN)
  TODAY            T             0.39 2004   0.11  -0.11     0.01
  MONTH TO DATE    T                         0.11  -0.11     0.01
  SINCE OCT 1      5.82                      8.57  -2.75     2.98
  SINCE JAN 1      1.07                      5.06  -3.99     1.97

SNOWFALL (IN)
  TODAY            0.0
  MONTH TO DATE    0.0
  SINCE MAR 1      0.0
  SINCE JUL 1      0.0
  SNOW DEPTH       0

DEGREE DAYS
 HEATING
  TODAY           MM                                         6
  MONTH TO DATE   MM                                         6
  SINCE MAR 1     MM                                         6
  SINCE JUL 1   1464                                      1875

 COOLING
  TODAY           MM                                         0
  MONTH TO DATE   MM                                         0
  SINCE MAR 1     MM                                         0
  SINCE JAN 1      0                                         0
..................................................................


WIND (MPH)
  HIGHEST WIND SPEED     8   HIGHEST WIND DIRECTION    NW (320)
  HIGHEST GUST SPEED    MM   HIGHEST GUST DIRECTION    MM
  AVERAGE WIND SPEED     1.9




RELATIVE HUMIDITY (PERCENT)
 HIGHEST    MM
 LOWEST     MM
 AVERAGE    MM

..........................................................


THE MERCED  CA CLIMATE NORMALS FOR TOMORROW
                         NORMAL    RECORD    YEAR
 MAXIMUM TEMPERATURE (F)   64        76      2013
 MINIMUM TEMPERATURE (F)   41        33      2002


SUNRISE AND SUNSET
MARCH  1 2015.........SUNRISE   634 AM PST   SUNSET   556 PM PST
MARCH  2 2015.........SUNRISE   632 AM PST   SUNSET   557 PM PST


-  INDICATES NEGATIVE NUMBERS.
R  INDICATES RECORD WAS SET OR TIED.
MM INDICATES DATA IS MISSING.
T  INDICATES TRACE AMOUNT.




$$
