000
CDUS46 KHNX 010023
CLIMCE


CLIMATE REPORT
NATIONAL WEATHER SERVICE SAN JOAQUIN VALLEY, CA
522 PM PDT SUN APR 30 2017


...................................

...THE MERCED  CA CLIMATE SUMMARY FOR APRIL 30 2017...
VALID AS OF 0400 PM LOCAL TIME.

CLIMATE NORMAL PERIOD 1981 TO 2010
CLIMATE RECORD PERIOD 1998 TO 2017


WEATHER ITEM   OBSERVED TIME   RECORD YEAR NORMAL DEPARTURE LAST
                VALUE   (LST)  VALUE       VALUE  FROM      YEAR
                                                  NORMAL
..................................................................
TEMPERATURE (F)
 TODAY
  MAXIMUM         85    336 PM  94    2014  78      7       81
  MINIMUM         45    405 AM  40    2003  48     -3       53
  AVERAGE         65                        63      2       67

PRECIPITATION (IN)
  TODAY            0.00          T    2009   0.03  -0.03      T
                                      2009
                                      2016
  MONTH TO DATE    1.15                      0.95   0.20     3.59
  SINCE OCT 1     15.79                     11.48   4.31    14.55
  SINCE JAN 1     11.56                      7.97   3.59    10.83

SNOWFALL (IN)
  TODAY            0.0
  MONTH TO DATE    0.0
  SINCE MAR 1      0.0
  SINCE JUL 1      0.0
  SNOW DEPTH       0

DEGREE DAYS
 HEATING
  TODAY            0                                         0
  MONTH TO DATE  173                                        89
  SINCE MAR 1    463                                       339
  SINCE JUL 1   2333                                      2236

 COOLING
  TODAY            0                                         2
  MONTH TO DATE    0                                        29
  SINCE MAR 1      0                                        29
  SINCE JAN 1      0                                        29
..................................................................


WIND (MPH)
  HIGHEST WIND SPEED    16   HIGHEST WIND DIRECTION    NW (330)
  HIGHEST GUST SPEED    22   HIGHEST GUST DIRECTION    NW (330)
  AVERAGE WIND SPEED     4.5




RELATIVE HUMIDITY (PERCENT)
 HIGHEST    86
 LOWEST     20
 AVERAGE    53

..........................................................


THE MERCED  CA CLIMATE NORMALS FOR TOMORROW
                         NORMAL    RECORD    YEAR
 MAXIMUM TEMPERATURE (F)   78        96      2014
 MINIMUM TEMPERATURE (F)   48        39      2011


SUNRISE AND SUNSET
APRIL 30 2017.........SUNRISE   608 AM PDT   SUNSET   751 PM PDT
MAY  1 2017...........SUNRISE   607 AM PDT   SUNSET   752 PM PDT


-  INDICATES NEGATIVE NUMBERS.
R  INDICATES RECORD WAS SET OR TIED.
MM INDICATES DATA IS MISSING.
T  INDICATES TRACE AMOUNT.




$$
