000
CDUS46 KHNX 170023
CLIMCE


CLIMATE REPORT
NATIONAL WEATHER SERVICE SAN JOAQUIN VALLEY, CA
422 PM PST SAT DEC 16 2017


...................................

...THE MERCED  CA CLIMATE SUMMARY FOR DECEMBER 16 2017...
VALID AS OF 0400 PM LOCAL TIME.

CLIMATE NORMAL PERIOD 1981 TO 2010
CLIMATE RECORD PERIOD 1998 TO 2017


WEATHER ITEM   OBSERVED TIME   RECORD YEAR NORMAL DEPARTURE LAST
                VALUE   (LST)  VALUE       VALUE  FROM      YEAR
                                                  NORMAL
..................................................................
TEMPERATURE (F)
 TODAY
  MAXIMUM         65R   225 PM  63    2014  53     12       56
  MINIMUM         45    136 AM  25    2007  36      9       37
  AVERAGE         55                        44     11       47

PRECIPITATION (IN)
  TODAY            0.00          1.36 2002   0.05  -0.05     0.04
  MONTH TO DATE    0.00                      0.58  -0.58     1.40
  SINCE OCT 1      1.03                      2.57  -1.54     3.72
  SINCE JAN 1     12.85                     11.56   1.29    14.66

SNOWFALL (IN)
  TODAY            0.0
  MONTH TO DATE    0.0
  SINCE DEC 1      0.0
  SINCE JUL 1      0.0
  SNOW DEPTH       0

DEGREE DAYS
 HEATING
  TODAY           10                                        18
  MONTH TO DATE  264                                       255
  SINCE DEC 1    264                                       255
  SINCE JUL 1    618                                       600

 COOLING
  TODAY            0                                         0
  MONTH TO DATE    0                                         0
  SINCE DEC 1      0                                         0
  SINCE JAN 1   1843                                      1649
..................................................................


WIND (MPH)
  HIGHEST WIND SPEED    30   HIGHEST WIND DIRECTION     N (340)
  HIGHEST GUST SPEED    41   HIGHEST GUST DIRECTION     N (340)
  AVERAGE WIND SPEED    16.2




RELATIVE HUMIDITY (PERCENT)
 HIGHEST    77
 LOWEST     20
 AVERAGE    49

..........................................................


THE MERCED  CA CLIMATE NORMALS FOR TOMORROW
                         NORMAL    RECORD    YEAR
 MAXIMUM TEMPERATURE (F)   53        62      1998
 MINIMUM TEMPERATURE (F)   36        27      2011


SUNRISE AND SUNSET
DECEMBER 16 2017......SUNRISE   710 AM PST   SUNSET   446 PM PST
DECEMBER 17 2017......SUNRISE   711 AM PST   SUNSET   447 PM PST


-  INDICATES NEGATIVE NUMBERS.
R  INDICATES RECORD WAS SET OR TIED.
MM INDICATES DATA IS MISSING.
T  INDICATES TRACE AMOUNT.




$$
