000
CDUS46 KHNX 030822
CLIMCE


CLIMATE REPORT
NATIONAL WEATHER SERVICE SAN JOAQUIN VALLEY, CA
121 AM PDT WED JUN 3 2015


...................................

...THE MERCED  CA CLIMATE SUMMARY FOR JUNE 2 2015...

CLIMATE NORMAL PERIOD 1981 TO 2010
CLIMATE RECORD PERIOD 1998 TO 2015


WEATHER ITEM   OBSERVED TIME   RECORD YEAR NORMAL DEPARTURE
                VALUE   (LST)  VALUE       VALUE  FROM
                                                  NORMAL
...............................................................
TEMPERATURE (F)
 YESTERDAY
  MAXIMUM         84    438 PM  99    2013  86     -2
                                      2003
  MINIMUM         57    521 AM  46    2011  55      2
  AVERAGE         71                        71      0

PRECIPITATION (IN)
  YESTERDAY        0.00          T    1999   0.02  -0.02
                                      1999
                                      2009
  MONTH TO DATE    0.00                      0.04  -0.04
  SINCE OCT 1      7.84                     12.10  -4.26
  SINCE JAN 1      3.09                      8.59  -5.50

SNOWFALL (IN)
  YESTERDAY        0.0
  MONTH TO DATE    0.0
  SINCE JUN 1      0.0
  SINCE JUL 1      0.0
  SNOW DEPTH       0

DEGREE DAYS
 HEATING
  YESTERDAY        0
  MONTH TO DATE    0
  SINCE JUN 1      0
  SINCE JUL 1   1773

 COOLING
  YESTERDAY        6
  MONTH TO DATE   10
  SINCE JUN 1     10
  SINCE JAN 1    132
...............................................................


WIND (MPH)
  HIGHEST WIND SPEED    18   HIGHEST WIND DIRECTION    NW (320)
  HIGHEST GUST SPEED    26   HIGHEST GUST DIRECTION    NW (320)
  AVERAGE WIND SPEED    11.4




RELATIVE HUMIDITY (PERCENT)
 HIGHEST    86
 LOWEST     31
 AVERAGE    59

..........................................................


THE MERCED  CA CLIMATE NORMALS FOR TODAY
                         NORMAL    RECORD    YEAR
 MAXIMUM TEMPERATURE (F)   86       101      2003
 MINIMUM TEMPERATURE (F)   55        47      1999


SUNRISE AND SUNSET
JUNE  3 2015..........SUNRISE   543 AM PDT   SUNSET   818 PM PDT
JUNE  4 2015..........SUNRISE   543 AM PDT   SUNSET   819 PM PDT


-  INDICATES NEGATIVE NUMBERS.
R  INDICATES RECORD WAS SET OR TIED.
MM INDICATES DATA IS MISSING.
T  INDICATES TRACE AMOUNT.




$$
