000
CDUS46 KHNX 250824
CLIMCE


CLIMATE REPORT
NATIONAL WEATHER SERVICE SAN JOAQUIN VALLEY, CA
124 AM PDT WED MAY 25 2016


...................................

...THE MERCED  CA CLIMATE SUMMARY FOR MAY 24 2016...

CLIMATE NORMAL PERIOD 1981 TO 2010
CLIMATE RECORD PERIOD 1998 TO 2016


WEATHER ITEM   OBSERVED TIME   RECORD YEAR NORMAL DEPARTURE
                VALUE   (LST)  VALUE       VALUE  FROM
                                                  NORMAL
...............................................................
TEMPERATURE (F)
 YESTERDAY
  MAXIMUM         77    444 PM  97    2001  84     -7
  MINIMUM         51    516 AM  46    2011  53     -2
  AVERAGE         64                        69     -5

PRECIPITATION (IN)
  YESTERDAY        0.00          T    2008   0.01  -0.01
  MONTH TO DATE    0.11                      0.52  -0.41
  SINCE OCT 1     14.66                     12.00   2.66
  SINCE JAN 1     10.94                      8.49   2.45

SNOWFALL (IN)
  YESTERDAY        0.0
  MONTH TO DATE    0.0
  SINCE MAR 1      0.0
  SINCE JUL 1      0.0
  SNOW DEPTH       0

DEGREE DAYS
 HEATING
  YESTERDAY        1
  MONTH TO DATE   30
  SINCE MAR 1    369
  SINCE JUL 1   2266

 COOLING
  YESTERDAY        0
  MONTH TO DATE   82
  SINCE MAR 1    111
  SINCE JAN 1    111
...............................................................


WIND (MPH)
  HIGHEST WIND SPEED    16   HIGHEST WIND DIRECTION    SW (230)
  HIGHEST GUST SPEED    23   HIGHEST GUST DIRECTION    SW (240)
  AVERAGE WIND SPEED     6.6




RELATIVE HUMIDITY (PERCENT)
 HIGHEST    89
 LOWEST     29
 AVERAGE    59

..........................................................


THE MERCED  CA CLIMATE NORMALS FOR TODAY
                         NORMAL    RECORD    YEAR
 MAXIMUM TEMPERATURE (F)   84        98      2014
 MINIMUM TEMPERATURE (F)   53        46      2010


SUNRISE AND SUNSET
MAY 25 2016...........SUNRISE   546 AM PDT   SUNSET   813 PM PDT
MAY 26 2016...........SUNRISE   546 AM PDT   SUNSET   814 PM PDT


-  INDICATES NEGATIVE NUMBERS.
R  INDICATES RECORD WAS SET OR TIED.
MM INDICATES DATA IS MISSING.
T  INDICATES TRACE AMOUNT.




$$
