000
CDAK49 PAMC 142319
CLIMCG

CLIMATE REPORT
NATIONAL WEATHER SERVICE MCGRATH, AK
319 PM AKDT SUN SEP 14 2014

...................................
...THE MCGRATH AIRPORT CLIMATE SUMMARY FOR SEPTEMBER 14 2014...
VALID TODAY AS OF 2:00 PM LOCAL TIME

CLIMATE NORMAL PERIOD  1981 TO  2010
CLIMATE RECORD PERIOD  1940 TO  2014

WEATHER ITEM   OBSERVED TIME    RECORD YEAR NORMAL DEPARTURE LAST
               VALUE    (LST)   VALUE       VALUE  FROM      YEAR
                                                   NORMAL
...................................................................
TEMPERATURE
TODAY
 MAXIMUM            52  0159 PM    72  2010     55      -3     57
 MINIMUM            38  0742 AM    18  1987     37       1     38
 AVERAGE            45                          46      -1     48

PRECIPITATION
(INCHES)
 TODAY            0.00           1.25  1985   0.08   -0.08      T
 MONTH TO DATE    0.69                        1.21   -0.52   2.95
 SINCE SEP 1      0.69                        1.21   -0.52   2.95
 SINCE JAN 1      9.26                       12.58   -3.32  12.18

SNOWFALL
(INCHES)
 TODAY             0.0              T  1992    0.0     0.0    0.0
 MONTH TO DATE     0.0                         0.2    -0.2    0.0
 SINCE SEP 1       0.0                         0.2    -0.2    0.0
 SINCE JUL 1       0.0                         0.2    -0.2    0.0
 SNOW DEPTH (IN)     0                                          0

DEGREE DAYS
 HEATING
  TODAY             20                          19       1     17
  MONTH TO DATE    234                         233       1    221
  SINCE SEP 1      234                         233       1    221
  SINCE JUL 1      657                         730     -73    639

 COOLING
  TODAY              0                           0       0      0
  MONTH TO DATE      0                           0       0      0
  SINCE SEP 1        0                           0       0      0
  SINCE JAN 1       11                          16      -5     78
...................................................................

WIND (MPH)
 HIGHEST WIND SPEED     7     HIGHEST WIND DIRECTION    280
 HIGHEST GUST SPEED     9     HIGHEST GUST DIRECTION    260
 AVERAGE WIND SPEED    MM

WEATHER CONDITIONS
 THE FOLLOWING WEATHER WAS RECORDED TODAY.
 NO SIGNIFICANT WEATHER WAS OBSERVED.

...................................................................

THE MCGRATH CLIMATE NORMALS FOR TOMORROW
                        NORMAL    RECORD   YEAR
 MAXIMUM TEMPERATURE      54        70     2010
 MINIMUM TEMPERATURE      37        21     1987

SUNRISE AND SUNSET
 SEP 14 2014..........SUNRISE  7:45 AM      SUNSET  8:50 PM
 SEP 15 2014..........SUNRISE  7:48 AM      SUNSET  8:46 PM

-  INDICATES NEGATIVE NUMBERS.
R  INDICATES RECORD HAS BEEN SET OR TIED.
MM INDICATES DATA IS MISSING.
T  INDICATES TRACE OF PRECIPITATION.

&&
-------------------------------------------------------------------

AMOUNT OF DAYLIGHT TODAY  (HOUR:MIN)........13 HOURS 5 MINUTES
LOSS SINCE YESTERDAY (HOUR:MIN:SEC)....-0:06:06

$$
JMC SEP 14
