000
CDAK49 PAMC 051033
CLIMCG

CLIMATE REPORT
NATIONAL WEATHER SERVICE MCGRATH, AK
233 AM AKDT THU MAY 5 2016

...................................
...THE MCGRATH AIRPORT CLIMATE SUMMARY FOR MAY 4 2016...

CLIMATE NORMAL PERIOD  1981 TO  2010
CLIMATE RECORD PERIOD  1940 TO  2016

WEATHER ITEM   OBSERVED TIME    RECORD YEAR NORMAL DEPARTURE LAST
               VALUE    (LST)   VALUE       VALUE  FROM      YEAR
                                                   NORMAL
...................................................................
TEMPERATURE
YESTERDAY
 MAXIMUM            56  0719 PM    74  2004     52       4     64
 MINIMUM            32  0617 AM     4  1945     31       1     33
 AVERAGE            44                          42       2     49

PRECIPITATION
(INCHES)
 YESTERDAY        0.11           0.55  2007   0.03    0.08      T
 MONTH TO DATE    0.23                        0.11    0.12   0.07
 SINCE MAR 1      1.67                        1.66    0.01   0.59
 SINCE JAN 1      1.87                        3.69   -1.82   1.03

SNOWFALL
(INCHES)
 YESTERDAY           T            3.5  1952    0.1    -0.1    0.0
 MONTH TO DATE       T                         0.3    -0.3    0.0
 SINCE MAR 1      14.9                        16.7    -1.8    8.5
 SINCE JUL 1      79.0                        96.7   -17.7   41.6
 SNOW DEPTH (IN)     0                                          0

DEGREE DAYS
 HEATING
  YESTERDAY         21                          23      -2     16
  MONTH TO DATE     76                          96     -20     75
  SINCE MAR 1     2323                        2812    -489   2409
  SINCE JUL 1    11767                       13050   -1283  11494

 COOLING
  YESTERDAY          0                           0       0      0
  MONTH TO DATE      0                           0       0      0
  SINCE MAR 1        0                           0       0      0
  SINCE JAN 1        0                           0       0      0
...................................................................

WIND (MPH)
 HIGHEST WIND SPEED    16     HIGHEST WIND DIRECTION    330
 HIGHEST GUST SPEED    23     HIGHEST GUST DIRECTION    320
 AVERAGE WIND SPEED   0.0

WEATHER CONDITIONS
 THE FOLLOWING WEATHER WAS RECORDED YESTERDAY...FOG...ICE PELLETS...THUNDER...RAIN
...................................................................

THE MCGRATH CLIMATE NORMALS FOR TODAY
                           NORMAL    RECORD   YEAR
 MAXIMUM TEMPERATURE (F)     53        65     1997
 MINIMUM TEMPERATURE (F)     32        -1     1949

SUNRISE AND SUNSET
 MAY 5 2016..........SUNRISE  5:48 AM      SUNSET 10:53 PM
 MAY 6 2016..........SUNRISE  5:45 AM      SUNSET 10:56 PM

-  INDICATES NEGATIVE NUMBERS.
R  INDICATES RECORD HAS BEEN SET OR TIED.
MM INDICATES DATA IS MISSING.
T  INDICATES TRACE OF PRECIPITATION.

&&
-------------------------------------------------------------------

AMOUNT OF DAYLIGHT TODAY  (HOUR:MIN)........17 HOURS 5 MINUTES
GAIN SINCE YESTERDAY (HOUR:MIN:SEC)....+0:06:06

$$
JMM MAY 16
