400
CDAK49 PAFG 200949
CLIMCG

CLIMATE REPORT
NATIONAL WEATHER SERVICE FAIRBANKS AK
1249 AM AKST MON NOV 20 2017


...................................

...THE MCGRATH AK CLIMATE SUMMARY FOR NOVEMBER 19 2017...

CLIMATE NORMAL PERIOD 1981 TO 2010
CLIMATE RECORD PERIOD 1946 TO 2017


WEATHER ITEM   OBSERVED TIME   RECORD YEAR NORMAL DEPARTURE LAST
                VALUE   (LST)  VALUE       VALUE  FROM      YEAR
                                                  NORMAL
..................................................................
TEMPERATURE (F)
 YESTERDAY
  MAXIMUM         12    756 PM  41    1967  11      1        7
  MINIMUM          3    603 PM -39    1982  -4      7       -4
  AVERAGE          8                         4      4        2

PRECIPITATION (IN)
  YESTERDAY        0.44          0.77 1949   0.05   0.39      T
  MONTH TO DATE    1.19                      0.91   0.28     0.15
  SINCE SEP 1      6.37                      4.84   1.53     5.61
  SINCE JAN 1     16.74                     16.21   0.53    18.44

SNOWFALL (IN)
  YESTERDAY        4.9           7.3  2015   0.6    4.3       T
  MONTH TO DATE   16.5                      12.1    4.4      3.3
  SINCE SEP 1     22.8                      23.8   -1.0      4.9
  SINCE JUL 1     22.8                      23.8   -1.0      4.9
  SNOW DEPTH       9

DEGREE DAYS
 HEATING
  YESTERDAY       57                        62     -5       63
  MONTH TO DATE  847                      1085   -238      997
  SINCE SEP 1   2334                      2934   -600     2625
  SINCE JUL 1   2687                      3425   -738     2901

 COOLING
  YESTERDAY        0                         0      0        0
  MONTH TO DATE    0                         0      0        0
  SINCE SEP 1      0                         0      0        0
  SINCE JAN 1     37                        20     17       29
..................................................................


WIND (MPH)
  HIGHEST GUST SPEED    19   HIGHEST GUST DIRECTION     N (20)


SKY COVER
  AVERAGE SKY COVER 0.9


WEATHER CONDITIONS
 THE FOLLOWING WEATHER WAS RECORDED YESTERDAY.
  SNOW
  LIGHT SNOW
  FOG
  HAZE


RELATIVE HUMIDITY (PERCENT)
 HIGHEST    80
 LOWEST     69
 AVERAGE    75

..........................................................


THE MCGRATH AK CLIMATE NORMALS FOR TODAY
                         NORMAL    RECORD    YEAR
 MAXIMUM TEMPERATURE (F)   11        42      1949
 MINIMUM TEMPERATURE (F)   -5       -38      2011
                                             2009


SUNRISE AND SUNSET
NOVEMBER 20 2017......SUNRISE   958 AM AKST  SUNSET   419 PM AKST
NOVEMBER 21 2017......SUNRISE  1001 AM AKST  SUNSET   416 PM AKST

-  INDICATES NEGATIVE NUMBERS.
R  INDICATES RECORD WAS SET OR TIED.
MM INDICATES DATA IS MISSING.
T  INDICATES TRACE AMOUNT.

&&

SNOW DEPTH IS MEASURED AT 3AM AKST/4AM AKDT.

----------------------------
AVAILABLE DAYLIGHT

AMOUNT OF DAYLIGHT TODAY  (HOUR:MIN)........6:21
GAIN/LOSS SINCE YESTERDAY (HOUR:MIN:SEC)....-0:05:19

$$
SDB NOV 17
