000
CDAK49 PAFG 200051
CLIMCG

CLIMATE REPORT
NATIONAL WEATHER SERVICE FAIRBANKS AK
351 PM AKST FRI JAN 19 2018


...................................

...THE MCGRATH AK CLIMATE SUMMARY FOR JANUARY 19 2018...
VALID TODAY AS OF 0300 PM LOCAL TIME.

CLIMATE NORMAL PERIOD 1981 TO 2010
CLIMATE RECORD PERIOD 1946 TO 2018


WEATHER ITEM   OBSERVED TIME   RECORD YEAR NORMAL DEPARTURE LAST
                VALUE   (LST)  VALUE       VALUE  FROM      YEAR
                                                  NORMAL
..................................................................
TEMPERATURE (F)
 TODAY
  MAXIMUM         12    246 AM  43    2008   2     10      -19
  MINIMUM          5    242 PM -57    1989 -16     21      -43
                                      1973
                                      1947
  AVERAGE          9                        -7     16      -31

PRECIPITATION (IN)
  TODAY            T             0.39 1949   0.03  -0.03     0.09
  MONTH TO DATE    0.10                      0.69  -0.59     0.45
  SINCE DEC 1      1.23                      1.98  -0.75     1.42
  SINCE JAN 1      0.10                      0.69  -0.59     0.45

SNOWFALL (IN)
  TODAY            T             4.8  2017   0.5   -0.5      4.8
  MONTH TO DATE    1.4                      10.0   -8.6     11.2
  SINCE DEC 1     10.3                      30.2  -19.9     25.1
  SINCE JUL 1     37.1                      61.2  -24.1     33.4
  SNOW DEPTH      14

DEGREE DAYS
 HEATING
  TODAY           56                        72    -16       96
  MONTH TO DATE 1155                      1367   -212     1415
  SINCE DEC 1   2564                      3481   -917     3437
  SINCE JUL 1   5989                      7604  -1615     7183

 COOLING
  TODAY            0                         0      0        0
  MONTH TO DATE    0                         0      0        0
  SINCE DEC 1      0                         0      0        0
  SINCE JAN 1      0                         0      0        0
..................................................................


WIND (MPH)
  HIGHEST GUST SPEED    20   HIGHEST GUST DIRECTION     N (350)


SKY COVER
  AVERAGE SKY COVER 0.9


WEATHER CONDITIONS
 THE FOLLOWING WEATHER WAS RECORDED TODAY.
  LIGHT SNOW


RELATIVE HUMIDITY (PERCENT)
 HIGHEST    73
 LOWEST     63
 AVERAGE    68

..........................................................


THE MCGRATH AK CLIMATE NORMALS FOR TOMORROW
                         NORMAL    RECORD    YEAR
 MAXIMUM TEMPERATURE (F)    2        46      1961
 MINIMUM TEMPERATURE (F)  -16       -59      1989


SUNRISE AND SUNSET
JANUARY 19 2018.......SUNRISE  1027 AM AKST  SUNSET   441 PM AKST
JANUARY 20 2018.......SUNRISE  1025 AM AKST  SUNSET   444 PM AKST

-  INDICATES NEGATIVE NUMBERS.
R  INDICATES RECORD WAS SET OR TIED.
MM INDICATES DATA IS MISSING.
T  INDICATES TRACE AMOUNT.

&&

SNOW DEPTH IS MEASURED AT 3AM AKST/4AM AKDT.

----------------------------
AVAILABLE DAYLIGHT

AMOUNT OF DAYLIGHT TODAY  (HOUR:MIN)........6:14
GAIN/LOSS SINCE YESTERDAY (HOUR:MIN:SEC)....+0:05:10

$$
JAN 18
