000
CDAK49 PAMC 021111
CLIMCG

CLIMATE REPORT
NATIONAL WEATHER SERVICE MCGRATH, AK
212 AM AKST MON MAR 2 2015

...................................
...THE MCGRATH AIRPORT CLIMATE SUMMARY FOR MARCH 1 2015...

CLIMATE NORMAL PERIOD  1981 TO  2010
CLIMATE RECORD PERIOD  1940 TO  2015

WEATHER ITEM   OBSERVED TIME    RECORD YEAR NORMAL DEPARTURE LAST
               VALUE    (LST)   VALUE       VALUE  FROM      YEAR
                                                   NORMAL
...................................................................
TEMPERATURE
YESTERDAY
 MAXIMUM            28  0439 PM    42  1981     19       9     32
 MINIMUM            -3  0848 AM   -48  1956     -6       3      4
 AVERAGE            13                           6       7     18

PRECIPITATION
(INCHES)
 YESTERDAY        0.00           0.82  1990   0.03   -0.03   0.00
 MONTH TO DATE    0.00                        0.03   -0.03   0.00
 SINCE MAR 1      0.00                        0.03   -0.03   0.00
 SINCE JAN 1      0.44                        2.06   -1.62   1.69

SNOWFALL
(INCHES)
 YESTERDAY         0.0            9.2  1990    0.4    -0.4    0.0
 MONTH TO DATE     0.0                         0.4    -0.4    0.0
 SINCE MAR 1       0.0                         0.4    -0.4    0.0
 SINCE JUL 1      33.1                        80.4   -47.3   46.0
 SNOW DEPTH (IN)    12                                         15

DEGREE DAYS
 HEATING
  YESTERDAY         52                          59      -7     47
  MONTH TO DATE     52                          59      -7     47
  SINCE MAR 1       52                          59      -7     47
  SINCE JUL 1     9118                       10297   -1179   8872

 COOLING
  YESTERDAY          0                           0       0      0
  MONTH TO DATE      0                           0       0      0
  SINCE MAR 1        0                           0       0      0
  SINCE JAN 1        0                           0       0      0
...................................................................

WIND (MPH)
 HIGHEST WIND SPEED     8     HIGHEST WIND DIRECTION    290
 HIGHEST GUST SPEED     9     HIGHEST GUST DIRECTION    280
 AVERAGE WIND SPEED   1.6

WEATHER CONDITIONS
 THE FOLLOWING WEATHER WAS RECORDED YESTERDAY.
 NO SIGNIFICANT WEATHER WAS OBSERVED.
...................................................................

THE MCGRATH CLIMATE NORMALS FOR TODAY
                           NORMAL    RECORD   YEAR
 MAXIMUM TEMPERATURE (F)     20        45     2003
 MINIMUM TEMPERATURE (F)     -6       -51     1956

SUNRISE AND SUNSET
 MAR 2 2015..........SUNRISE  8:24 AM      SUNSET  6:47 PM
 MAR 3 2015..........SUNRISE  8:21 AM      SUNSET  6:50 PM

-  INDICATES NEGATIVE NUMBERS.
R  INDICATES RECORD HAS BEEN SET OR TIED.
MM INDICATES DATA IS MISSING.
T  INDICATES TRACE OF PRECIPITATION.

&&
-------------------------------------------------------------------

AMOUNT OF DAYLIGHT TODAY  (HOUR:MIN)........10 HOURS 23 MINUTES
GAIN SINCE YESTERDAY (HOUR:MIN:SEC)....+0:06:12

$$
ADJ MAR 15
