000
CDAK49 PAMC 240911
CLIMCG

CLIMATE REPORT
NATIONAL WEATHER SERVICE MCGRATH, AK
1211 AM AKST MON NOV 24 2014

...................................
...THE MCGRATH AIRPORT CLIMATE SUMMARY FOR NOVEMBER 23 2014...

CLIMATE NORMAL PERIOD  1981 TO  2010
CLIMATE RECORD PERIOD  1940 TO  2014

WEATHER ITEM   OBSERVED TIME    RECORD YEAR NORMAL DEPARTURE LAST
               VALUE    (LST)   VALUE       VALUE  FROM      YEAR
                                                   NORMAL
...................................................................
TEMPERATURE
YESTERDAY
 MAXIMUM            12  0653 PM    46  2002     10       2     17
 MINIMUM             9  1245 PM   -41  1994     -6      15     -8
 AVERAGE            11                           2       9      5

PRECIPITATION
(INCHES)
 YESTERDAY        0.00           0.62  2010   0.05   -0.05   0.05
 MONTH TO DATE    0.28                        1.11   -0.83   1.41
 SINCE SEP 1      1.40                        5.04   -3.64  10.20
 SINCE JAN 1      9.97                       16.41   -6.44  19.43

SNOWFALL
(INCHES)
 YESTERDAY         0.0            6.6  2003    0.7    -0.7    1.8
 MONTH TO DATE     0.1                        14.9   -14.8   10.4
 SINCE SEP 1       3.8                        26.6   -22.8   11.9
 SINCE JUL 1       3.8                        26.6   -22.8   11.9
 SNOW DEPTH (IN)     T                                          2

DEGREE DAYS
 HEATING
  YESTERDAY         54                          63      -9     60
  MONTH TO DATE   1092                        1335    -243   1097
  SINCE SEP 1     2855                        3186    -331   2579
  SINCE JUL 1     3278                        3683    -405   2998

 COOLING
  YESTERDAY          0                           0       0      0
  MONTH TO DATE      0                           0       0      0
  SINCE SEP 1        0                           0       0      0
  SINCE JAN 1       11                          16      -5     78
...................................................................

WIND (MPH)
 HIGHEST WIND SPEED    13     HIGHEST WIND DIRECTION    100
 HIGHEST GUST SPEED    17     HIGHEST GUST DIRECTION    110
 AVERAGE WIND SPEED   6.8

WEATHER CONDITIONS
 THE FOLLOWING WEATHER WAS RECORDED YESTERDAY.
 NO SIGNIFICANT WEATHER WAS OBSERVED.
...................................................................

THE MCGRATH CLIMATE NORMALS FOR TODAY
                           NORMAL    RECORD   YEAR
 MAXIMUM TEMPERATURE (F)     10        46     1943
 MINIMUM TEMPERATURE (F)     -6       -47     1994

SUNRISE AND SUNSET
 NOV 24 2014..........SUNRISE 10:09 AM      SUNSET  4:10 PM
 NOV 25 2014..........SUNRISE 10:12 AM      SUNSET  4:08 PM

-  INDICATES NEGATIVE NUMBERS.
R  INDICATES RECORD HAS BEEN SET OR TIED.
MM INDICATES DATA IS MISSING.
T  INDICATES TRACE OF PRECIPITATION.

&&
-------------------------------------------------------------------

AMOUNT OF DAYLIGHT TODAY  (HOUR:MIN)........6 HOURS 1 MINUTES
LOSS SINCE YESTERDAY (HOUR:MIN:SEC)....-0:05:01

$$
ADJ NOV 14
