656
CDAK49 PAFG 260943
CLIMCG

CLIMATE REPORT
NATIONAL WEATHER SERVICE FAIRBANKS AK
143 AM AKDT SUN MAR 26 2017


...................................

...THE MCGRATH AK CLIMATE SUMMARY FOR MARCH 25 2017...

CLIMATE NORMAL PERIOD 1981 TO 2010
CLIMATE RECORD PERIOD 1946 TO 2017


WEATHER ITEM   OBSERVED TIME   RECORD YEAR NORMAL DEPARTURE LAST
                VALUE   (LST)  VALUE       VALUE  FROM      YEAR
                                                  NORMAL
..................................................................
TEMPERATURE (F)
 YESTERDAY
  MAXIMUM         24    602 PM  48    1999  28     -4       43
  MINIMUM         -7    739 AM -35    1962   2     -9       27
  AVERAGE          9                        15     -6       35

PRECIPITATION (IN)
  YESTERDAY        0.00          0.25 1991   0.03  -0.03      T
  MONTH TO DATE    T                         0.68  -0.68     0.07
  SINCE MAR 1      T                         0.68  -0.68     0.07
  SINCE JAN 1      1.20                      2.71  -1.51     0.13

SNOWFALL (IN)
  YESTERDAY        0.0           4.4  2005   0.3   -0.3     MM
  MONTH TO DATE    T                         9.7   -9.7      0.0
  SINCE MAR 1      T                         9.7   -9.7      0.0
  SINCE JUL 1     48.7                      89.7  -41.0      0.0
  SNOW DEPTH      13

DEGREE DAYS
 HEATING
  YESTERDAY       56                        50      6       30
  MONTH TO DATE 1617                      1369    248     1269
  SINCE MAR 1   1617                      1369    248     1269
  SINCE JUL 1  11375                     11601   -226     2237

 COOLING
  YESTERDAY        0                         0      0        0
  MONTH TO DATE    0                         0      0        0
  SINCE MAR 1      0                         0      0        0
  SINCE JAN 1      0                         0      0        0
..................................................................


WIND (MPH)
  HIGHEST GUST SPEED    22   HIGHEST GUST DIRECTION    NE (30)


SKY COVER
  AVERAGE SKY COVER 0.0


WEATHER CONDITIONS
 THE FOLLOWING WEATHER WAS RECORDED YESTERDAY.
  NO SIGNIFICANT WEATHER WAS OBSERVED.


RELATIVE HUMIDITY (PERCENT)
 HIGHEST    78
 LOWEST     34
 AVERAGE    56

..........................................................


THE MCGRATH AK CLIMATE NORMALS FOR TODAY
                         NORMAL    RECORD    YEAR
 MAXIMUM TEMPERATURE (F)   29        47      2015
 MINIMUM TEMPERATURE (F)    3       -30      2013


SUNRISE AND SUNSET
MARCH 26 2017.........SUNRISE   802 AM AKDT  SUNSET   857 PM AKDT
MARCH 27 2017.........SUNRISE   758 AM AKDT  SUNSET   859 PM AKDT

-  INDICATES NEGATIVE NUMBERS.
R  INDICATES RECORD WAS SET OR TIED.
MM INDICATES DATA IS MISSING.
T  INDICATES TRACE AMOUNT.

&&

SNOW DEPTH IS MEASURED AT 3AM AKST/4AM AKDT.

----------------------------
AVAILABLE DAYLIGHT

AMOUNT OF DAYLIGHT TODAY  (HOUR:MIN)........12:55
GAIN/LOSS SINCE YESTERDAY (HOUR:MIN:SEC)....+0:06:11

$$
MAR 17
