000
CDAK49 PAFG 060940
CLIMCG

CLIMATE REPORT
NATIONAL WEATHER SERVICE FAIRBANKS AK
1240 AM AKST TUE DEC 6 2016


...................................

...THE MCGRATH AK CLIMATE SUMMARY FOR DECEMBER 5 2016...

CLIMATE NORMAL PERIOD 1981 TO 2010
CLIMATE RECORD PERIOD 1946 TO 2016


WEATHER ITEM   OBSERVED TIME   RECORD YEAR NORMAL DEPARTURE LAST
                VALUE   (LST)  VALUE       VALUE  FROM      YEAR
                                                  NORMAL
..................................................................
TEMPERATURE (F)
 YESTERDAY
  MAXIMUM        -23   1230 AM  37    2009   8    -31       MM
  MINIMUM        -31   1137 AM -54    1975  -9    -22       MM
  AVERAGE        -27                        -1    -26       MM

PRECIPITATION (IN)
  YESTERDAY        0.00          0.24 1947   0.04  -0.04    MM
  MONTH TO DATE    T                         0.20  -0.20    MM
  SINCE DEC 1      T                         0.20  -0.20    MM
  SINCE JAN 1     18.53                     16.91   1.62    MM

SNOWFALL (IN)
  YESTERDAY        0.0           6.0  2005   0.6   -0.6     MM
  MONTH TO DATE    0.1                       3.1   -3.0     MM
  SINCE DEC 1      0.1                       3.1   -3.0     MM
  SINCE JUL 1      8.4                      34.1  -25.7     MM
  SNOW DEPTH       5

DEGREE DAYS
 HEATING
  YESTERDAY       92                        66     26       MM
  MONTH TO DATE  428                       327    101       MM
  SINCE DEC 1    428                       327    101       MM
  SINCE JUL 1   4174                      4450   -276       MM

 COOLING
  YESTERDAY        0                         0      0       MM
  MONTH TO DATE    0                         0      0       MM
  SINCE DEC 1      0                         0      0       MM
  SINCE JAN 1     29                        20      9       MM
..................................................................


WIND (MPH)
  HIGHEST GUST SPEED     5   HIGHEST GUST DIRECTION    NW (320)


SKY COVER
  AVERAGE SKY COVER 0.0


WEATHER CONDITIONS
 THE FOLLOWING WEATHER WAS RECORDED YESTERDAY.
  NO SIGNIFICANT WEATHER WAS OBSERVED.


RELATIVE HUMIDITY (PERCENT)
 HIGHEST    75
 LOWEST     66
 AVERAGE    71

..........................................................


THE MCGRATH AK CLIMATE NORMALS FOR TODAY
                         NORMAL    RECORD    YEAR
 MAXIMUM TEMPERATURE (F)    7        37      2002
 MINIMUM TEMPERATURE (F)  -10       -54      1975


SUNRISE AND SUNSET
DECEMBER 06 2016......SUNRISE  1040 AM AKST  SUNSET   349 PM AKST
DECEMBER 07 2016......SUNRISE  1042 AM AKST  SUNSET   347 PM AKST

-  INDICATES NEGATIVE NUMBERS.
R  INDICATES RECORD WAS SET OR TIED.
MM INDICATES DATA IS MISSING.
T  INDICATES TRACE AMOUNT.

&&

SNOW DEPTH IS MEASURED AT 3AM AKST/4AM AKDT.

----------------------------
AVAILABLE DAYLIGHT

AMOUNT OF DAYLIGHT TODAY  (HOUR:MIN)........5:09
GAIN/LOSS SINCE YESTERDAY (HOUR:MIN:SEC)....-0:03:21

$$
SDB DEC 16
