113
CDAK49 PAMC 291119
CLIMCG

CLIMATE REPORT
NATIONAL WEATHER SERVICE MCGRATH, AK
319 AM AKDT FRI JUL 29 2016

...................................
...THE MCGRATH AIRPORT CLIMATE SUMMARY FOR JULY 28 2016...

CLIMATE NORMAL PERIOD  1981 TO  2010
CLIMATE RECORD PERIOD  1940 TO  2016

WEATHER ITEM   OBSERVED TIME    RECORD YEAR NORMAL DEPARTURE LAST
               VALUE    (LST)   VALUE       VALUE  FROM      YEAR
                                                   NORMAL
...................................................................
TEMPERATURE
YESTERDAY
 MAXIMUM            69  1101 AM    85  2013     67       2     70
 MINIMUM            49  0522 AM    37  1941     50      -1     49
 AVERAGE            59                          58       1     60

PRECIPITATION
(INCHES)
 YESTERDAY        0.23           0.70  2015   0.08    0.15   0.70
 MONTH TO DATE    3.36                        2.11    1.25   3.82
 SINCE JUN 1      5.77                        3.63    2.14   4.90
 SINCE JAN 1      8.58                        8.30    0.28   6.24

SNOWFALL
(INCHES)
 YESTERDAY         0.0            0.0  2016    0.0     0.0    0.0
 MONTH TO DATE     0.0                         0.0     0.0    0.0
 SINCE JUN 1       0.0                         0.0     0.0    0.0
 SINCE JUL 1       0.0                         0.0     0.0    0.0
 SNOW DEPTH (IN)     0                                          0

DEGREE DAYS
 HEATING
  YESTERDAY          6                           7      -1      5
  MONTH TO DATE    113                         151     -38     MM
  SINCE JUN 1      303                         385     -82    954
  SINCE JUL 1      113                         151     -38     MM

 COOLING
  YESTERDAY          0                           0       0      0
  MONTH TO DATE     22                          11      11     MM
  SINCE JUN 1       28                          16      12     26
  SINCE JAN 1       28                          16      12     MM
...................................................................

WIND (MPH)
 HIGHEST WIND SPEED    17     HIGHEST WIND DIRECTION    260
 HIGHEST GUST SPEED    24     HIGHEST GUST DIRECTION    300
 AVERAGE WIND SPEED   5.1

WEATHER CONDITIONS
 THE FOLLOWING WEATHER WAS RECORDED YESTERDAY.
 RAIN

...................................................................

THE MCGRATH CLIMATE NORMALS FOR TODAY
                           NORMAL    RECORD   YEAR
 MAXIMUM TEMPERATURE (F)     67        82     1953
 MINIMUM TEMPERATURE (F)     50        36     1971

SUNRISE AND SUNSET
 JUL 29 2016..........SUNRISE  5:34 AM      SUNSET 11:22 PM
 JUL 30 2016..........SUNRISE  5:37 AM      SUNSET 11:19 PM

-  INDICATES NEGATIVE NUMBERS.
R  INDICATES RECORD HAS BEEN SET OR TIED.
MM INDICATES DATA IS MISSING.
T  INDICATES TRACE OF PRECIPITATION.

&&
-------------------------------------------------------------------

AMOUNT OF DAYLIGHT TODAY  (HOUR:MIN)........17 HOURS 48 MINUTES
LOSS SINCE YESTERDAY (HOUR:MIN:SEC)....-0:05:50

$$
SBY JUL 16
