188
CDAK49 PAFG 241005
CLIMCG

CLIMATE REPORT
NATIONAL WEATHER SERVICE FAIRBANKS AK
105 AM AKST FRI FEB 24 2017


...................................

...THE MCGRATH AK CLIMATE SUMMARY FOR FEBRUARY 23 2017...

CLIMATE NORMAL PERIOD 1981 TO 2010
CLIMATE RECORD PERIOD 1946 TO 2017


WEATHER ITEM   OBSERVED TIME   RECORD YEAR NORMAL DEPARTURE LAST
                VALUE   (LST)  VALUE       VALUE  FROM      YEAR
                                                  NORMAL
..................................................................
TEMPERATURE (F)
 YESTERDAY
  MAXIMUM         42    617 PM  44    1978  17     25       31
  MINIMUM          9   1206 AM -48    1985  -7     16        8
  AVERAGE         26                         5     21       20

PRECIPITATION (IN)
  YESTERDAY        0.06          0.50 1943   0.03   0.03     0.00
  MONTH TO DATE    0.55                      0.78  -0.23     0.06
  SINCE DEC 1      2.06                      3.16  -1.10     0.06
  SINCE JAN 1      1.09                      1.87  -0.78     0.06

SNOWFALL (IN)
  YESTERDAY        0.1           5.7  1941   0.5   -0.4      0.0
  MONTH TO DATE   10.0                      10.8   -0.8      0.0
  SINCE DEC 1     38.6                      46.7   -8.1      0.0
  SINCE JUL 1     46.9                      77.7  -30.8      0.0
  SNOW DEPTH      20

DEGREE DAYS
 HEATING
  YESTERDAY       39                        60    -21       45
  MONTH TO DATE 1573                      1481     92      745
  SINCE DEC 1   5813                      5811      2      745
  SINCE JUL 1   9559                      9934   -375      745

 COOLING
  YESTERDAY        0                         0      0        0
  MONTH TO DATE    0                         0      0        0
  SINCE DEC 1      0                         0      0        0
  SINCE JAN 1      0                         0      0        0
..................................................................


WIND (MPH)
  HIGHEST GUST SPEED    43   HIGHEST GUST DIRECTION     S (200)


SKY COVER
  AVERAGE SKY COVER 0.9


WEATHER CONDITIONS
 THE FOLLOWING WEATHER WAS RECORDED YESTERDAY.
  LIGHT RAIN
  LIGHT SNOW
  HAZE


RELATIVE HUMIDITY (PERCENT)
 HIGHEST    84
 LOWEST     65
 AVERAGE    75

..........................................................


THE MCGRATH AK CLIMATE NORMALS FOR TODAY
                         NORMAL    RECORD    YEAR
 MAXIMUM TEMPERATURE (F)   17        55      1943
 MINIMUM TEMPERATURE (F)   -7       -51      1971


SUNRISE AND SUNSET
FEBRUARY 24 2017......SUNRISE   842 AM AKST  SUNSET   631 PM AKST
FEBRUARY 25 2017......SUNRISE   839 AM AKST  SUNSET   634 PM AKST

-  INDICATES NEGATIVE NUMBERS.
R  INDICATES RECORD WAS SET OR TIED.
MM INDICATES DATA IS MISSING.
T  INDICATES TRACE AMOUNT.

&&

SNOW DEPTH IS MEASURED AT 3AM AKST/4AM AKDT.

----------------------------
AVAILABLE DAYLIGHT

AMOUNT OF DAYLIGHT TODAY  (HOUR:MIN)........9:49
GAIN/LOSS SINCE YESTERDAY (HOUR:MIN:SEC)....+0:06:12

$$
CCC FEB 17
