000
CDAK49 PAFG 230943
CLIMCG

CLIMATE REPORT
NATIONAL WEATHER SERVICE FAIRBANKS AK
143 AM AKDT SUN APR 23 2017


...................................

...THE MCGRATH AK CLIMATE SUMMARY FOR APRIL 22 2017...

CLIMATE NORMAL PERIOD 1981 TO 2010
CLIMATE RECORD PERIOD 1946 TO 2017


WEATHER ITEM   OBSERVED TIME   RECORD YEAR NORMAL DEPARTURE LAST
                VALUE   (LST)  VALUE       VALUE  FROM      YEAR
                                                  NORMAL
..................................................................
TEMPERATURE (F)
 YESTERDAY
  MAXIMUM         54    428 PM  60    2007  45      9       57
  MINIMUM         24    623 AM  -6    1972  24      0       30
  AVERAGE         39                        35      4       44

PRECIPITATION (IN)
  YESTERDAY        0.00          1.03 1960   0.03  -0.03     0.00
  MONTH TO DATE    0.11                      0.53  -0.42     0.37
  SINCE MAR 1      0.11                      1.34  -1.23     1.38
  SINCE JAN 1      1.31                      3.37  -2.06     1.44

SNOWFALL (IN)
  YESTERDAY        0.0           8.5  1960   0.1   -0.1      0.0
  MONTH TO DATE    2.6                       4.2   -1.6      0.0
  SINCE MAR 1      2.6                      15.5  -12.9      0.0
  SINCE JUL 1     51.3                      95.5  -44.2      0.0
  SNOW DEPTH       0

DEGREE DAYS
 HEATING
  YESTERDAY       26                        31     -5       21
  MONTH TO DATE  673                       839   -166      625
  SINCE MAR 1   2596                      2494    102     2098
  SINCE JUL 1  12354                     12726   -372     3066

 COOLING
  YESTERDAY        0                         0      0        0
  MONTH TO DATE    0                         0      0        0
  SINCE MAR 1      0                         0      0        0
  SINCE JAN 1      0                         0      0        0
..................................................................


WIND (MPH)
  HIGHEST GUST SPEED    19   HIGHEST GUST DIRECTION     E (110)


SKY COVER
  AVERAGE SKY COVER 0.0


WEATHER CONDITIONS
 THE FOLLOWING WEATHER WAS RECORDED YESTERDAY.
  NO SIGNIFICANT WEATHER WAS OBSERVED.


RELATIVE HUMIDITY (PERCENT)
 HIGHEST    75
 LOWEST     24
 AVERAGE    50

..........................................................


THE MCGRATH AK CLIMATE NORMALS FOR TODAY
                         NORMAL    RECORD    YEAR
 MAXIMUM TEMPERATURE (F)   46        62      2007
 MINIMUM TEMPERATURE (F)   25        -9      1948


SUNRISE AND SUNSET
APRIL 23 2017.........SUNRISE   628 AM AKDT  SUNSET  1017 PM AKDT
APRIL 24 2017.........SUNRISE   624 AM AKDT  SUNSET  1020 PM AKDT

-  INDICATES NEGATIVE NUMBERS.
R  INDICATES RECORD WAS SET OR TIED.
MM INDICATES DATA IS MISSING.
T  INDICATES TRACE AMOUNT.

&&

SNOW DEPTH IS MEASURED AT 3AM AKST/4AM AKDT.

----------------------------
AVAILABLE DAYLIGHT

AMOUNT OF DAYLIGHT TODAY  (HOUR:MIN)........15:49
GAIN/LOSS SINCE YESTERDAY (HOUR:MIN:SEC)....+0:06:13

$$
APR 17
