000
CDAK49 PAMC 290905
CLIMCG

CLIMATE REPORT
NATIONAL WEATHER SERVICE MCGRATH, AK
105 AM AKDT SUN MAY 29 2016

...................................
...THE MCGRATH AIRPORT CLIMATE SUMMARY FOR MAY 28 2016...

CLIMATE NORMAL PERIOD  1981 TO  2010
CLIMATE RECORD PERIOD  1940 TO  2016

WEATHER ITEM   OBSERVED TIME    RECORD YEAR NORMAL DEPARTURE LAST
               VALUE    (LST)   VALUE       VALUE  FROM      YEAR
                                                   NORMAL
...................................................................
TEMPERATURE
YESTERDAY
 MAXIMUM            76  0630 PM    83  2013     62      14     63
 MINIMUM            45  0522 AM    31  1987     40       5     47
 AVERAGE            61                          51      10     55

PRECIPITATION
(INCHES)
 YESTERDAY        0.00           0.31  1980   0.04   -0.04   0.01
 MONTH TO DATE    1.11                        0.96    0.15   0.38
 SINCE MAR 1      2.55                        2.51    0.04   0.90
 SINCE JAN 1      2.75                        4.54   -1.79   1.34

SNOWFALL
(INCHES)
 YESTERDAY         0.0              T  1984    0.0     0.0    0.0
 MONTH TO DATE       T                         0.9    -0.9    0.0
 SINCE MAR 1      14.9                        17.3    -2.4    8.5
 SINCE JUL 1      79.0                        97.3   -18.3   41.6
 SNOW DEPTH (IN)     0                                          0

DEGREE DAYS
 HEATING
  YESTERDAY          4                          14     -10     10
  MONTH TO DATE    427                         528    -101    377
  SINCE MAR 1     2674                        3244    -570   2711
  SINCE JUL 1    12118                       13482   -1364  11796

 COOLING
  YESTERDAY          0                           0       0      0
  MONTH TO DATE      0                           0       0      0
  SINCE MAR 1        0                           0       0      0
  SINCE JAN 1        0                           0       0      0
...................................................................

WIND (MPH)
 HIGHEST WIND SPEED    16     HIGHEST WIND DIRECTION    110
 HIGHEST GUST SPEED    22     HIGHEST GUST DIRECTION    120
 AVERAGE WIND SPEED    MM

WEATHER CONDITIONS
 THE FOLLOWING WEATHER WAS RECORDED YESTERDAY.
 NO SIGNIFICANT WEATHER WAS OBSERVED.
...................................................................

THE MCGRATH CLIMATE NORMALS FOR TODAY
                           NORMAL    RECORD   YEAR
 MAXIMUM TEMPERATURE (F)     63        86     2013
 MINIMUM TEMPERATURE (F)     41        31     1987

SUNRISE AND SUNSET
 MAY 29 2016..........SUNRISE  4:42 AM      SUNSET 12:01 AM
 MAY 30 2016..........SUNRISE  4:40 AM      SUNSET 12:04 AM

-  INDICATES NEGATIVE NUMBERS.
R  INDICATES RECORD HAS BEEN SET OR TIED.
MM INDICATES DATA IS MISSING.
T  INDICATES TRACE OF PRECIPITATION.

&&
-------------------------------------------------------------------

AMOUNT OF DAYLIGHT TODAY  (HOUR:MIN)........19 HOURS 19 MINUTES
GAIN SINCE YESTERDAY (HOUR:MIN:SEC)....+0:04:07

$$
SBY MAY 16
