000
CDUS43 KEAX 210638
CLIMCI

CLIMATE REPORT
NATIONAL WEATHER SERVICE KANSAS CITY/PLEASANT HILL MO
1235 AM CST SUN DEC 21 2014


...................................

...THE KANSAS CITY INTERNATIONAL MO CLIMATE SUMMARY FOR DECEMBER 20 2014...

CLIMATE NORMAL PERIOD 1981 TO 2010
CLIMATE RECORD PERIOD 1888 TO 2014


WEATHER ITEM   OBSERVED TIME   RECORD YEAR NORMAL DEPARTURE LAST
                VALUE   (LST)  VALUE       VALUE  FROM      YEAR
                                                  NORMAL
..................................................................
TEMPERATURE (F)
 YESTERDAY
  MAXIMUM         45    446 PM  67    1941  39      6       39
  MINIMUM         32    548 AM -17    1983  21     11       20
  AVERAGE         39                        30      9       30

PRECIPITATION (IN)
  YESTERDAY        T             1.10 2006   0.05  -0.05     0.01
  MONTH TO DATE    1.59                      1.09   0.50     0.33
  SINCE DEC 1      1.59                      1.09   0.50     0.33
  SINCE JAN 1     39.80                     38.42   1.38    34.01

SNOWFALL (IN)
  YESTERDAY        0.0           5.8  1895   0.2   -0.2      0.0
  MONTH TO DATE    2.6                       3.0   -0.4      2.0
  SINCE DEC 1      2.6                       3.0   -0.4      2.0
  SINCE JUL 1      3.1                       4.4   -1.3      2.0
  SNOW DEPTH       1

DEGREE DAYS
 HEATING
  YESTERDAY       26                        35     -9       35
  MONTH TO DATE  581                       648    -67      707
  SINCE DEC 1    581                       648    -67      707
  SINCE JUL 1   1702                      1650     52     1772

 COOLING
  YESTERDAY        0                         0      0        0
  MONTH TO DATE    0                         0      0        0
  SINCE DEC 1      0                         0      0        0
  SINCE JAN 1   1263                      1360    -97     1345
..................................................................


WIND (MPH)
  HIGHEST WIND SPEED    17   HIGHEST WIND DIRECTION     S (180)
  HIGHEST GUST SPEED    20   HIGHEST GUST DIRECTION     S (180)
  AVERAGE WIND SPEED     9.7


SKY COVER
  POSSIBLE SUNSHINE  MM
  AVERAGE SKY COVER 0.8


WEATHER CONDITIONS
 THE FOLLOWING WEATHER WAS RECORDED YESTERDAY.
  LT FREEZING RAIN
  FOG
  HAZE


RELATIVE HUMIDITY (PERCENT)
 HIGHEST    92           300 AM
 LOWEST     76           200 PM
 AVERAGE    84

..........................................................


THE KANSAS CITY INTERNATIONAL MO CLIMATE NORMALS FOR TODAY
                         NORMAL    RECORD    YEAR
 MAXIMUM TEMPERATURE (F)   39        63      1893
 MINIMUM TEMPERATURE (F)   21       -18      1989


SUNRISE AND SUNSET
DECEMBER 21 2014......SUNRISE   735 AM CST   SUNSET   459 PM CST
DECEMBER 22 2014......SUNRISE   736 AM CST   SUNSET   459 PM CST


-  INDICATES NEGATIVE NUMBERS.
R  INDICATES RECORD WAS SET OR TIED.
MM INDICATES DATA IS MISSING.
T  INDICATES TRACE AMOUNT.



&&

...MISCELLANEOUS CLIMATE DATA FROM YESTERDAY...

LOCATION                HIGH    LOW      PRECIP
ST. JOSEPH               43      31       0.00
DOWNTOWN KANSAS CITY     47      34       0.00
OLATHE NEW CENTURY       46      32       T
OLATHE JO CO EXEC        45      33       0.00
LEES SUMMIT              43      33       0.00
KIRKSVILLE               39      31       T
CHILLICOTHE              40      33       0.00
SEDALIA                  41      37       0.00
NWS PLEASANT HILL MO     40      32       T


THIS PRODUCT...ALONG WITH OTHER WEATHER...HYDROLOGICAL AND CLIMATE
INFORMATION...IS AVAILABLE ON THE WEB AT HTTP://WWW.CRH.NOAA.GOV/EAX
OR AT HTTP://WEATHER.GOV

$$
